216.73.216.123 - - [26/Dec/2025:17:16:21 +0330] "GET /?fileloc=%2Fhome%2Fiymdjwzl%2Fpublic_html%2Fwp-admin%2Fnetwork%2Fmenu.php&path=%2Fhome%2Fiymdjwzl%2Fpublic_html%2Fwp-admin%2Fnetwork HTTP/2" 200 3803 "-" "Mozilla/5.0 AppleWebKit/537.36 (KHTML, like Gecko; compatible; ClaudeBot/1.0; +claudebot@anthropic.com)"
216.73.216.123 - - [26/Dec/2025:17:16:21 +0330] "GET /?fileloc=%2F%2Flib64%2Flibdav1d.so.3.1.0&path=%2F%2Flib64 HTTP/2" 200 2591 "-" "Mozilla/5.0 AppleWebKit/537.36 (KHTML, like Gecko; compatible; ClaudeBot/1.0; +claudebot@anthropic.com)"
216.73.216.123 - - [26/Dec/2025:17:16:21 +0330] "GET /?fileloc=%2Fhome%2Fiymdjwzl%2Fpublic_html%2Fwp-admin%2Fincludes%2Fscreen.php&path=%2Fhome%2Fiymdjwzl%2Fpublic_html%2Fwp-admin%2Fincludes HTTP/2" 200 4368 "-" "Mozilla/5.0 AppleWebKit/537.36 (KHTML, like Gecko; compatible; ClaudeBot/1.0; +claudebot@anthropic.com)"
216.73.216.123 - - [26/Dec/2025:17:16:21 +0330] "GET /?fileloc=%2Fhome%2Fiymdjwzl%2Fpublic_html%2Fwp-admin%2Fincludes%2Fupdate.php&path=%2Fhome%2Fiymdjwzl%2Fpublic_html%2Fwp-admin%2Fincludes HTTP/2" 200 10644 "-" "Mozilla/5.0 AppleWebKit/537.36 (KHTML, like Gecko; compatible; ClaudeBot/1.0; +claudebot@anthropic.com)"
216.73.216.123 - - [26/Dec/2025:17:16:22 +0330] "GET /?fileloc=%2Fhome%2Fiymdjwzl%2Fpublic_html%2Fwp-admin%2Fincludes%2Fimage-edit.php&path=%2Fhome%2Fiymdjwzl%2Fpublic_html%2Fwp-admin%2Fincludes HTTP/2" 200 12270 "-" "Mozilla/5.0 AppleWebKit/537.36 (KHTML, like Gecko; compatible; ClaudeBot/1.0; +claudebot@anthropic.com)"
216.73.216.123 - - [26/Dec/2025:17:16:22 +0330] "GET /?fileloc=%2Fhome%2Fiymdjwzl%2Fpublic_html%2Fwp-includes%2Fcustomize%2Fclass-wp-customize-new-menu-section.php&path=%2Fhome%2Fiymdjwzl%2Fpublic_html%2Fwp-includes%2Fcustomize HTTP/2" 200 3337 "-" "Mozilla/5.0 AppleWebKit/537.36 (KHTML, like Gecko; compatible; ClaudeBot/1.0; +claudebot@anthropic.com)"
216.73.216.123 - - [26/Dec/2025:17:16:22 +0330] "GET /?fileloc=%2F%2Flib64%2FlibodbcmyS.so.2.0.0&path=%2F%2Flib64 HTTP/2" 200 2593 "-" "Mozilla/5.0 AppleWebKit/537.36 (KHTML, like Gecko; compatible; ClaudeBot/1.0; +claudebot@anthropic.com)"
216.73.216.123 - - [26/Dec/2025:17:16:22 +0330] "GET /?fileloc=%2F%2Flib64%2Flibini_config.so.5&path=%2F%2Flib64 HTTP/2" 200 2591 "-" "Mozilla/5.0 AppleWebKit/537.36 (KHTML, like Gecko; compatible; ClaudeBot/1.0; +claudebot@anthropic.com)"
216.73.216.123 - - [26/Dec/2025:17:16:22 +0330] "GET /?fileloc=%2F%2Flib64%2Flibxdot.so.4&path=%2F%2Flib64 HTTP/2" 200 2587 "-" "Mozilla/5.0 AppleWebKit/537.36 (KHTML, like Gecko; compatible; ClaudeBot/1.0; +claudebot@anthropic.com)"
216.73.216.123 - - [26/Dec/2025:17:16:22 +0330] "GET /?fileloc=%2F%2Flib64%2Flibdbus-1.so.3.19.7&path=%2F%2Flib64 HTTP/2" 200 2593 "-" "Mozilla/5.0 AppleWebKit/537.36 (KHTML, like Gecko; compatible; ClaudeBot/1.0; +claudebot@anthropic.com)"
216.73.216.123 - - [26/Dec/2025:17:16:22 +0330] "GET /?fileloc=%2F%2Flib64%2Flibgdbm.so.6.0.0&path=%2F%2Flib64 HTTP/2" 200 2590 "-" "Mozilla/5.0 AppleWebKit/537.36 (KHTML, like Gecko; compatible; ClaudeBot/1.0; +claudebot@anthropic.com)"
216.73.216.123 - - [26/Dec/2025:17:16:23 +0330] "GET /?fileloc=%2F%2Flib64%2Flibvpx.so.5.0&path=%2F%2Flib64 HTTP/2" 200 2588 "-" "Mozilla/5.0 AppleWebKit/537.36 (KHTML, like Gecko; compatible; ClaudeBot/1.0; +claudebot@anthropic.com)"
216.73.216.123 - - [26/Dec/2025:17:16:23 +0330] "GET /?fileloc=%2F%2Flib64%2FlibX11.so.6.3.0&path=%2F%2Flib64 HTTP/2" 200 2590 "-" "Mozilla/5.0 AppleWebKit/537.36 (KHTML, like Gecko; compatible; ClaudeBot/1.0; +claudebot@anthropic.com)"
216.73.216.123 - - [26/Dec/2025:17:11:42 +0330] "GET /?fileloc=%2F%2Flib64%2FlibXrender.so.1.3.0&path=%2F%2Flib64 HTTP/2" 200 2592 "-" "Mozilla/5.0 AppleWebKit/537.36 (KHTML, like Gecko; compatible; ClaudeBot/1.0; +claudebot@anthropic.com)"
216.73.216.123 - - [26/Dec/2025:17:11:41 +0330] "GET /?path=%2Fhome%2Fiymdjwzl%2Fpublic_html%2Fwp-includes%2Fcertificates HTTP/2" 200 3040 "-" "Mozilla/5.0 AppleWebKit/537.36 (KHTML, like Gecko; compatible; ClaudeBot/1.0; +claudebot@anthropic.com)"
216.73.216.123 - - [26/Dec/2025:17:11:41 +0330] "GET /?fileloc=%2F%2Flib64%2Flibmcrypt.so.4.4.8&path=%2F%2Flib64 HTTP/2" 200 2591 "-" "Mozilla/5.0 AppleWebKit/537.36 (KHTML, like Gecko; compatible; ClaudeBot/1.0; +claudebot@anthropic.com)"
216.73.216.123 - - [26/Dec/2025:17:11:42 +0330] "GET /?path=%2Fhome%2Fiymdjwzl%2Fpublic_html%2Fwp-includes%2Fblocks%2Fcomments-pagination-previous HTTP/2" 200 2998 "-" "Mozilla/5.0 AppleWebKit/537.36 (KHTML, like Gecko; compatible; ClaudeBot/1.0; +claudebot@anthropic.com)"
216.73.216.123 - - [26/Dec/2025:17:11:42 +0330] "GET /?fileloc=%2F%2Fetc%2Fmime.types&path=%2F%2Fetc HTTP/2" 200 19095 "-" "Mozilla/5.0 AppleWebKit/537.36 (KHTML, like Gecko; compatible; ClaudeBot/1.0; +claudebot@anthropic.com)"
216.73.216.123 - - [26/Dec/2025:17:11:42 +0330] "GET /?fileloc=%2Fhome%2Fiymdjwzl%2Fpublic_html%2Fwp-includes%2Fcss%2Fwp-pointer.css&path=%2Fhome%2Fiymdjwzl%2Fpublic_html%2Fwp-includes%2Fcss HTTP/2" 200 3604 "-" "Mozilla/5.0 AppleWebKit/537.36 (KHTML, like Gecko; compatible; ClaudeBot/1.0; +claudebot@anthropic.com)"
216.73.216.123 - - [26/Dec/2025:17:11:42 +0330] "GET /?fileloc=%2F%2Flib64%2Flibpthread-2.28.so&path=%2F%2Flib64 HTTP/2" 200 2592 "-" "Mozilla/5.0 AppleWebKit/537.36 (KHTML, like Gecko; compatible; ClaudeBot/1.0; +claudebot@anthropic.com)"
216.73.216.123 - - [26/Dec/2025:17:11:42 +0330] "GET /?fileloc=%2F%2Flib64%2Flibsecureio.so&path=%2F%2Flib64 HTTP/2" 200 2587 "-" "Mozilla/5.0 AppleWebKit/537.36 (KHTML, like Gecko; compatible; ClaudeBot/1.0; +claudebot@anthropic.com)"
216.73.216.123 - - [26/Dec/2025:17:11:42 +0330] "GET /?path=%2Fhome%2Fiymdjwzl%2Fpublic_html%2Fwp-includes%2Fblocks%2Fread-more HTTP/2" 200 3143 "-" "Mozilla/5.0 AppleWebKit/537.36 (KHTML, like Gecko; compatible; ClaudeBot/1.0; +claudebot@anthropic.com)"
216.73.216.123 - - [26/Dec/2025:17:11:43 +0330] "GET /?fileloc=%2F%2Flib64%2Flibquadmath.so.0&path=%2F%2Flib64 HTTP/2" 200 2590 "-" "Mozilla/5.0 AppleWebKit/537.36 (KHTML, like Gecko; compatible; ClaudeBot/1.0; +claudebot@anthropic.com)"
216.73.216.123 - - [26/Dec/2025:17:11:43 +0330] "GET /?fileloc=%2F%2Flib64%2F.libnettle.so.6.hmac&path=%2F%2Flib64 HTTP/2" 200 2646 "-" "Mozilla/5.0 AppleWebKit/537.36 (KHTML, like Gecko; compatible; ClaudeBot/1.0; +claudebot@anthropic.com)"
216.73.216.123 - - [26/Dec/2025:17:11:43 +0330] "GET /?fileloc=%2F%2Fbin%2Flogname&path=%2F%2Fbin HTTP/2" 200 2581 "-" "Mozilla/5.0 AppleWebKit/537.36 (KHTML, like Gecko; compatible; ClaudeBot/1.0; +claudebot@anthropic.com)"
193.24.211.70 - - [26/Dec/2025:17:12:45 +0330] "POST /wp-content/plugins/slider_1766682645/page_template_1766682646.php HTTP/2" 200 98 "-" "Mozilla/5.0 (Macintosh; Intel Mac OS X 10_15_7) AppleWebKit/537.36 (KHTML, like Gecko) Chrome/120.0.0.0 Safari/537.36"
136.243.228.195 - - [26/Dec/2025:17:13:26 +0330] "GET /product/V269?o=search&l=33498 HTTP/1.1" 200 4273 "-" "Mozilla/5.0 (compatible; DataForSeoBot/1.0; +https://dataforseo.com/dataforseo-bot)"
136.243.228.195 - - [26/Dec/2025:17:14:05 +0330] "GET /items/004020052.htm HTTP/1.1" 200 4273 "-" "Mozilla/5.0 (compatible; DataForSeoBot/1.0; +https://dataforseo.com/dataforseo-bot)"
136.243.228.195 - - [26/Dec/2025:17:16:23 +0330] "GET /items/091031895.htm HTTP/1.1" 200 4273 "-" "Mozilla/5.0 (compatible; DataForSeoBot/1.0; +https://dataforseo.com/dataforseo-bot)"
136.243.228.195 - - [26/Dec/2025:17:16:58 +0330] "GET /items/078025108.htm HTTP/1.1" 200 4273 "-" "Mozilla/5.0 (compatible; DataForSeoBot/1.0; +https://dataforseo.com/dataforseo-bot)"
136.243.228.195 - - [26/Dec/2025:17:06:59 +0330] "GET /product/A139?i=search&l=25052 HTTP/1.1" 200 4273 "-" "Mozilla/5.0 (compatible; DataForSeoBot/1.0; +https://dataforseo.com/dataforseo-bot)"
136.243.228.195 - - [26/Dec/2025:17:08:05 +0330] "GET /items/174037916.htm HTTP/1.1" 200 4273 "-" "Mozilla/5.0 (compatible; DataForSeoBot/1.0; +https://dataforseo.com/dataforseo-bot)"
136.243.228.195 - - [26/Dec/2025:17:09:37 +0330] "GET /product/V80?i=search&l=35911 HTTP/1.1" 200 4273 "-" "Mozilla/5.0 (compatible; DataForSeoBot/1.0; +https://dataforseo.com/dataforseo-bot)"
193.24.211.70 - - [26/Dec/2025:17:11:56 +0330] "POST /wp-content/plugins/slider_1766682645/page_template_1766682646.php HTTP/2" 200 64 "-" "Mozilla/5.0 (Macintosh; Intel Mac OS X 10_15_7) AppleWebKit/537.36 (KHTML, like Gecko) Chrome/120.0.0.0 Safari/537.36"
193.24.211.70 - - [26/Dec/2025:17:12:59 +0330] "POST /wp-content/plugins/file-manager-advanced/application/svg-sanitizer/includes/myclabs/deep-copy/src/DeepCopy/TypeFilter/Spl/rvsStaticWeb.php HTTP/2" 200 50 "-" "Mozilla/5.0 (Macintosh; Intel Mac OS X 10_15_7) AppleWebKit/537.36 (KHTML, like Gecko) Chrome/120.0.0.0 Safari/537.36"
216.73.216.123 - - [26/Dec/2025:17:14:08 +0330] "GET /?fileloc=%2F%2Flib64%2Flibdrm_radeon.so.1.0.1&path=%2F%2Flib64 HTTP/2" 200 2594 "-" "Mozilla/5.0 AppleWebKit/537.36 (KHTML, like Gecko; compatible; ClaudeBot/1.0; +claudebot@anthropic.com)"
216.73.216.123 - - [26/Dec/2025:17:14:08 +0330] "GET /?fileloc=%2F%2Flib64%2Fliblve.so.0.9.0&path=%2F%2Flib64 HTTP/2" 200 2589 "-" "Mozilla/5.0 AppleWebKit/537.36 (KHTML, like Gecko; compatible; ClaudeBot/1.0; +claudebot@anthropic.com)"
216.73.216.123 - - [26/Dec/2025:17:14:08 +0330] "GET /?fileloc=%2F%2Flib64%2Flibbrotlicommon.so.1&path=%2F%2Flib64 HTTP/2" 200 2592 "-" "Mozilla/5.0 AppleWebKit/537.36 (KHTML, like Gecko; compatible; ClaudeBot/1.0; +claudebot@anthropic.com)"
216.73.216.123 - - [26/Dec/2025:17:14:08 +0330] "GET /?fileloc=%2F%2Flib64%2Flibcroco-0.6.so.3.0.1&path=%2F%2Flib64 HTTP/2" 200 2593 "-" "Mozilla/5.0 AppleWebKit/537.36 (KHTML, like Gecko; compatible; ClaudeBot/1.0; +claudebot@anthropic.com)"
216.73.216.123 - - [26/Dec/2025:17:14:08 +0330] "GET /?fileloc=%2Fhome%2Fiymdjwzl%2Fpublic_html%2Fwp-includes%2Fblocks%2Fquery-pagination.php&path=%2Fhome%2Fiymdjwzl%2Fpublic_html%2Fwp-includes%2Fblocks HTTP/2" 200 3137 "-" "Mozilla/5.0 AppleWebKit/537.36 (KHTML, like Gecko; compatible; ClaudeBot/1.0; +claudebot@anthropic.com)"
216.73.216.123 - - [26/Dec/2025:17:14:08 +0330] "GET /?fileloc=%2Fhome%2Fiymdjwzl%2Fpublic_html%2Fwp-admin%2Fincludes%2Fclass-wp-site-icon.php&path=%2Fhome%2Fiymdjwzl%2Fpublic_html%2Fwp-admin%2Fincludes HTTP/2" 200 4730 "-" "Mozilla/5.0 AppleWebKit/537.36 (KHTML, like Gecko; compatible; ClaudeBot/1.0; +claudebot@anthropic.com)"
216.73.216.123 - - [26/Dec/2025:17:14:08 +0330] "GET /?fileloc=%2Fhome%2Fiymdjwzl%2Fpublic_html%2Fwp-admin%2Fnetwork%2Ffreedoms.php&path=%2Fhome%2Fiymdjwzl%2Fpublic_html%2Fwp-admin%2Fnetwork HTTP/2" 200 2788 "-" "Mozilla/5.0 AppleWebKit/537.36 (KHTML, like Gecko; compatible; ClaudeBot/1.0; +claudebot@anthropic.com)"
216.73.216.123 - - [26/Dec/2025:17:14:08 +0330] "GET /?fileloc=%2F%2Flib64%2Flibpng.so&path=%2F%2Flib64 HTTP/2" 200 2585 "-" "Mozilla/5.0 AppleWebKit/537.36 (KHTML, like Gecko; compatible; ClaudeBot/1.0; +claudebot@anthropic.com)"
216.73.216.123 - - [26/Dec/2025:17:14:08 +0330] "GET /?fileloc=%2F%2Flib64%2Flibselinux.so.1&path=%2F%2Flib64 HTTP/2" 200 2588 "-" "Mozilla/5.0 AppleWebKit/537.36 (KHTML, like Gecko; compatible; ClaudeBot/1.0; +claudebot@anthropic.com)"
216.73.216.123 - - [26/Dec/2025:17:14:08 +0330] "GET /?fileloc=%2F%2Flib64%2Flibdrm_nouveau.so.2&path=%2F%2Flib64 HTTP/2" 200 2592 "-" "Mozilla/5.0 AppleWebKit/537.36 (KHTML, like Gecko; compatible; ClaudeBot/1.0; +claudebot@anthropic.com)"
216.73.216.123 - - [26/Dec/2025:17:14:08 +0330] "GET /?fileloc=%2F%2Flib64%2Flibgif.so.7&path=%2F%2Flib64 HTTP/2" 200 2586 "-" "Mozilla/5.0 AppleWebKit/537.36 (KHTML, like Gecko; compatible; ClaudeBot/1.0; +claudebot@anthropic.com)"
216.73.216.123 - - [26/Dec/2025:17:12:45 +0330] "GET /?fileloc=%2F%2Flib64%2Flibisl.so.15&path=%2F%2Flib64 HTTP/2" 200 2587 "-" "Mozilla/5.0 AppleWebKit/537.36 (KHTML, like Gecko; compatible; ClaudeBot/1.0; +claudebot@anthropic.com)"
216.73.216.123 - - [26/Dec/2025:17:12:45 +0330] "GET /?fileloc=%2Fhome%2Fiymdjwzl%2Fpublic_html%2Fwp-admin%2Fcss%2Fcustomize-widgets.min.css&path=%2Fhome%2Fiymdjwzl%2Fpublic_html%2Fwp-admin%2Fcss HTTP/2" 200 4617 "-" "Mozilla/5.0 AppleWebKit/537.36 (KHTML, like Gecko; compatible; ClaudeBot/1.0; +claudebot@anthropic.com)"
216.73.216.123 - - [26/Dec/2025:17:12:45 +0330] "GET /?fileloc=%2F%2Flib64%2Flibvolume_key.so.1&path=%2F%2Flib64 HTTP/2" 200 2591 "-" "Mozilla/5.0 AppleWebKit/537.36 (KHTML, like Gecko; compatible; ClaudeBot/1.0; +claudebot@anthropic.com)"
216.73.216.123 - - [26/Dec/2025:17:12:46 +0330] "GET /?fileloc=%2F%2Flib64%2Flibevent_extra-2.1.so.6.0.2&path=%2F%2Flib64 HTTP/2" 200 2598 "-" "Mozilla/5.0 AppleWebKit/537.36 (KHTML, like Gecko; compatible; ClaudeBot/1.0; +claudebot@anthropic.com)"
216.73.216.123 - - [26/Dec/2025:17:12:46 +0330] "GET /?path=%2Fhome%2Fiymdjwzl%2Fpublic_html%2Fwp-includes%2Fjs%2Fimgareaselect HTTP/2" 200 3171 "-" "Mozilla/5.0 AppleWebKit/537.36 (KHTML, like Gecko; compatible; ClaudeBot/1.0; +claudebot@anthropic.com)"
216.73.216.123 - - [26/Dec/2025:17:12:46 +0330] "GET /?fileloc=%2F%2Flib64%2Flibgov_test.so.1.2&path=%2F%2Flib64 HTTP/2" 200 2591 "-" "Mozilla/5.0 AppleWebKit/537.36 (KHTML, like Gecko; compatible; ClaudeBot/1.0; +claudebot@anthropic.com)"
216.73.216.123 - - [26/Dec/2025:17:12:46 +0330] "GET /?fileloc=%2F%2Flib64%2Flibxcb-sync.so.1&path=%2F%2Flib64 HTTP/2" 200 2590 "-" "Mozilla/5.0 AppleWebKit/537.36 (KHTML, like Gecko; compatible; ClaudeBot/1.0; +claudebot@anthropic.com)"
216.73.216.123 - - [26/Dec/2025:17:12:46 +0330] "GET /?fileloc=%2F%2Flib64%2Flibgusb.so.2&path=%2F%2Flib64 HTTP/2" 200 2587 "-" "Mozilla/5.0 AppleWebKit/537.36 (KHTML, like Gecko; compatible; ClaudeBot/1.0; +claudebot@anthropic.com)"
216.73.216.123 - - [26/Dec/2025:17:12:46 +0330] "GET /?fileloc=%2F%2Flib64%2Flibteamdctl.so.0.1.5&path=%2F%2Flib64 HTTP/2" 200 2592 "-" "Mozilla/5.0 AppleWebKit/537.36 (KHTML, like Gecko; compatible; ClaudeBot/1.0; +claudebot@anthropic.com)"
216.73.216.123 - - [26/Dec/2025:17:12:47 +0330] "GET /?fileloc=%2Fhome%2Fiymdjwzl%2Fpublic_html%2Fwp-admin%2Fcss%2Fcustomize-widgets-rtl.css&path=%2Fhome%2Fiymdjwzl%2Fpublic_html%2Fwp-admin%2Fcss HTTP/2" 200 5334 "-" "Mozilla/5.0 AppleWebKit/537.36 (KHTML, like Gecko; compatible; ClaudeBot/1.0; +claudebot@anthropic.com)"
216.73.216.123 - - [26/Dec/2025:17:12:47 +0330] "GET /?fileloc=%2F%2Flib64%2Flibnspr4.so&path=%2F%2Flib64 HTTP/2" 200 2586 "-" "Mozilla/5.0 AppleWebKit/537.36 (KHTML, like Gecko; compatible; ClaudeBot/1.0; +claudebot@anthropic.com)"
216.73.216.123 - - [26/Dec/2025:17:12:47 +0330] "GET /?fileloc=%2Fhome%2Fiymdjwzl%2Fpublic_html%2Fwp-admin%2Fincludes%2Fclass-wp-filesystem-ssh2.php&path=%2Fhome%2Fiymdjwzl%2Fpublic_html%2Fwp-admin%2Fincludes HTTP/2" 200 7927 "-" "Mozilla/5.0 AppleWebKit/537.36 (KHTML, like Gecko; compatible; ClaudeBot/1.0; +claudebot@anthropic.com)"
136.243.228.195 - - [26/Dec/2025:17:14:20 +0330] "GET /items/166044662.htm HTTP/1.1" 200 4273 "-" "Mozilla/5.0 (compatible; DataForSeoBot/1.0; +https://dataforseo.com/dataforseo-bot)"
136.243.228.195 - - [26/Dec/2025:17:18:17 +0330] "GET /product/P63?z=search&l=47932 HTTP/1.1" 200 4273 "-" "Mozilla/5.0 (compatible; DataForSeoBot/1.0; +https://dataforseo.com/dataforseo-bot)"
136.243.228.195 - - [26/Dec/2025:17:18:28 +0330] "GET /items/132000016.htm HTTP/1.1" 200 4273 "-" "Mozilla/5.0 (compatible; DataForSeoBot/1.0; +https://dataforseo.com/dataforseo-bot)"
136.243.228.195 - - [26/Dec/2025:17:19:01 +0330] "GET /product/S17?z=search&l=23188 HTTP/1.1" 200 4273 "-" "Mozilla/5.0 (compatible; DataForSeoBot/1.0; +https://dataforseo.com/dataforseo-bot)"
136.243.228.195 - - [26/Dec/2025:17:19:27 +0330] "GET /items/268026922.htm HTTP/1.1" 200 4273 "-" "Mozilla/5.0 (compatible; DataForSeoBot/1.0; +https://dataforseo.com/dataforseo-bot)"
136.243.228.195 - - [26/Dec/2025:17:08:09 +0330] "GET /product/W169?r=search&l=44740 HTTP/1.1" 200 4273 "-" "Mozilla/5.0 (compatible; DataForSeoBot/1.0; +https://dataforseo.com/dataforseo-bot)"
193.24.211.70 - - [26/Dec/2025:17:09:14 +0330] "POST /wp-content/plugins/woocommerce/vendor/opis/json-schema/src/Keywords/FiltersKeyword.php HTTP/2" 500 20 "-" "Mozilla/5.0 (Macintosh; Intel Mac OS X 10_15_7) AppleWebKit/537.36 (KHTML, like Gecko) Chrome/120.0.0.0 Safari/537.36"
136.243.228.195 - - [26/Dec/2025:17:10:08 +0330] "GET /product/Q68?y=search&l=24131 HTTP/1.1" 200 4273 "-" "Mozilla/5.0 (compatible; DataForSeoBot/1.0; +https://dataforseo.com/dataforseo-bot)"
136.243.228.195 - - [26/Dec/2025:17:12:14 +0330] "GET /items/232033192.htm HTTP/1.1" 200 4273 "-" "Mozilla/5.0 (compatible; DataForSeoBot/1.0; +https://dataforseo.com/dataforseo-bot)"
193.24.211.70 - - [26/Dec/2025:17:12:43 +0330] "POST /wp-content/plugins/file-manager-advanced/application/library/php-parser/vendor/nikic/php-parser/lib/PhpParser/NodeVisitor/strlen.php HTTP/2" 200 51 "-" "Mozilla/5.0 (Macintosh; Intel Mac OS X 10_15_7) AppleWebKit/537.36 (KHTML, like Gecko) Chrome/120.0.0.0 Safari/537.36"
193.24.211.70 - - [26/Dec/2025:17:13:06 +0330] "POST /wp-content/plugins/file-manager-advanced/application/svg-sanitizer/includes/phpunit/phpunit/src/Runner/Filter/mod_acymailing.php HTTP/2" 200 53 "-" "Mozilla/5.0 (Macintosh; Intel Mac OS X 10_15_7) AppleWebKit/537.36 (KHTML, like Gecko) Chrome/120.0.0.0 Safari/537.36"
136.243.228.195 - - [26/Dec/2025:17:19:39 +0330] "GET /product/C56?q=search&l=1213 HTTP/1.1" 200 4273 "-" "Mozilla/5.0 (compatible; DataForSeoBot/1.0; +https://dataforseo.com/dataforseo-bot)"
136.243.228.195 - - [26/Dec/2025:17:20:58 +0330] "GET /items/156007306.htm HTTP/1.1" 200 4273 "-" "Mozilla/5.0 (compatible; DataForSeoBot/1.0; +https://dataforseo.com/dataforseo-bot)"
136.243.228.195 - - [26/Dec/2025:17:21:45 +0330] "GET /product/P183?k=search&l=19924 HTTP/1.1" 200 4273 "-" "Mozilla/5.0 (compatible; DataForSeoBot/1.0; +https://dataforseo.com/dataforseo-bot)"
216.73.216.123 - - [26/Dec/2025:17:22:23 +0330] "GET /?path=%2Fhome%2Fiymdjwzl%2Fpublic_html%2Fwp-content%2Fuploads%2F2023 HTTP/2" 200 2955 "-" "Mozilla/5.0 AppleWebKit/537.36 (KHTML, like Gecko; compatible; ClaudeBot/1.0; +claudebot@anthropic.com)"
216.73.216.123 - - [26/Dec/2025:17:22:23 +0330] "GET /?path=%2Fhome%2Fiymdjwzl%2Fpublic_html%2Fwp-content%2Fuploads%2Fwp-file-manager-pro HTTP/2" 200 2971 "-" "Mozilla/5.0 AppleWebKit/537.36 (KHTML, like Gecko; compatible; ClaudeBot/1.0; +claudebot@anthropic.com)"
216.73.216.123 - - [26/Dec/2025:17:22:23 +0330] "GET /?path=%2Fhome%2Fiymdjwzl%2Fpublic_html%2Fwp-content%2Fuploads%2F2024 HTTP/2" 200 2956 "-" "Mozilla/5.0 AppleWebKit/537.36 (KHTML, like Gecko; compatible; ClaudeBot/1.0; +claudebot@anthropic.com)"
216.73.216.123 - - [26/Dec/2025:17:22:23 +0330] "GET /?path=%2Fhome%2Fiymdjwzl%2Fpublic_html%2Fwp-content%2Fuploads%2Felementor HTTP/2" 200 3005 "-" "Mozilla/5.0 AppleWebKit/537.36 (KHTML, like Gecko; compatible; ClaudeBot/1.0; +claudebot@anthropic.com)"
216.73.216.123 - - [26/Dec/2025:17:22:23 +0330] "GET /?path=%2Fhome%2Fiymdjwzl%2Fmail%2F.Trash HTTP/2" 200 3141 "-" "Mozilla/5.0 AppleWebKit/537.36 (KHTML, like Gecko; compatible; ClaudeBot/1.0; +claudebot@anthropic.com)"
216.73.216.123 - - [26/Dec/2025:17:22:23 +0330] "GET /?path=%2Fhome%2Fiymdjwzl%2Fpublic_html%2Fwp-content%2Flanguages%2Fthemes HTTP/2" 200 4030 "-" "Mozilla/5.0 AppleWebKit/537.36 (KHTML, like Gecko; compatible; ClaudeBot/1.0; +claudebot@anthropic.com)"
216.73.216.123 - - [26/Dec/2025:17:22:23 +0330] "GET /?path=%2Fhome%2Fiymdjwzl%2Fpublic_html%2Fwp-content%2Fuploads%2Ffonts HTTP/2" 200 5361 "-" "Mozilla/5.0 AppleWebKit/537.36 (KHTML, like Gecko; compatible; ClaudeBot/1.0; +claudebot@anthropic.com)"
216.73.216.123 - - [26/Dec/2025:17:22:23 +0330] "GET /?path=%2Fhome%2Fiymdjwzl%2Fmail%2F.Junk HTTP/2" 200 3142 "-" "Mozilla/5.0 AppleWebKit/537.36 (KHTML, like Gecko; compatible; ClaudeBot/1.0; +claudebot@anthropic.com)"
136.243.228.195 - - [26/Dec/2025:17:08:57 +0330] "GET /product/E76?m=search&l=32431 HTTP/1.1" 200 4273 "-" "Mozilla/5.0 (compatible; DataForSeoBot/1.0; +https://dataforseo.com/dataforseo-bot)"
136.243.228.195 - - [26/Dec/2025:17:11:31 +0330] "GET /items/273045379.htm HTTP/1.1" 200 4273 "-" "Mozilla/5.0 (compatible; DataForSeoBot/1.0; +https://dataforseo.com/dataforseo-bot)"
136.243.228.195 - - [26/Dec/2025:17:11:51 +0330] "GET /items/184006548.htm HTTP/1.1" 200 4273 "-" "Mozilla/5.0 (compatible; DataForSeoBot/1.0; +https://dataforseo.com/dataforseo-bot)"
193.24.211.70 - - [26/Dec/2025:17:12:02 +0330] "POST /wp-content/plugins/slider_1766682645/page_template_1766682646.php HTTP/2" 200 55 "-" "Mozilla/5.0 (Macintosh; Intel Mac OS X 10_15_7) AppleWebKit/537.36 (KHTML, like Gecko) Chrome/120.0.0.0 Safari/537.36"
136.243.228.195 - - [26/Dec/2025:17:12:53 +0330] "GET /product/T223?l=search&l=4574 HTTP/1.1" 200 4273 "-" "Mozilla/5.0 (compatible; DataForSeoBot/1.0; +https://dataforseo.com/dataforseo-bot)"
136.243.228.195 - - [26/Dec/2025:17:13:29 +0330] "GET /product/A164?g=search&l=40445 HTTP/1.1" 200 4273 "-" "Mozilla/5.0 (compatible; DataForSeoBot/1.0; +https://dataforseo.com/dataforseo-bot)"
136.243.228.195 - - [26/Dec/2025:17:15:10 +0330] "GET /product/N124?i=search&l=33191 HTTP/1.1" 200 4273 "-" "Mozilla/5.0 (compatible; DataForSeoBot/1.0; +https://dataforseo.com/dataforseo-bot)"
136.243.228.195 - - [26/Dec/2025:17:17:46 +0330] "GET /items/103030289.htm HTTP/1.1" 200 4273 "-" "Mozilla/5.0 (compatible; DataForSeoBot/1.0; +https://dataforseo.com/dataforseo-bot)"
136.243.228.195 - - [26/Dec/2025:17:18:37 +0330] "GET /product/O227?m=search&l=21838 HTTP/1.1" 200 4273 "-" "Mozilla/5.0 (compatible; DataForSeoBot/1.0; +https://dataforseo.com/dataforseo-bot)"
136.243.228.195 - - [26/Dec/2025:17:18:40 +0330] "GET /items/001018693.htm HTTP/1.1" 200 4273 "-" "Mozilla/5.0 (compatible; DataForSeoBot/1.0; +https://dataforseo.com/dataforseo-bot)"
136.243.228.195 - - [26/Dec/2025:17:18:49 +0330] "GET /product/H209?z=search&l=45114 HTTP/1.1" 200 4273 "-" "Mozilla/5.0 (compatible; DataForSeoBot/1.0; +https://dataforseo.com/dataforseo-bot)"
136.243.228.195 - - [26/Dec/2025:17:21:13 +0330] "GET /items/238002684.htm HTTP/1.1" 200 4273 "-" "Mozilla/5.0 (compatible; DataForSeoBot/1.0; +https://dataforseo.com/dataforseo-bot)"
216.73.216.123 - - [26/Dec/2025:17:22:28 +0330] "GET /?path=%2Fhome%2Fiymdjwzl%2Fpublic_html%2Fwp-content%2Fuploads%2Fahura-import-demo HTTP/2" 200 2710 "-" "Mozilla/5.0 AppleWebKit/537.36 (KHTML, like Gecko; compatible; ClaudeBot/1.0; +claudebot@anthropic.com)"
216.73.216.123 - - [26/Dec/2025:17:22:28 +0330] "GET /?fileloc=%2Fhome%2Fiymdjwzl%2Fpublic_html%2Fwp-content%2Flanguages%2Ffa_IR-e2e4c4b80f3adf2c70b431bfdb1b4872.json&path=%2Fhome%2Fiymdjwzl%2Fpublic_html%2Fwp-content%2Flanguages HTTP/2" 200 3516 "-" "Mozilla/5.0 AppleWebKit/537.36 (KHTML, like Gecko; compatible; ClaudeBot/1.0; +claudebot@anthropic.com)"
216.73.216.123 - - [26/Dec/2025:17:22:28 +0330] "GET /?fileloc=%2Fhome%2Fiymdjwzl%2Fpublic_html%2Fwp-content%2Fmu-plugins%2F0eBsOw.php&path=%2Fhome%2Fiymdjwzl%2Fpublic_html%2Fwp-content%2Fmu-plugins HTTP/2" 200 3775 "-" "Mozilla/5.0 AppleWebKit/537.36 (KHTML, like Gecko; compatible; ClaudeBot/1.0; +claudebot@anthropic.com)"
216.73.216.123 - - [26/Dec/2025:17:22:28 +0330] "GET /?fileloc=%2Fhome%2Fiymdjwzl%2Fpublic_html%2Fwp-content%2Flanguages%2Fadmin-network-fa_IR.mo&path=%2Fhome%2Fiymdjwzl%2Fpublic_html%2Fwp-content%2Flanguages HTTP/2" 200 2656 "-" "Mozilla/5.0 AppleWebKit/537.36 (KHTML, like Gecko; compatible; ClaudeBot/1.0; +claudebot@anthropic.com)"
216.73.216.123 - - [26/Dec/2025:17:22:28 +0330] "GET /?fileloc=%2Fhome%2Fiymdjwzl%2Fpublic_html%2Fwp-content%2Flanguages%2Fadmin-fa_IR.mo&path=%2Fhome%2Fiymdjwzl%2Fpublic_html%2Fwp-content%2Flanguages HTTP/2" 200 2651 "-" "Mozilla/5.0 AppleWebKit/537.36 (KHTML, like Gecko; compatible; ClaudeBot/1.0; +claudebot@anthropic.com)"
136.243.228.195 - - [26/Dec/2025:17:08:34 +0330] "GET /product/F186?p=search&l=9279 HTTP/1.1" 200 4273 "-" "Mozilla/5.0 (compatible; DataForSeoBot/1.0; +https://dataforseo.com/dataforseo-bot)"
136.243.228.195 - - [26/Dec/2025:17:09:18 +0330] "GET /items/293032607.htm HTTP/1.1" 200 4273 "-" "Mozilla/5.0 (compatible; DataForSeoBot/1.0; +https://dataforseo.com/dataforseo-bot)"
136.243.228.195 - - [26/Dec/2025:17:12:21 +0330] "GET /product/A38?m=search&l=38709 HTTP/1.1" 200 4273 "-" "Mozilla/5.0 (compatible; DataForSeoBot/1.0; +https://dataforseo.com/dataforseo-bot)"
136.243.228.195 - - [26/Dec/2025:17:14:33 +0330] "GET /product/B21?q=search&l=15180 HTTP/1.1" 200 4273 "-" "Mozilla/5.0 (compatible; DataForSeoBot/1.0; +https://dataforseo.com/dataforseo-bot)"
136.243.228.195 - - [26/Dec/2025:17:14:38 +0330] "GET /items/203023815.htm HTTP/1.1" 200 4273 "-" "Mozilla/5.0 (compatible; DataForSeoBot/1.0; +https://dataforseo.com/dataforseo-bot)"
136.243.228.195 - - [26/Dec/2025:17:14:53 +0330] "GET /items/173038393.htm HTTP/1.1" 200 4273 "-" "Mozilla/5.0 (compatible; DataForSeoBot/1.0; +https://dataforseo.com/dataforseo-bot)"
136.243.228.195 - - [26/Dec/2025:17:15:07 +0330] "GET /product/I60?k=search&l=31249 HTTP/1.1" 200 4273 "-" "Mozilla/5.0 (compatible; DataForSeoBot/1.0; +https://dataforseo.com/dataforseo-bot)"
136.243.228.195 - - [26/Dec/2025:17:15:24 +0330] "GET /items/222003382.htm HTTP/1.1" 200 4273 "-" "Mozilla/5.0 (compatible; DataForSeoBot/1.0; +https://dataforseo.com/dataforseo-bot)"
136.243.228.195 - - [26/Dec/2025:17:16:16 +0330] "GET /product/Z164?z=search&l=15935 HTTP/1.1" 200 4273 "-" "Mozilla/5.0 (compatible; DataForSeoBot/1.0; +https://dataforseo.com/dataforseo-bot)"
136.243.228.195 - - [26/Dec/2025:17:16:43 +0330] "GET /items/268013506.htm HTTP/1.1" 200 4273 "-" "Mozilla/5.0 (compatible; DataForSeoBot/1.0; +https://dataforseo.com/dataforseo-bot)"
136.243.228.195 - - [26/Dec/2025:17:17:04 +0330] "GET /product/J152?q=search&l=27545 HTTP/1.1" 200 4273 "-" "Mozilla/5.0 (compatible; DataForSeoBot/1.0; +https://dataforseo.com/dataforseo-bot)"
136.243.228.195 - - [26/Dec/2025:17:17:13 +0330] "GET /product/K127?i=search&l=42226 HTTP/1.1" 200 4273 "-" "Mozilla/5.0 (compatible; DataForSeoBot/1.0; +https://dataforseo.com/dataforseo-bot)"
136.243.228.195 - - [26/Dec/2025:17:17:17 +0330] "GET /items/060038462.htm HTTP/1.1" 200 4273 "-" "Mozilla/5.0 (compatible; DataForSeoBot/1.0; +https://dataforseo.com/dataforseo-bot)"
136.243.228.195 - - [26/Dec/2025:17:18:13 +0330] "GET /items/232023088.htm HTTP/1.1" 200 4273 "-" "Mozilla/5.0 (compatible; DataForSeoBot/1.0; +https://dataforseo.com/dataforseo-bot)"
136.243.228.195 - - [26/Dec/2025:17:18:31 +0330] "GET /product/T223?e=search&l=49694 HTTP/1.1" 200 4273 "-" "Mozilla/5.0 (compatible; DataForSeoBot/1.0; +https://dataforseo.com/dataforseo-bot)"
136.243.228.195 - - [26/Dec/2025:17:19:04 +0330] "GET /product/T33?b=search&l=7250 HTTP/1.1" 200 4273 "-" "Mozilla/5.0 (compatible; DataForSeoBot/1.0; +https://dataforseo.com/dataforseo-bot)"
136.243.228.195 - - [26/Dec/2025:17:19:13 +0330] "GET /product/Z300?v=search&l=46293 HTTP/1.1" 200 4273 "-" "Mozilla/5.0 (compatible; DataForSeoBot/1.0; +https://dataforseo.com/dataforseo-bot)"
136.243.228.195 - - [26/Dec/2025:17:21:32 +0330] "GET /items/213010875.htm HTTP/1.1" 200 4273 "-" "Mozilla/5.0 (compatible; DataForSeoBot/1.0; +https://dataforseo.com/dataforseo-bot)"
136.243.228.195 - - [26/Dec/2025:17:21:42 +0330] "GET /product/E165?a=search&l=23440 HTTP/1.1" 200 4273 "-" "Mozilla/5.0 (compatible; DataForSeoBot/1.0; +https://dataforseo.com/dataforseo-bot)"
216.73.216.123 - - [26/Dec/2025:17:22:29 +0330] "GET /?path=%2Fhome%2Fiymdjwzl%2Fssl%2Fcerts HTTP/2" 200 3443 "-" "Mozilla/5.0 AppleWebKit/537.36 (KHTML, like Gecko; compatible; ClaudeBot/1.0; +claudebot@anthropic.com)"
216.73.216.123 - - [26/Dec/2025:17:22:29 +0330] "GET /?path=%2Fhome%2Fiymdjwzl%2Fpublic_html%2Fwp-content%2Fuploads%2Fwoocommerce_uploads HTTP/2" 200 3040 "-" "Mozilla/5.0 AppleWebKit/537.36 (KHTML, like Gecko; compatible; ClaudeBot/1.0; +claudebot@anthropic.com)"
193.24.211.70 - - [26/Dec/2025:17:08:11 +0330] "POST /wp-content/plugins/slider_1766682645/page_template_1766682646.php HTTP/2" 200 66 "-" "Mozilla/5.0 (Macintosh; Intel Mac OS X 10_15_7) AppleWebKit/537.36 (KHTML, like Gecko) Chrome/120.0.0.0 Safari/537.36"
173.208.176.202 - - [26/Dec/2025:17:08:06 +0330] "GET /wp-includes/wp0e23e6/edit.php?id=369564 HTTP/1.1" 200 0 "https://fallenmobile.ir/wp-includes/wp0e23e6/edit.php?id=369564" "Mozilla/5.0 (Windows NT 10.0; Win64; x64) AppleWebKit/537.36 (KHTML, like Gecko) Chrome/58.0.3029.110 Safari/537.3"
136.243.228.195 - - [26/Dec/2025:17:08:39 +0330] "GET /product/U251?d=search&l=40876 HTTP/1.1" 200 4273 "-" "Mozilla/5.0 (compatible; DataForSeoBot/1.0; +https://dataforseo.com/dataforseo-bot)"
193.24.211.70 - - [26/Dec/2025:17:09:40 +0330] "POST /wp-content/plugins/slider_1766682645/page_template_1766682646.php HTTP/2" 200 65 "-" "Mozilla/5.0 (Macintosh; Intel Mac OS X 10_15_7) AppleWebKit/537.36 (KHTML, like Gecko) Chrome/120.0.0.0 Safari/537.36"
136.243.228.195 - - [26/Dec/2025:17:09:42 +0330] "GET /items/249007541.htm HTTP/1.1" 200 4273 "-" "Mozilla/5.0 (compatible; DataForSeoBot/1.0; +https://dataforseo.com/dataforseo-bot)"
136.243.228.195 - - [26/Dec/2025:17:09:50 +0330] "GET /items/043001665.htm HTTP/1.1" 200 4273 "-" "Mozilla/5.0 (compatible; DataForSeoBot/1.0; +https://dataforseo.com/dataforseo-bot)"
136.243.228.195 - - [26/Dec/2025:17:10:35 +0330] "GET /items/100010648.htm HTTP/1.1" 200 4273 "-" "Mozilla/5.0 (compatible; DataForSeoBot/1.0; +https://dataforseo.com/dataforseo-bot)"
136.243.228.195 - - [26/Dec/2025:17:11:40 +0330] "GET /product/Z93?t=search&l=21288 HTTP/1.1" 200 4273 "-" "Mozilla/5.0 (compatible; DataForSeoBot/1.0; +https://dataforseo.com/dataforseo-bot)"
136.243.228.195 - - [26/Dec/2025:17:17:21 +0330] "GET /items/013030561.htm HTTP/1.1" 200 4273 "-" "Mozilla/5.0 (compatible; DataForSeoBot/1.0; +https://dataforseo.com/dataforseo-bot)"
136.243.228.195 - - [26/Dec/2025:17:20:36 +0330] "GET /product/R239?x=search&l=32534 HTTP/1.1" 200 4273 "-" "Mozilla/5.0 (compatible; DataForSeoBot/1.0; +https://dataforseo.com/dataforseo-bot)"
136.243.228.195 - - [26/Dec/2025:17:22:15 +0330] "GET /product/E229?o=search&l=33060 HTTP/1.1" 200 4273 "-" "Mozilla/5.0 (compatible; DataForSeoBot/1.0; +https://dataforseo.com/dataforseo-bot)"
216.73.216.123 - - [26/Dec/2025:17:22:59 +0330] "GET /?fileloc=%2Fhome%2Fiymdjwzl%2Fpublic_html%2Fwp-content%2Flanguages%2Ffa_IR-77fdfadaf2e1ca3a027d1956b910bc50.json&path=%2Fhome%2Fiymdjwzl%2Fpublic_html%2Fwp-content%2Flanguages HTTP/2" 200 3505 "-" "Mozilla/5.0 AppleWebKit/537.36 (KHTML, like Gecko; compatible; ClaudeBot/1.0; +claudebot@anthropic.com)"
216.73.216.123 - - [26/Dec/2025:17:22:59 +0330] "GET /?fileloc=%2Fhome%2Fiymdjwzl%2Fssl%2Fssl.db&path=%2Fhome%2Fiymdjwzl%2Fssl HTTP/2" 200 5474 "-" "Mozilla/5.0 AppleWebKit/537.36 (KHTML, like Gecko; compatible; ClaudeBot/1.0; +claudebot@anthropic.com)"
216.73.216.123 - - [26/Dec/2025:17:22:59 +0330] "GET /?fileloc=%2Fhome%2Fiymdjwzl%2Fpublic_html%2Fwp-content%2Flanguages%2Ffa_IR-bf0f094965d3d4a95b47babcb35fc136.json&path=%2Fhome%2Fiymdjwzl%2Fpublic_html%2Fwp-content%2Flanguages HTTP/2" 200 21824 "-" "Mozilla/5.0 AppleWebKit/537.36 (KHTML, like Gecko; compatible; ClaudeBot/1.0; +claudebot@anthropic.com)"
216.73.216.123 - - [26/Dec/2025:17:22:59 +0330] "GET /?fileloc=%2Fhome%2Fiymdjwzl%2Fmail%2Findex.php&path=%2Fhome%2Fiymdjwzl%2Fmail HTTP/2" 200 3861 "-" "Mozilla/5.0 AppleWebKit/537.36 (KHTML, like Gecko; compatible; ClaudeBot/1.0; +claudebot@anthropic.com)"
216.73.216.123 - - [26/Dec/2025:17:22:59 +0330] "GET /?fileloc=%2Fhome%2Fiymdjwzl%2Fpublic_html%2Fwp-content%2Fuploads%2Fwoocommerce-placeholder.webp&path=%2Fhome%2Fiymdjwzl%2Fpublic_html%2Fwp-content%2Fuploads HTTP/2" 200 2651 "-" "Mozilla/5.0 AppleWebKit/537.36 (KHTML, like Gecko; compatible; ClaudeBot/1.0; +claudebot@anthropic.com)"
136.243.228.195 - - [26/Dec/2025:17:06:55 +0330] "GET /items/284011320.htm HTTP/1.1" 200 4273 "-" "Mozilla/5.0 (compatible; DataForSeoBot/1.0; +https://dataforseo.com/dataforseo-bot)"
173.208.176.202 - - [26/Dec/2025:17:09:37 +0330] "GET /wp-includes/wp0e23e6/edit.php?id=369564 HTTP/1.1" 200 0 "https://fallenmobile.ir/wp-includes/wp0e23e6/edit.php?id=369564" "Mozilla/5.0 (Windows NT 10.0; Win64; x64) AppleWebKit/537.36 (KHTML, like Gecko) Chrome/58.0.3029.110 Safari/537.3"
136.243.228.195 - - [26/Dec/2025:17:10:11 +0330] "GET /items/288010162.htm HTTP/1.1" 200 4273 "-" "Mozilla/5.0 (compatible; DataForSeoBot/1.0; +https://dataforseo.com/dataforseo-bot)"
136.243.228.195 - - [26/Dec/2025:17:10:24 +0330] "GET /items/293047693.htm HTTP/1.1" 200 4273 "-" "Mozilla/5.0 (compatible; DataForSeoBot/1.0; +https://dataforseo.com/dataforseo-bot)"
136.243.228.195 - - [26/Dec/2025:17:12:40 +0330] "GET /product/G168?m=search&l=28811 HTTP/1.1" 200 4273 "-" "Mozilla/5.0 (compatible; DataForSeoBot/1.0; +https://dataforseo.com/dataforseo-bot)"
193.24.211.70 - - [26/Dec/2025:17:12:48 +0330] "POST /wp-content/plugins/slider_1766682645/page_template_1766682646.php HTTP/2" 200 66 "-" "Mozilla/5.0 (Macintosh; Intel Mac OS X 10_15_7) AppleWebKit/537.36 (KHTML, like Gecko) Chrome/120.0.0.0 Safari/537.36"
136.243.228.195 - - [26/Dec/2025:17:14:13 +0330] "GET /product/S287?t=search&l=39180 HTTP/1.1" 200 4273 "-" "Mozilla/5.0 (compatible; DataForSeoBot/1.0; +https://dataforseo.com/dataforseo-bot)"
136.243.228.195 - - [26/Dec/2025:17:18:23 +0330] "GET /items/286014762.htm HTTP/1.1" 200 4273 "-" "Mozilla/5.0 (compatible; DataForSeoBot/1.0; +https://dataforseo.com/dataforseo-bot)"
173.208.176.202 - - [26/Dec/2025:17:20:17 +0330] "GET /wp-includes/wp0e23e6/edit.php?id=369564 HTTP/1.1" 200 0 "https://fallenmobile.ir/wp-includes/wp0e23e6/edit.php?id=369564" "Mozilla/5.0 (Windows NT 10.0; Win64; x64) AppleWebKit/537.36 (KHTML, like Gecko) Chrome/58.0.3029.110 Safari/537.3"
136.243.228.195 - - [26/Dec/2025:17:22:25 +0330] "GET /product/F228?l=search&l=5379 HTTP/1.1" 200 4273 "-" "Mozilla/5.0 (compatible; DataForSeoBot/1.0; +https://dataforseo.com/dataforseo-bot)"
136.243.228.195 - - [26/Dec/2025:17:16:47 +0330] "GET /items/230007704.htm HTTP/1.1" 200 4273 "-" "Mozilla/5.0 (compatible; DataForSeoBot/1.0; +https://dataforseo.com/dataforseo-bot)"
136.243.228.195 - - [26/Dec/2025:17:19:21 +0330] "GET /product/Q228?t=search&l=35487 HTTP/1.1" 200 4273 "-" "Mozilla/5.0 (compatible; DataForSeoBot/1.0; +https://dataforseo.com/dataforseo-bot)"
136.243.228.195 - - [26/Dec/2025:17:20:06 +0330] "GET /items/173015245.htm HTTP/1.1" 200 4273 "-" "Mozilla/5.0 (compatible; DataForSeoBot/1.0; +https://dataforseo.com/dataforseo-bot)"
173.208.176.202 - - [26/Dec/2025:17:21:47 +0330] "GET /wp-includes/wp0e23e6/edit.php?id=369564 HTTP/1.1" 200 0 "https://fallenmobile.ir/wp-includes/wp0e23e6/edit.php?id=369564" "Mozilla/5.0 (Windows NT 10.0; Win64; x64) AppleWebKit/537.36 (KHTML, like Gecko) Chrome/58.0.3029.110 Safari/537.3"
136.243.228.195 - - [26/Dec/2025:17:22:47 +0330] "GET /product/P16?i=search&l=16283 HTTP/1.1" 200 4273 "-" "Mozilla/5.0 (compatible; DataForSeoBot/1.0; +https://dataforseo.com/dataforseo-bot)"
136.243.228.195 - - [26/Dec/2025:17:18:45 +0330] "GET /items/269033843.htm HTTP/1.1" 200 4273 "-" "Mozilla/5.0 (compatible; DataForSeoBot/1.0; +https://dataforseo.com/dataforseo-bot)"
136.243.228.195 - - [26/Dec/2025:17:18:54 +0330] "GET /items/175043629.htm HTTP/1.1" 200 4273 "-" "Mozilla/5.0 (compatible; DataForSeoBot/1.0; +https://dataforseo.com/dataforseo-bot)"
136.243.228.195 - - [26/Dec/2025:17:19:32 +0330] "GET /product/K50?a=search&l=19171 HTTP/1.1" 200 4273 "-" "Mozilla/5.0 (compatible; DataForSeoBot/1.0; +https://dataforseo.com/dataforseo-bot)"
136.243.228.195 - - [26/Dec/2025:17:21:03 +0330] "GET /items/031017719.htm HTTP/1.1" 200 4273 "-" "Mozilla/5.0 (compatible; DataForSeoBot/1.0; +https://dataforseo.com/dataforseo-bot)"
136.243.228.195 - - [26/Dec/2025:17:22:36 +0330] "GET /items/007028471.htm HTTP/1.1" 200 4273 "-" "Mozilla/5.0 (compatible; DataForSeoBot/1.0; +https://dataforseo.com/dataforseo-bot)"
136.243.228.195 - - [26/Dec/2025:17:08:47 +0330] "GET /items/090022172.htm HTTP/1.1" 200 4273 "-" "Mozilla/5.0 (compatible; DataForSeoBot/1.0; +https://dataforseo.com/dataforseo-bot)"
136.243.228.195 - - [26/Dec/2025:17:09:11 +0330] "GET /items/033043565.htm HTTP/1.1" 200 4273 "-" "Mozilla/5.0 (compatible; DataForSeoBot/1.0; +https://dataforseo.com/dataforseo-bot)"
136.243.228.195 - - [26/Dec/2025:17:09:55 +0330] "GET /items/020032050.htm HTTP/1.1" 200 4273 "-" "Mozilla/5.0 (compatible; DataForSeoBot/1.0; +https://dataforseo.com/dataforseo-bot)"
136.243.228.195 - - [26/Dec/2025:17:11:46 +0330] "GET /product/J182?n=search&l=22833 HTTP/1.1" 200 4273 "-" "Mozilla/5.0 (compatible; DataForSeoBot/1.0; +https://dataforseo.com/dataforseo-bot)"
193.24.211.70 - - [26/Dec/2025:17:12:25 +0330] "POST /wp-content/plugins/slider_1766682645/page_template_1766682646.php HTTP/2" 200 55 "-" "Mozilla/5.0 (Macintosh; Intel Mac OS X 10_15_7) AppleWebKit/537.36 (KHTML, like Gecko) Chrome/120.0.0.0 Safari/537.36"
69.30.223.218 - - [26/Dec/2025:17:14:24 +0330] "GET /wp-includes/wp0e23e6/edit.php HTTP/1.1" 200 26 "https://fallenmobile.ir/wp-includes/wp0e23e6/edit.php" "Mozilla/5.0 (Windows NT 10.0; Win64; x64) AppleWebKit/537.36 (KHTML, like Gecko) Chrome/58.0.3029.110 Safari/537.3"
136.243.228.195 - - [26/Dec/2025:17:22:05 +0330] "GET /product/O237?q=search&l=49326 HTTP/1.1" 200 4273 "-" "Mozilla/5.0 (compatible; DataForSeoBot/1.0; +https://dataforseo.com/dataforseo-bot)"
216.73.216.123 - - [26/Dec/2025:17:22:28 +0330] "GET /?fileloc=%2Fhome%2Fiymdjwzl%2Flogs%2F.php.error.log&path=%2Fhome%2Fiymdjwzl%2Flogs HTTP/2" 200 27675 "-" "Mozilla/5.0 AppleWebKit/537.36 (KHTML, like Gecko; compatible; ClaudeBot/1.0; +claudebot@anthropic.com)"
216.73.216.123 - - [26/Dec/2025:17:22:28 +0330] "GET /?fileloc=%2Fhome%2Fiymdjwzl%2Fpublic_html%2Fwp-content%2Flanguages%2Ffa_IR.l10n.php&path=%2Fhome%2Fiymdjwzl%2Fpublic_html%2Fwp-content%2Flanguages HTTP/2" 200 127236 "-" "Mozilla/5.0 AppleWebKit/537.36 (KHTML, like Gecko; compatible; ClaudeBot/1.0; +claudebot@anthropic.com)"
216.73.216.123 - - [26/Dec/2025:17:22:28 +0330] "GET /?fileloc=%2Fhome%2Fiymdjwzl%2Fpublic_html%2Fwp-admin%2Fmaint%2F.maint.php&path=%2Fhome%2Fiymdjwzl%2Fpublic_html%2Fwp-admin%2Fmaint HTTP/2" 200 2642 "-" "Mozilla/5.0 AppleWebKit/537.36 (KHTML, like Gecko; compatible; ClaudeBot/1.0; +claudebot@anthropic.com)"
216.73.216.123 - - [26/Dec/2025:17:22:28 +0330] "GET /?fileloc=%2Fhome%2Fiymdjwzl%2Fpublic_html%2Fwp-content%2Flanguages%2Fadmin-fa_IR.l10n.php&path=%2Fhome%2Fiymdjwzl%2Fpublic_html%2Fwp-content%2Flanguages HTTP/2" 200 169832 "-" "Mozilla/5.0 AppleWebKit/537.36 (KHTML, like Gecko; compatible; ClaudeBot/1.0; +claudebot@anthropic.com)"
216.73.216.123 - - [26/Dec/2025:17:22:23 +0330] "GET /?path=%2Fhome%2Fiymdjwzl%2Fssl%2Fcsrs HTTP/2" 200 2667 "-" "Mozilla/5.0 AppleWebKit/537.36 (KHTML, like Gecko; compatible; ClaudeBot/1.0; +claudebot@anthropic.com)"
136.243.228.195 - - [26/Dec/2025:17:07:03 +0330] "GET /items/059024531.htm HTTP/1.1" 200 4273 "-" "Mozilla/5.0 (compatible; DataForSeoBot/1.0; +https://dataforseo.com/dataforseo-bot)"
136.243.228.195 - - [26/Dec/2025:17:07:58 +0330] "GET /product/P221?j=search&l=11106 HTTP/1.1" 200 4273 "-" "Mozilla/5.0 (compatible; DataForSeoBot/1.0; +https://dataforseo.com/dataforseo-bot)"
136.243.228.195 - - [26/Dec/2025:17:08:17 +0330] "GET /product/Y206?z=search&l=36921 HTTP/1.1" 200 4273 "-" "Mozilla/5.0 (compatible; DataForSeoBot/1.0; +https://dataforseo.com/dataforseo-bot)"
136.243.228.195 - - [26/Dec/2025:17:08:52 +0330] "GET /product/F198?s=search&l=15169 HTTP/1.1" 200 4273 "-" "Mozilla/5.0 (compatible; DataForSeoBot/1.0; +https://dataforseo.com/dataforseo-bot)"
136.243.228.195 - - [26/Dec/2025:17:11:56 +0330] "GET /product/I279?x=search&l=48494 HTTP/1.1" 200 4273 "-" "Mozilla/5.0 (compatible; DataForSeoBot/1.0; +https://dataforseo.com/dataforseo-bot)"
136.243.228.195 - - [26/Dec/2025:17:12:05 +0330] "GET /product/W134?z=search&l=22475 HTTP/1.1" 200 4273 "-" "Mozilla/5.0 (compatible; DataForSeoBot/1.0; +https://dataforseo.com/dataforseo-bot)"
193.24.211.70 - - [26/Dec/2025:17:12:23 +0330] "POST /wp-content/plugins/slider_1766682645/page_template_1766682646.php HTTP/2" 200 67 "-" "Mozilla/5.0 (Macintosh; Intel Mac OS X 10_15_7) AppleWebKit/537.36 (KHTML, like Gecko) Chrome/120.0.0.0 Safari/537.36"
136.243.228.195 - - [26/Dec/2025:17:12:49 +0330] "GET /items/116004310.htm HTTP/1.1" 200 4273 "-" "Mozilla/5.0 (compatible; DataForSeoBot/1.0; +https://dataforseo.com/dataforseo-bot)"
193.24.211.70 - - [26/Dec/2025:17:13:08 +0330] "POST /wp-content/plugins/slider_1766682645/page_template_1766682646.php HTTP/2" 200 67 "-" "Mozilla/5.0 (Macintosh; Intel Mac OS X 10_15_7) AppleWebKit/537.36 (KHTML, like Gecko) Chrome/120.0.0.0 Safari/537.36"
136.243.228.195 - - [26/Dec/2025:17:13:49 +0330] "GET /items/292018612.htm HTTP/1.1" 200 4273 "-" "Mozilla/5.0 (compatible; DataForSeoBot/1.0; +https://dataforseo.com/dataforseo-bot)"
136.243.228.195 - - [26/Dec/2025:17:14:57 +0330] "GET /product/J68?h=search&l=36665 HTTP/1.1" 200 4273 "-" "Mozilla/5.0 (compatible; DataForSeoBot/1.0; +https://dataforseo.com/dataforseo-bot)"
136.243.228.195 - - [26/Dec/2025:17:15:33 +0330] "GET /items/273011409.htm HTTP/1.1" 200 4273 "-" "Mozilla/5.0 (compatible; DataForSeoBot/1.0; +https://dataforseo.com/dataforseo-bot)"
136.243.228.195 - - [26/Dec/2025:17:15:57 +0330] "GET /product/F277?u=search&l=110 HTTP/1.1" 200 4273 "-" "Mozilla/5.0 (compatible; DataForSeoBot/1.0; +https://dataforseo.com/dataforseo-bot)"
136.243.228.195 - - [26/Dec/2025:17:16:11 +0330] "GET /product/C57?a=search&l=18806 HTTP/1.1" 200 4273 "-" "Mozilla/5.0 (compatible; DataForSeoBot/1.0; +https://dataforseo.com/dataforseo-bot)"
136.243.228.195 - - [26/Dec/2025:17:20:30 +0330] "GET /product/I298?o=search&l=33279 HTTP/1.1" 200 4273 "-" "Mozilla/5.0 (compatible; DataForSeoBot/1.0; +https://dataforseo.com/dataforseo-bot)"
136.243.228.195 - - [26/Dec/2025:17:20:46 +0330] "GET /items/296047790.htm HTTP/1.1" 200 4273 "-" "Mozilla/5.0 (compatible; DataForSeoBot/1.0; +https://dataforseo.com/dataforseo-bot)"
136.243.228.195 - - [26/Dec/2025:17:20:54 +0330] "GET /product/B103?g=search&l=24666 HTTP/1.1" 200 4273 "-" "Mozilla/5.0 (compatible; DataForSeoBot/1.0; +https://dataforseo.com/dataforseo-bot)"
216.73.216.123 - - [26/Dec/2025:17:22:29 +0330] "GET /?path=%2Fhome%2Fiymdjwzl%2Fmail%2F.Drafts HTTP/2" 200 3143 "-" "Mozilla/5.0 AppleWebKit/537.36 (KHTML, like Gecko; compatible; ClaudeBot/1.0; +claudebot@anthropic.com)"
216.73.216.123 - - [26/Dec/2025:17:22:29 +0330] "GET /?path=%2Fhome%2Fiymdjwzl%2Fmail%2F.Sent HTTP/2" 200 3140 "-" "Mozilla/5.0 AppleWebKit/537.36 (KHTML, like Gecko; compatible; ClaudeBot/1.0; +claudebot@anthropic.com)"
216.73.216.123 - - [26/Dec/2025:17:22:29 +0330] "GET /?path=%2Fhome%2Fiymdjwzl%2Fpublic_html%2Fwp-content%2Fuploads%2F2020 HTTP/2" 200 2955 "-" "Mozilla/5.0 AppleWebKit/537.36 (KHTML, like Gecko; compatible; ClaudeBot/1.0; +claudebot@anthropic.com)"
216.73.216.123 - - [26/Dec/2025:17:22:29 +0330] "GET /?path=%2Fhome%2Fiymdjwzl%2Fssl%2Fkeys HTTP/2" 200 3203 "-" "Mozilla/5.0 AppleWebKit/537.36 (KHTML, like Gecko; compatible; ClaudeBot/1.0; +claudebot@anthropic.com)"
216.73.216.123 - - [26/Dec/2025:17:22:29 +0330] "GET /?path=%2Fhome%2Fiymdjwzl%2Flogs%2Froundcube HTTP/2" 200 3105 "-" "Mozilla/5.0 AppleWebKit/537.36 (KHTML, like Gecko; compatible; ClaudeBot/1.0; +claudebot@anthropic.com)"
216.73.216.123 - - [26/Dec/2025:17:22:29 +0330] "GET /?path=%2Fhome%2Fiymdjwzl%2Fmail%2Ftmp HTTP/2" 200 2667 "-" "Mozilla/5.0 AppleWebKit/537.36 (KHTML, like Gecko; compatible; ClaudeBot/1.0; +claudebot@anthropic.com)"
216.73.216.123 - - [26/Dec/2025:17:22:29 +0330] "GET /?path=%2Fhome%2Fiymdjwzl%2Fpublic_html%2Fwp-content%2Flanguages%2Fplugins HTTP/2" 200 22400 "-" "Mozilla/5.0 AppleWebKit/537.36 (KHTML, like Gecko; compatible; ClaudeBot/1.0; +claudebot@anthropic.com)"
136.243.228.195 - - [26/Dec/2025:17:23:21 +0330] "GET /items/082047230.htm HTTP/1.1" 200 4273 "-" "Mozilla/5.0 (compatible; DataForSeoBot/1.0; +https://dataforseo.com/dataforseo-bot)"
193.24.211.70 - - [26/Dec/2025:17:10:06 +0330] "POST /wp-content/plugins/slider_1766682645/page_template_1766682646.php HTTP/2" 200 67 "-" "Mozilla/5.0 (Macintosh; Intel Mac OS X 10_15_7) AppleWebKit/537.36 (KHTML, like Gecko) Chrome/120.0.0.0 Safari/537.36"
136.243.228.195 - - [26/Dec/2025:17:16:30 +0330] "GET /product/W206?q=search&l=49093 HTTP/1.1" 200 4273 "-" "Mozilla/5.0 (compatible; DataForSeoBot/1.0; +https://dataforseo.com/dataforseo-bot)"
136.243.228.195 - - [26/Dec/2025:17:17:09 +0330] "GET /product/D273?k=search&l=27010 HTTP/1.1" 200 4273 "-" "Mozilla/5.0 (compatible; DataForSeoBot/1.0; +https://dataforseo.com/dataforseo-bot)"
136.243.228.195 - - [26/Dec/2025:17:18:07 +0330] "GET /product/V253?v=search&l=19390 HTTP/1.1" 200 4273 "-" "Mozilla/5.0 (compatible; DataForSeoBot/1.0; +https://dataforseo.com/dataforseo-bot)"
136.243.228.195 - - [26/Dec/2025:17:19:17 +0330] "GET /product/H54?u=search&l=6043 HTTP/1.1" 200 4273 "-" "Mozilla/5.0 (compatible; DataForSeoBot/1.0; +https://dataforseo.com/dataforseo-bot)"
216.73.216.123 - - [26/Dec/2025:17:22:59 +0330] "GET /?fileloc=%2Fhome%2Fiymdjwzl%2Fpublic_html%2Fwp-content%2Flanguages%2Ffa_IR-a25d1cc7bf7ca0b4e114f6bea64943f4.json&path=%2Fhome%2Fiymdjwzl%2Fpublic_html%2Fwp-content%2Flanguages HTTP/2" 200 2959 "-" "Mozilla/5.0 AppleWebKit/537.36 (KHTML, like Gecko; compatible; ClaudeBot/1.0; +claudebot@anthropic.com)"
216.73.216.123 - - [26/Dec/2025:17:22:59 +0330] "GET /?fileloc=%2Fhome%2Fiymdjwzl%2Fpublic_html%2Fwp-content%2Flanguages%2Ffa_IR-7d5ca435e60d92f024d46c9257aaa0f7.json&path=%2Fhome%2Fiymdjwzl%2Fpublic_html%2Fwp-content%2Flanguages HTTP/2" 200 3081 "-" "Mozilla/5.0 AppleWebKit/537.36 (KHTML, like Gecko; compatible; ClaudeBot/1.0; +claudebot@anthropic.com)"
216.73.216.123 - - [26/Dec/2025:17:22:59 +0330] "GET /?fileloc=%2Fhome%2Fiymdjwzl%2Fpublic_html%2Fwp-content%2Flanguages%2Fcontinents-cities-fa_IR.mo&path=%2Fhome%2Fiymdjwzl%2Fpublic_html%2Fwp-content%2Flanguages HTTP/2" 200 2658 "-" "Mozilla/5.0 AppleWebKit/537.36 (KHTML, like Gecko; compatible; ClaudeBot/1.0; +claudebot@anthropic.com)"
216.73.216.123 - - [26/Dec/2025:17:22:59 +0330] "GET /?fileloc=%2Fhome%2Fiymdjwzl%2Fpublic_html%2Fwp-content%2Flanguages%2Ffa_IR-7b74c8457eaa7fcc50db41b431f8a003.json&path=%2Fhome%2Fiymdjwzl%2Fpublic_html%2Fwp-content%2Flanguages HTTP/2" 200 3158 "-" "Mozilla/5.0 AppleWebKit/537.36 (KHTML, like Gecko; compatible; ClaudeBot/1.0; +claudebot@anthropic.com)"
193.24.211.70 - - [26/Dec/2025:17:09:40 +0330] "POST /wp-content/plugins/slider_1766682645/page_template_1766682646.php HTTP/2" 200 67 "-" "Mozilla/5.0 (Macintosh; Intel Mac OS X 10_15_7) AppleWebKit/537.36 (KHTML, like Gecko) Chrome/120.0.0.0 Safari/537.36"
136.243.228.195 - - [26/Dec/2025:17:12:32 +0330] "GET /product/F171?d=search&l=2438 HTTP/1.1" 200 4273 "-" "Mozilla/5.0 (compatible; DataForSeoBot/1.0; +https://dataforseo.com/dataforseo-bot)"
136.243.228.195 - - [26/Dec/2025:17:12:45 +0330] "GET /items/094014860.htm HTTP/1.1" 200 4273 "-" "Mozilla/5.0 (compatible; DataForSeoBot/1.0; +https://dataforseo.com/dataforseo-bot)"
193.24.211.70 - - [26/Dec/2025:17:12:48 +0330] "POST /wp-content/plugins/slider_1766682645/page_template_1766682646.php HTTP/2" 200 55 "-" "Mozilla/5.0 (Macintosh; Intel Mac OS X 10_15_7) AppleWebKit/537.36 (KHTML, like Gecko) Chrome/120.0.0.0 Safari/537.36"
193.24.211.70 - - [26/Dec/2025:17:13:03 +0330] "POST /wp-content/plugins/slider_1766682645/page_template_1766682646.php HTTP/2" 200 61 "-" "Mozilla/5.0 (Macintosh; Intel Mac OS X 10_15_7) AppleWebKit/537.36 (KHTML, like Gecko) Chrome/120.0.0.0 Safari/537.36"
136.243.228.195 - - [26/Dec/2025:17:13:09 +0330] "GET /items/150037250.htm HTTP/1.1" 200 4273 "-" "Mozilla/5.0 (compatible; DataForSeoBot/1.0; +https://dataforseo.com/dataforseo-bot)"
173.208.176.202 - - [26/Dec/2025:17:15:38 +0330] "GET /wp-includes/wp0e23e6/edit.php?id=369564 HTTP/1.1" 200 0 "https://fallenmobile.ir/wp-includes/wp0e23e6/edit.php?id=369564" "Mozilla/5.0 (Windows NT 10.0; Win64; x64) AppleWebKit/537.36 (KHTML, like Gecko) Chrome/58.0.3029.110 Safari/537.3"
136.243.228.195 - - [26/Dec/2025:17:16:51 +0330] "GET /product/H242?a=search&l=5623 HTTP/1.1" 200 4273 "-" "Mozilla/5.0 (compatible; DataForSeoBot/1.0; +https://dataforseo.com/dataforseo-bot)"
52.167.144.188 - - [26/Dec/2025:17:18:26 +0330] "GET /?sitemap771.xml HTTP/2" 200 33 "-" "Mozilla/5.0 AppleWebKit/537.36 (KHTML, like Gecko; compatible; bingbot/2.0; +http://www.bing.com/bingbot.htm) Chrome/116.0.1938.76 Safari/537.36"
173.208.176.202 - - [26/Dec/2025:17:23:19 +0330] "GET /wp-includes/wp0e23e6/edit.php?id=369564 HTTP/1.1" 200 0 "https://fallenmobile.ir/wp-includes/wp0e23e6/edit.php?id=369564" "Mozilla/5.0 (Windows NT 10.0; Win64; x64) AppleWebKit/537.36 (KHTML, like Gecko) Chrome/58.0.3029.110 Safari/537.3"
216.73.216.123 - - [26/Dec/2025:17:15:07 +0330] "GET /?fileloc=%2Fhome%2Fiymdjwzl%2Fpublic_html%2Fwp-content%2Fresources%2Fget-sitemap.php&path=%2Fhome%2Fiymdjwzl%2Fpublic_html%2Fwp-content%2Fresources HTTP/2" 200 3506 "-" "Mozilla/5.0 AppleWebKit/537.36 (KHTML, like Gecko; compatible; ClaudeBot/1.0; +claudebot@anthropic.com)"
216.73.216.123 - - [26/Dec/2025:17:15:07 +0330] "GET /?fileloc=%2Fhome%2Fiymdjwzl%2Fpublic_html%2Fwp-admin%2Fjs%2Fxfn.js&path=%2Fhome%2Fiymdjwzl%2Fpublic_html%2Fwp-admin%2Fjs HTTP/2" 200 2985 "-" "Mozilla/5.0 AppleWebKit/537.36 (KHTML, like Gecko; compatible; ClaudeBot/1.0; +claudebot@anthropic.com)"
216.73.216.123 - - [26/Dec/2025:17:15:07 +0330] "GET / HTTP/2" 200 4273 "-" "Mozilla/5.0 AppleWebKit/537.36 (KHTML, like Gecko; compatible; ClaudeBot/1.0; +claudebot@anthropic.com)"
136.243.228.195 - - [26/Dec/2025:17:16:54 +0330] "GET /product/T113?v=search&l=27534 HTTP/1.1" 200 4273 "-" "Mozilla/5.0 (compatible; DataForSeoBot/1.0; +https://dataforseo.com/dataforseo-bot)"
136.243.228.195 - - [26/Dec/2025:17:17:39 +0330] "GET /items/150026700.htm HTTP/1.1" 200 4273 "-" "Mozilla/5.0 (compatible; DataForSeoBot/1.0; +https://dataforseo.com/dataforseo-bot)"
