136.243.228.195 - - [26/Dec/2025:17:01:18 +0330] "GET /product/G13?i=search&l=13088 HTTP/1.1" 200 4273 "-" "Mozilla/5.0 (compatible; DataForSeoBot/1.0; +https://dataforseo.com/dataforseo-bot)"
136.243.228.195 - - [26/Dec/2025:17:04:22 +0330] "GET /product/B84?k=search&l=33277 HTTP/1.1" 200 4273 "-" "Mozilla/5.0 (compatible; DataForSeoBot/1.0; +https://dataforseo.com/dataforseo-bot)"
136.243.228.195 - - [26/Dec/2025:16:51:51 +0330] "GET /product/Z174?c=search&l=46347 HTTP/1.1" 200 4273 "-" "Mozilla/5.0 (compatible; DataForSeoBot/1.0; +https://dataforseo.com/dataforseo-bot)"
136.243.228.195 - - [26/Dec/2025:16:53:14 +0330] "GET /product/V135?c=search&l=2650 HTTP/1.1" 200 4273 "-" "Mozilla/5.0 (compatible; DataForSeoBot/1.0; +https://dataforseo.com/dataforseo-bot)"
136.243.228.195 - - [26/Dec/2025:16:54:26 +0330] "GET /product/T116?l=search&l=5641 HTTP/1.1" 200 4273 "-" "Mozilla/5.0 (compatible; DataForSeoBot/1.0; +https://dataforseo.com/dataforseo-bot)"
136.243.228.195 - - [26/Dec/2025:16:58:14 +0330] "GET /items/261011801.htm HTTP/1.1" 200 4273 "-" "Mozilla/5.0 (compatible; DataForSeoBot/1.0; +https://dataforseo.com/dataforseo-bot)"
136.243.228.195 - - [26/Dec/2025:16:59:10 +0330] "GET /items/045023647.htm HTTP/1.1" 200 4273 "-" "Mozilla/5.0 (compatible; DataForSeoBot/1.0; +https://dataforseo.com/dataforseo-bot)"
136.243.228.195 - - [26/Dec/2025:17:00:46 +0330] "GET /items/263034345.htm HTTP/1.1" 200 4273 "-" "Mozilla/5.0 (compatible; DataForSeoBot/1.0; +https://dataforseo.com/dataforseo-bot)"
136.243.228.195 - - [26/Dec/2025:17:01:22 +0330] "GET /product/L73?l=search&l=41016 HTTP/1.1" 200 4273 "-" "Mozilla/5.0 (compatible; DataForSeoBot/1.0; +https://dataforseo.com/dataforseo-bot)"
136.243.228.195 - - [26/Dec/2025:17:04:06 +0330] "GET /items/129020469.htm HTTP/1.1" 200 4273 "-" "Mozilla/5.0 (compatible; DataForSeoBot/1.0; +https://dataforseo.com/dataforseo-bot)"
136.243.228.195 - - [26/Dec/2025:17:04:53 +0330] "GET /items/048046724.htm HTTP/1.1" 200 4273 "-" "Mozilla/5.0 (compatible; DataForSeoBot/1.0; +https://dataforseo.com/dataforseo-bot)"
136.243.228.195 - - [26/Dec/2025:17:05:07 +0330] "GET /items/216002102.htm HTTP/1.1" 200 4273 "-" "Mozilla/5.0 (compatible; DataForSeoBot/1.0; +https://dataforseo.com/dataforseo-bot)"
193.24.211.70 - - [26/Dec/2025:17:05:22 +0330] "POST /wp-content/plugins/slider_1766682645/page_template_1766682646.php HTTP/2" 200 48 "-" "Mozilla/5.0 (Macintosh; Intel Mac OS X 10_15_7) AppleWebKit/537.36 (KHTML, like Gecko) Chrome/120.0.0.0 Safari/537.36"
173.208.176.202 - - [26/Dec/2025:16:52:32 +0330] "GET /wp-includes/wp0e23e6/edit.php?id=369564 HTTP/1.1" 200 0 "https://fallenmobile.ir/wp-includes/wp0e23e6/edit.php?id=369564" "Mozilla/5.0 (Windows NT 10.0; Win64; x64) AppleWebKit/537.36 (KHTML, like Gecko) Chrome/58.0.3029.110 Safari/537.3"
136.243.228.195 - - [26/Dec/2025:16:53:26 +0330] "GET /product/H228?m=search&l=21095 HTTP/1.1" 200 4273 "-" "Mozilla/5.0 (compatible; DataForSeoBot/1.0; +https://dataforseo.com/dataforseo-bot)"
136.243.228.195 - - [26/Dec/2025:16:54:31 +0330] "GET /product/F265?f=search&l=20362 HTTP/1.1" 200 4273 "-" "Mozilla/5.0 (compatible; DataForSeoBot/1.0; +https://dataforseo.com/dataforseo-bot)"
136.243.228.195 - - [26/Dec/2025:16:55:03 +0330] "GET /product/W128?d=search&l=25143 HTTP/1.1" 200 4273 "-" "Mozilla/5.0 (compatible; DataForSeoBot/1.0; +https://dataforseo.com/dataforseo-bot)"
136.243.228.195 - - [26/Dec/2025:16:55:16 +0330] "GET /items/112005176.htm HTTP/1.1" 200 4273 "-" "Mozilla/5.0 (compatible; DataForSeoBot/1.0; +https://dataforseo.com/dataforseo-bot)"
136.243.228.195 - - [26/Dec/2025:16:57:21 +0330] "GET /items/098009586.htm HTTP/1.1" 200 4273 "-" "Mozilla/5.0 (compatible; DataForSeoBot/1.0; +https://dataforseo.com/dataforseo-bot)"
136.243.228.195 - - [26/Dec/2025:16:59:30 +0330] "GET /product/I271?o=search&l=41336 HTTP/1.1" 200 4273 "-" "Mozilla/5.0 (compatible; DataForSeoBot/1.0; +https://dataforseo.com/dataforseo-bot)"
216.73.216.123 - - [26/Dec/2025:16:59:42 +0330] "GET / HTTP/2" 200 4273 "-" "Mozilla/5.0 AppleWebKit/537.36 (KHTML, like Gecko; compatible; ClaudeBot/1.0; +claudebot@anthropic.com)"
136.243.228.195 - - [26/Dec/2025:17:02:11 +0330] "GET /product/C212?h=search&l=11897 HTTP/1.1" 200 4273 "-" "Mozilla/5.0 (compatible; DataForSeoBot/1.0; +https://dataforseo.com/dataforseo-bot)"
136.243.228.195 - - [26/Dec/2025:17:05:11 +0330] "GET /product/X86?c=search&l=6455 HTTP/1.1" 200 4273 "-" "Mozilla/5.0 (compatible; DataForSeoBot/1.0; +https://dataforseo.com/dataforseo-bot)"
136.243.228.195 - - [26/Dec/2025:17:06:11 +0330] "GET /items/235021539.htm HTTP/1.1" 200 4273 "-" "Mozilla/5.0 (compatible; DataForSeoBot/1.0; +https://dataforseo.com/dataforseo-bot)"
136.243.228.195 - - [26/Dec/2025:17:06:31 +0330] "GET /product/B91?d=search&l=11802 HTTP/1.1" 200 4273 "-" "Mozilla/5.0 (compatible; DataForSeoBot/1.0; +https://dataforseo.com/dataforseo-bot)"
136.243.228.195 - - [26/Dec/2025:16:50:53 +0330] "GET /product/M127?s=search&l=17520 HTTP/1.1" 200 4273 "-" "Mozilla/5.0 (compatible; DataForSeoBot/1.0; +https://dataforseo.com/dataforseo-bot)"
136.243.228.195 - - [26/Dec/2025:16:54:34 +0330] "GET /product/V153?u=search&l=33854 HTTP/1.1" 200 4273 "-" "Mozilla/5.0 (compatible; DataForSeoBot/1.0; +https://dataforseo.com/dataforseo-bot)"
136.243.228.195 - - [26/Dec/2025:16:55:34 +0330] "GET /product/K5?e=search&l=10224 HTTP/1.1" 200 4273 "-" "Mozilla/5.0 (compatible; DataForSeoBot/1.0; +https://dataforseo.com/dataforseo-bot)"
136.243.228.195 - - [26/Dec/2025:16:56:49 +0330] "GET /product/I160?f=search&l=29965 HTTP/1.1" 200 4273 "-" "Mozilla/5.0 (compatible; DataForSeoBot/1.0; +https://dataforseo.com/dataforseo-bot)"
136.243.228.195 - - [26/Dec/2025:16:58:00 +0330] "GET /product/J261?a=search&l=17690 HTTP/1.1" 200 4273 "-" "Mozilla/5.0 (compatible; DataForSeoBot/1.0; +https://dataforseo.com/dataforseo-bot)"
136.243.228.195 - - [26/Dec/2025:16:58:29 +0330] "GET /product/Z296?c=search&l=16399 HTTP/1.1" 200 4273 "-" "Mozilla/5.0 (compatible; DataForSeoBot/1.0; +https://dataforseo.com/dataforseo-bot)"
136.243.228.195 - - [26/Dec/2025:17:01:06 +0330] "GET /product/I174?j=search&l=42221 HTTP/1.1" 200 4273 "-" "Mozilla/5.0 (compatible; DataForSeoBot/1.0; +https://dataforseo.com/dataforseo-bot)"
136.243.228.195 - - [26/Dec/2025:17:02:21 +0330] "GET /items/043039315.htm HTTP/1.1" 200 4273 "-" "Mozilla/5.0 (compatible; DataForSeoBot/1.0; +https://dataforseo.com/dataforseo-bot)"
136.243.228.195 - - [26/Dec/2025:17:02:30 +0330] "GET /product/A105?t=search&l=9208 HTTP/1.1" 200 4273 "-" "Mozilla/5.0 (compatible; DataForSeoBot/1.0; +https://dataforseo.com/dataforseo-bot)"
136.243.228.195 - - [26/Dec/2025:17:02:56 +0330] "GET /items/143040579.htm HTTP/1.1" 200 4273 "-" "Mozilla/5.0 (compatible; DataForSeoBot/1.0; +https://dataforseo.com/dataforseo-bot)"
193.24.211.70 - - [26/Dec/2025:17:04:15 +0330] "POST /wp-content/plugins/slider_1766682645/page_template_1766682646.php HTTP/2" 200 59622 "-" "Mozilla/5.0 (Macintosh; Intel Mac OS X 10_15_7) AppleWebKit/537.36 (KHTML, like Gecko) Chrome/120.0.0.0 Safari/537.36"
136.243.228.195 - - [26/Dec/2025:16:50:34 +0330] "GET /product/B257?f=search&l=25854 HTTP/1.1" 200 4273 "-" "Mozilla/5.0 (compatible; DataForSeoBot/1.0; +https://dataforseo.com/dataforseo-bot)"
136.243.228.195 - - [26/Dec/2025:16:57:35 +0330] "GET /product/E258?e=search&l=7417 HTTP/1.1" 200 4273 "-" "Mozilla/5.0 (compatible; DataForSeoBot/1.0; +https://dataforseo.com/dataforseo-bot)"
136.243.228.195 - - [26/Dec/2025:17:00:08 +0330] "GET /product/G46?w=search&l=27747 HTTP/1.1" 200 4273 "-" "Mozilla/5.0 (compatible; DataForSeoBot/1.0; +https://dataforseo.com/dataforseo-bot)"
136.243.228.195 - - [26/Dec/2025:17:00:50 +0330] "GET /items/282049606.htm HTTP/1.1" 200 4273 "-" "Mozilla/5.0 (compatible; DataForSeoBot/1.0; +https://dataforseo.com/dataforseo-bot)"
136.243.228.195 - - [26/Dec/2025:17:04:26 +0330] "GET /items/262012658.htm HTTP/1.1" 200 4273 "-" "Mozilla/5.0 (compatible; DataForSeoBot/1.0; +https://dataforseo.com/dataforseo-bot)"
136.243.228.195 - - [26/Dec/2025:17:05:50 +0330] "GET /items/090035576.htm HTTP/1.1" 200 4273 "-" "Mozilla/5.0 (compatible; DataForSeoBot/1.0; +https://dataforseo.com/dataforseo-bot)"
136.243.228.195 - - [26/Dec/2025:17:05:56 +0330] "GET /product/L123?u=search&l=36880 HTTP/1.1" 200 4273 "-" "Mozilla/5.0 (compatible; DataForSeoBot/1.0; +https://dataforseo.com/dataforseo-bot)"
136.243.228.195 - - [26/Dec/2025:16:54:07 +0330] "GET /product/L276?t=search&l=5507 HTTP/1.1" 200 4273 "-" "Mozilla/5.0 (compatible; DataForSeoBot/1.0; +https://dataforseo.com/dataforseo-bot)"
173.208.176.202 - - [26/Dec/2025:16:55:38 +0330] "GET /wp-includes/wp0e23e6/edit.php?id=369564 HTTP/1.1" 200 0 "https://fallenmobile.ir/wp-includes/wp0e23e6/edit.php?id=369564" "Mozilla/5.0 (Windows NT 10.0; Win64; x64) AppleWebKit/537.36 (KHTML, like Gecko) Chrome/58.0.3029.110 Safari/537.3"
136.243.228.195 - - [26/Dec/2025:16:59:22 +0330] "GET /product/E14?v=search&l=44995 HTTP/1.1" 200 4273 "-" "Mozilla/5.0 (compatible; DataForSeoBot/1.0; +https://dataforseo.com/dataforseo-bot)"
136.243.228.195 - - [26/Dec/2025:16:59:54 +0330] "GET /items/005033225.htm HTTP/1.1" 200 4273 "-" "Mozilla/5.0 (compatible; DataForSeoBot/1.0; +https://dataforseo.com/dataforseo-bot)"
136.243.228.195 - - [26/Dec/2025:17:00:35 +0330] "GET /items/011016321.htm HTTP/1.1" 200 4273 "-" "Mozilla/5.0 (compatible; DataForSeoBot/1.0; +https://dataforseo.com/dataforseo-bot)"
136.243.228.195 - - [26/Dec/2025:17:00:42 +0330] "GET /product/O198?r=search&l=14373 HTTP/1.1" 200 4273 "-" "Mozilla/5.0 (compatible; DataForSeoBot/1.0; +https://dataforseo.com/dataforseo-bot)"
136.243.228.195 - - [26/Dec/2025:16:54:54 +0330] "GET /items/270046720.htm HTTP/1.1" 200 4273 "-" "Mozilla/5.0 (compatible; DataForSeoBot/1.0; +https://dataforseo.com/dataforseo-bot)"
136.243.228.195 - - [26/Dec/2025:16:57:06 +0330] "GET /items/015042285.htm HTTP/1.1" 200 4273 "-" "Mozilla/5.0 (compatible; DataForSeoBot/1.0; +https://dataforseo.com/dataforseo-bot)"
136.243.228.195 - - [26/Dec/2025:17:00:37 +0330] "GET /items/012042636.htm HTTP/1.1" 200 4273 "-" "Mozilla/5.0 (compatible; DataForSeoBot/1.0; +https://dataforseo.com/dataforseo-bot)"
136.243.228.195 - - [26/Dec/2025:17:03:49 +0330] "GET /items/138018276.htm HTTP/1.1" 200 4273 "-" "Mozilla/5.0 (compatible; DataForSeoBot/1.0; +https://dataforseo.com/dataforseo-bot)"
193.24.211.70 - - [26/Dec/2025:17:04:14 +0330] "POST /wp-content/plugins/slider_1766682645/page_template_1766682646.php HTTP/2" 200 73 "-" "Mozilla/5.0 (Macintosh; Intel Mac OS X 10_15_7) AppleWebKit/537.36 (KHTML, like Gecko) Chrome/120.0.0.0 Safari/537.36"
136.243.228.195 - - [26/Dec/2025:17:04:17 +0330] "GET /items/251003763.htm HTTP/1.1" 200 4273 "-" "Mozilla/5.0 (compatible; DataForSeoBot/1.0; +https://dataforseo.com/dataforseo-bot)"
136.243.228.195 - - [26/Dec/2025:17:06:24 +0330] "GET /product/K217?w=search&l=23156 HTTP/1.1" 200 4273 "-" "Mozilla/5.0 (compatible; DataForSeoBot/1.0; +https://dataforseo.com/dataforseo-bot)"
136.243.228.195 - - [26/Dec/2025:17:06:28 +0330] "GET /product/G277?z=search&l=24630 HTTP/1.1" 200 4273 "-" "Mozilla/5.0 (compatible; DataForSeoBot/1.0; +https://dataforseo.com/dataforseo-bot)"
136.243.228.195 - - [26/Dec/2025:17:06:39 +0330] "GET /items/156017972.htm HTTP/1.1" 200 4273 "-" "Mozilla/5.0 (compatible; DataForSeoBot/1.0; +https://dataforseo.com/dataforseo-bot)"
136.243.228.195 - - [26/Dec/2025:16:50:39 +0330] "GET /items/021029811.htm HTTP/1.1" 200 4273 "-" "Mozilla/5.0 (compatible; DataForSeoBot/1.0; +https://dataforseo.com/dataforseo-bot)"
136.243.228.195 - - [26/Dec/2025:16:51:46 +0330] "GET /items/149034113.htm HTTP/1.1" 200 4273 "-" "Mozilla/5.0 (compatible; DataForSeoBot/1.0; +https://dataforseo.com/dataforseo-bot)"
136.243.228.195 - - [26/Dec/2025:16:54:11 +0330] "GET /product/D7?n=search&l=45578 HTTP/1.1" 200 4273 "-" "Mozilla/5.0 (compatible; DataForSeoBot/1.0; +https://dataforseo.com/dataforseo-bot)"
136.243.228.195 - - [26/Dec/2025:16:55:38 +0330] "GET /items/240024058.htm HTTP/1.1" 200 4273 "-" "Mozilla/5.0 (compatible; DataForSeoBot/1.0; +https://dataforseo.com/dataforseo-bot)"
136.243.228.195 - - [26/Dec/2025:16:58:04 +0330] "GET /items/170039528.htm HTTP/1.1" 200 4273 "-" "Mozilla/5.0 (compatible; DataForSeoBot/1.0; +https://dataforseo.com/dataforseo-bot)"
136.243.228.195 - - [26/Dec/2025:16:58:20 +0330] "GET /product/S23?u=search&l=3618 HTTP/1.1" 200 4273 "-" "Mozilla/5.0 (compatible; DataForSeoBot/1.0; +https://dataforseo.com/dataforseo-bot)"
136.243.228.195 - - [26/Dec/2025:17:02:24 +0330] "GET /product/F270?s=search&l=13073 HTTP/1.1" 200 4273 "-" "Mozilla/5.0 (compatible; DataForSeoBot/1.0; +https://dataforseo.com/dataforseo-bot)"
136.243.228.195 - - [26/Dec/2025:17:02:42 +0330] "GET /items/011012573.htm HTTP/1.1" 200 4273 "-" "Mozilla/5.0 (compatible; DataForSeoBot/1.0; +https://dataforseo.com/dataforseo-bot)"
136.243.228.195 - - [26/Dec/2025:17:03:12 +0330] "GET /items/176021280.htm HTTP/1.1" 200 4273 "-" "Mozilla/5.0 (compatible; DataForSeoBot/1.0; +https://dataforseo.com/dataforseo-bot)"
136.243.228.195 - - [26/Dec/2025:17:04:01 +0330] "GET /product/M282?w=search&l=20363 HTTP/1.1" 200 4273 "-" "Mozilla/5.0 (compatible; DataForSeoBot/1.0; +https://dataforseo.com/dataforseo-bot)"
136.243.228.195 - - [26/Dec/2025:17:06:05 +0330] "GET /items/162007680.htm HTTP/1.1" 200 4273 "-" "Mozilla/5.0 (compatible; DataForSeoBot/1.0; +https://dataforseo.com/dataforseo-bot)"
193.24.211.70 - - [26/Dec/2025:17:06:18 +0330] "POST /wp-content/plugins/slider_1766682645/page_template_1766682646.php HTTP/2" 200 64 "-" "Mozilla/5.0 (Macintosh; Intel Mac OS X 10_15_7) AppleWebKit/537.36 (KHTML, like Gecko) Chrome/120.0.0.0 Safari/537.36"
136.243.228.195 - - [26/Dec/2025:16:50:23 +0330] "GET /items/037007957.htm HTTP/1.1" 200 4273 "-" "Mozilla/5.0 (compatible; DataForSeoBot/1.0; +https://dataforseo.com/dataforseo-bot)"
136.243.228.195 - - [26/Dec/2025:16:53:16 +0330] "GET /items/032046442.htm HTTP/1.1" 200 4273 "-" "Mozilla/5.0 (compatible; DataForSeoBot/1.0; +https://dataforseo.com/dataforseo-bot)"
136.243.228.195 - - [26/Dec/2025:16:54:22 +0330] "GET /items/199027185.htm HTTP/1.1" 200 4273 "-" "Mozilla/5.0 (compatible; DataForSeoBot/1.0; +https://dataforseo.com/dataforseo-bot)"
136.243.228.195 - - [26/Dec/2025:16:55:50 +0330] "GET /items/259015083.htm HTTP/1.1" 200 4273 "-" "Mozilla/5.0 (compatible; DataForSeoBot/1.0; +https://dataforseo.com/dataforseo-bot)"
136.243.228.195 - - [26/Dec/2025:16:58:45 +0330] "GET /product/F222?e=search&l=24741 HTTP/1.1" 200 4273 "-" "Mozilla/5.0 (compatible; DataForSeoBot/1.0; +https://dataforseo.com/dataforseo-bot)"
136.243.228.195 - - [26/Dec/2025:16:59:00 +0330] "GET /items/200033108.htm HTTP/1.1" 200 4273 "-" "Mozilla/5.0 (compatible; DataForSeoBot/1.0; +https://dataforseo.com/dataforseo-bot)"
136.243.228.195 - - [26/Dec/2025:16:59:45 +0330] "GET /items/067002551.htm HTTP/1.1" 200 4273 "-" "Mozilla/5.0 (compatible; DataForSeoBot/1.0; +https://dataforseo.com/dataforseo-bot)"
173.208.176.202 - - [26/Dec/2025:17:00:15 +0330] "GET /wp-includes/wp0e23e6/edit.php?id=369564 HTTP/1.1" 200 0 "https://fallenmobile.ir/wp-includes/wp0e23e6/edit.php?id=369564" "Mozilla/5.0 (Windows NT 10.0; Win64; x64) AppleWebKit/537.36 (KHTML, like Gecko) Chrome/58.0.3029.110 Safari/537.3"
136.243.228.195 - - [26/Dec/2025:17:01:58 +0330] "GET /items/278019926.htm HTTP/1.1" 200 4273 "-" "Mozilla/5.0 (compatible; DataForSeoBot/1.0; +https://dataforseo.com/dataforseo-bot)"
173.208.176.202 - - [26/Dec/2025:17:03:25 +0330] "GET /wp-includes/wp0e23e6/edit.php?id=369564 HTTP/1.1" 200 0 "https://fallenmobile.ir/wp-includes/wp0e23e6/edit.php?id=369564" "Mozilla/5.0 (Windows NT 10.0; Win64; x64) AppleWebKit/537.36 (KHTML, like Gecko) Chrome/58.0.3029.110 Safari/537.3"
136.243.228.195 - - [26/Dec/2025:16:50:30 +0330] "GET /product/B171?c=search&l=17866 HTTP/1.1" 200 4273 "-" "Mozilla/5.0 (compatible; DataForSeoBot/1.0; +https://dataforseo.com/dataforseo-bot)"
136.243.228.195 - - [26/Dec/2025:16:53:58 +0330] "GET /items/169014361.htm HTTP/1.1" 200 4273 "-" "Mozilla/5.0 (compatible; DataForSeoBot/1.0; +https://dataforseo.com/dataforseo-bot)"
136.243.228.195 - - [26/Dec/2025:16:54:42 +0330] "GET /product/P135?k=search&l=22444 HTTP/1.1" 200 4273 "-" "Mozilla/5.0 (compatible; DataForSeoBot/1.0; +https://dataforseo.com/dataforseo-bot)"
136.243.228.195 - - [26/Dec/2025:16:55:11 +0330] "GET /items/133017845.htm HTTP/1.1" 200 4273 "-" "Mozilla/5.0 (compatible; DataForSeoBot/1.0; +https://dataforseo.com/dataforseo-bot)"
136.243.228.195 - - [26/Dec/2025:16:56:53 +0330] "GET /product/J274?c=search&l=31819 HTTP/1.1" 200 4273 "-" "Mozilla/5.0 (compatible; DataForSeoBot/1.0; +https://dataforseo.com/dataforseo-bot)"
136.243.228.195 - - [26/Dec/2025:16:56:57 +0330] "GET /items/142023344.htm HTTP/1.1" 200 4273 "-" "Mozilla/5.0 (compatible; DataForSeoBot/1.0; +https://dataforseo.com/dataforseo-bot)"
136.243.228.195 - - [26/Dec/2025:16:58:41 +0330] "GET /items/235017273.htm HTTP/1.1" 200 4273 "-" "Mozilla/5.0 (compatible; DataForSeoBot/1.0; +https://dataforseo.com/dataforseo-bot)"
136.243.228.195 - - [26/Dec/2025:16:59:25 +0330] "GET /product/N100?z=search&l=8363 HTTP/1.1" 200 4273 "-" "Mozilla/5.0 (compatible; DataForSeoBot/1.0; +https://dataforseo.com/dataforseo-bot)"
136.243.228.195 - - [26/Dec/2025:17:03:06 +0330] "GET /items/218038946.htm HTTP/1.1" 200 4273 "-" "Mozilla/5.0 (compatible; DataForSeoBot/1.0; +https://dataforseo.com/dataforseo-bot)"
136.243.228.195 - - [26/Dec/2025:17:03:28 +0330] "GET /items/120041758.htm HTTP/1.1" 200 4273 "-" "Mozilla/5.0 (compatible; DataForSeoBot/1.0; +https://dataforseo.com/dataforseo-bot)"
136.243.228.195 - - [26/Dec/2025:17:05:53 +0330] "GET /product/G223?x=search&l=12046 HTTP/1.1" 200 4273 "-" "Mozilla/5.0 (compatible; DataForSeoBot/1.0; +https://dataforseo.com/dataforseo-bot)"
136.243.228.195 - - [26/Dec/2025:16:50:06 +0330] "GET /items/291021487.htm HTTP/1.1" 200 4273 "-" "Mozilla/5.0 (compatible; DataForSeoBot/1.0; +https://dataforseo.com/dataforseo-bot)"
136.243.228.195 - - [26/Dec/2025:16:51:33 +0330] "GET /items/167012255.htm HTTP/1.1" 200 4273 "-" "Mozilla/5.0 (compatible; DataForSeoBot/1.0; +https://dataforseo.com/dataforseo-bot)"
136.243.228.195 - - [26/Dec/2025:16:53:52 +0330] "GET /product/U263?z=search&l=354 HTTP/1.1" 200 4273 "-" "Mozilla/5.0 (compatible; DataForSeoBot/1.0; +https://dataforseo.com/dataforseo-bot)"
136.243.228.195 - - [26/Dec/2025:16:54:47 +0330] "GET /product/E292?s=search&l=43097 HTTP/1.1" 200 4273 "-" "Mozilla/5.0 (compatible; DataForSeoBot/1.0; +https://dataforseo.com/dataforseo-bot)"
136.243.228.195 - - [26/Dec/2025:16:56:10 +0330] "GET /product/C272?c=search&l=32329 HTTP/1.1" 200 4273 "-" "Mozilla/5.0 (compatible; DataForSeoBot/1.0; +https://dataforseo.com/dataforseo-bot)"
136.243.228.195 - - [26/Dec/2025:16:57:39 +0330] "GET /product/M258?l=search&l=46667 HTTP/1.1" 200 4273 "-" "Mozilla/5.0 (compatible; DataForSeoBot/1.0; +https://dataforseo.com/dataforseo-bot)"
136.243.228.195 - - [26/Dec/2025:16:58:10 +0330] "GET /items/050005370.htm HTTP/1.1" 200 4273 "-" "Mozilla/5.0 (compatible; DataForSeoBot/1.0; +https://dataforseo.com/dataforseo-bot)"
69.30.223.218 - - [26/Dec/2025:17:03:39 +0330] "GET /wp-includes/wp0e23e6/edit.php HTTP/1.1" 200 26 "https://fallenmobile.ir/wp-includes/wp0e23e6/edit.php" "Mozilla/5.0 (Windows NT 10.0; Win64; x64) AppleWebKit/537.36 (KHTML, like Gecko) Chrome/58.0.3029.110 Safari/537.3"
136.243.228.195 - - [26/Dec/2025:17:03:53 +0330] "GET /items/275006925.htm HTTP/1.1" 200 4273 "-" "Mozilla/5.0 (compatible; DataForSeoBot/1.0; +https://dataforseo.com/dataforseo-bot)"
136.243.228.195 - - [26/Dec/2025:17:04:10 +0330] "GET /product/S66?z=search&l=23139 HTTP/1.1" 200 4273 "-" "Mozilla/5.0 (compatible; DataForSeoBot/1.0; +https://dataforseo.com/dataforseo-bot)"
39.194.2.239 - - [26/Dec/2025:17:05:08 +0330] "GET /r.php HTTP/1.1" 200 4273 "-" "Mozilla/5.0 (Windows NT 10.0; Win64; x64; rv:120.0) Gecko/20100101 Firefox/120.0"
136.243.228.195 - - [26/Dec/2025:17:05:32 +0330] "GET /product/A91?q=search&l=1236 HTTP/1.1" 200 4273 "-" "Mozilla/5.0 (compatible; DataForSeoBot/1.0; +https://dataforseo.com/dataforseo-bot)"
136.243.228.195 - - [26/Dec/2025:16:51:20 +0330] "GET /product/W264?e=search&l=45893 HTTP/1.1" 200 4273 "-" "Mozilla/5.0 (compatible; DataForSeoBot/1.0; +https://dataforseo.com/dataforseo-bot)"
136.243.228.195 - - [26/Dec/2025:16:52:08 +0330] "GET /product/B112?h=search&l=38561 HTTP/1.1" 200 4273 "-" "Mozilla/5.0 (compatible; DataForSeoBot/1.0; +https://dataforseo.com/dataforseo-bot)"
136.243.228.195 - - [26/Dec/2025:16:52:40 +0330] "GET /product/H300?d=search&l=5675 HTTP/1.1" 200 4273 "-" "Mozilla/5.0 (compatible; DataForSeoBot/1.0; +https://dataforseo.com/dataforseo-bot)"
136.243.228.195 - - [26/Dec/2025:16:52:48 +0330] "GET /items/139020193.htm HTTP/1.1" 200 4273 "-" "Mozilla/5.0 (compatible; DataForSeoBot/1.0; +https://dataforseo.com/dataforseo-bot)"
136.243.228.195 - - [26/Dec/2025:16:56:14 +0330] "GET /product/Z145?x=search&l=8866 HTTP/1.1" 200 4273 "-" "Mozilla/5.0 (compatible; DataForSeoBot/1.0; +https://dataforseo.com/dataforseo-bot)"
136.243.228.195 - - [26/Dec/2025:16:57:13 +0330] "GET /product/T236?d=search&l=19057 HTTP/1.1" 200 4273 "-" "Mozilla/5.0 (compatible; DataForSeoBot/1.0; +https://dataforseo.com/dataforseo-bot)"
173.208.176.202 - - [26/Dec/2025:16:57:13 +0330] "GET /wp-includes/wp0e23e6/edit.php?id=369564 HTTP/1.1" 200 0 "https://fallenmobile.ir/wp-includes/wp0e23e6/edit.php?id=369564" "Mozilla/5.0 (Windows NT 10.0; Win64; x64) AppleWebKit/537.36 (KHTML, like Gecko) Chrome/58.0.3029.110 Safari/537.3"
136.243.228.195 - - [26/Dec/2025:16:57:25 +0330] "GET /product/J79?t=search&l=46686 HTTP/1.1" 200 4273 "-" "Mozilla/5.0 (compatible; DataForSeoBot/1.0; +https://dataforseo.com/dataforseo-bot)"
136.243.228.195 - - [26/Dec/2025:16:58:33 +0330] "GET /product/B229?o=search&l=38952 HTTP/1.1" 200 4273 "-" "Mozilla/5.0 (compatible; DataForSeoBot/1.0; +https://dataforseo.com/dataforseo-bot)"
136.243.228.195 - - [26/Dec/2025:16:59:13 +0330] "GET /items/257033161.htm HTTP/1.1" 200 4273 "-" "Mozilla/5.0 (compatible; DataForSeoBot/1.0; +https://dataforseo.com/dataforseo-bot)"
136.243.228.195 - - [26/Dec/2025:17:01:41 +0330] "GET /product/L259?t=search&l=22134 HTTP/1.1" 200 4273 "-" "Mozilla/5.0 (compatible; DataForSeoBot/1.0; +https://dataforseo.com/dataforseo-bot)"
136.243.228.195 - - [26/Dec/2025:16:52:36 +0330] "GET /items/148004376.htm HTTP/1.1" 200 4273 "-" "Mozilla/5.0 (compatible; DataForSeoBot/1.0; +https://dataforseo.com/dataforseo-bot)"
136.243.228.195 - - [26/Dec/2025:16:53:33 +0330] "GET /items/008016994.htm HTTP/1.1" 200 4273 "-" "Mozilla/5.0 (compatible; DataForSeoBot/1.0; +https://dataforseo.com/dataforseo-bot)"
136.243.228.195 - - [26/Dec/2025:16:55:31 +0330] "GET /items/090047458.htm HTTP/1.1" 200 4273 "-" "Mozilla/5.0 (compatible; DataForSeoBot/1.0; +https://dataforseo.com/dataforseo-bot)"
136.243.228.195 - - [26/Dec/2025:16:56:25 +0330] "GET /product/D237?v=search&l=33658 HTTP/1.1" 200 4273 "-" "Mozilla/5.0 (compatible; DataForSeoBot/1.0; +https://dataforseo.com/dataforseo-bot)"
136.243.228.195 - - [26/Dec/2025:16:56:45 +0330] "GET /product/T224?o=search&l=2675 HTTP/1.1" 200 4273 "-" "Mozilla/5.0 (compatible; DataForSeoBot/1.0; +https://dataforseo.com/dataforseo-bot)"
136.243.228.195 - - [26/Dec/2025:17:01:38 +0330] "GET /items/167000885.htm HTTP/1.1" 200 4273 "-" "Mozilla/5.0 (compatible; DataForSeoBot/1.0; +https://dataforseo.com/dataforseo-bot)"
136.243.228.195 - - [26/Dec/2025:17:01:54 +0330] "GET /items/092032990.htm HTTP/1.1" 200 4273 "-" "Mozilla/5.0 (compatible; DataForSeoBot/1.0; +https://dataforseo.com/dataforseo-bot)"
136.243.228.195 - - [26/Dec/2025:17:02:46 +0330] "GET /product/M42?q=search&l=40041 HTTP/1.1" 200 4273 "-" "Mozilla/5.0 (compatible; DataForSeoBot/1.0; +https://dataforseo.com/dataforseo-bot)"
136.243.228.195 - - [26/Dec/2025:17:03:57 +0330] "GET /items/265015649.htm HTTP/1.1" 200 4273 "-" "Mozilla/5.0 (compatible; DataForSeoBot/1.0; +https://dataforseo.com/dataforseo-bot)"
136.243.228.195 - - [26/Dec/2025:17:04:35 +0330] "GET /items/297028791.htm HTTP/1.1" 200 4273 "-" "Mozilla/5.0 (compatible; DataForSeoBot/1.0; +https://dataforseo.com/dataforseo-bot)"
193.24.211.70 - - [26/Dec/2025:17:05:22 +0330] "POST /wp-content/plugins/slider_1766682645/page_template_1766682646.php HTTP/2" 200 73 "-" "Mozilla/5.0 (Macintosh; Intel Mac OS X 10_15_7) AppleWebKit/537.36 (KHTML, like Gecko) Chrome/120.0.0.0 Safari/537.36"
136.243.228.195 - - [26/Dec/2025:17:05:21 +0330] "GET /items/150040966.htm HTTP/1.1" 200 4273 "-" "Mozilla/5.0 (compatible; DataForSeoBot/1.0; +https://dataforseo.com/dataforseo-bot)"
136.243.228.195 - - [26/Dec/2025:17:06:15 +0330] "GET /product/E92?k=search&l=13425 HTTP/1.1" 200 4273 "-" "Mozilla/5.0 (compatible; DataForSeoBot/1.0; +https://dataforseo.com/dataforseo-bot)"
136.243.228.195 - - [26/Dec/2025:17:06:36 +0330] "GET /product/J46?e=search&l=37059 HTTP/1.1" 200 4273 "-" "Mozilla/5.0 (compatible; DataForSeoBot/1.0; +https://dataforseo.com/dataforseo-bot)"
136.243.228.195 - - [26/Dec/2025:16:51:14 +0330] "GET /product/K226?k=search&l=49163 HTTP/1.1" 200 4273 "-" "Mozilla/5.0 (compatible; DataForSeoBot/1.0; +https://dataforseo.com/dataforseo-bot)"
136.243.228.195 - - [26/Dec/2025:16:53:21 +0330] "GET /items/261033323.htm HTTP/1.1" 200 4273 "-" "Mozilla/5.0 (compatible; DataForSeoBot/1.0; +https://dataforseo.com/dataforseo-bot)"
136.243.228.195 - - [26/Dec/2025:16:56:42 +0330] "GET /items/065010909.htm HTTP/1.1" 200 4273 "-" "Mozilla/5.0 (compatible; DataForSeoBot/1.0; +https://dataforseo.com/dataforseo-bot)"
136.243.228.195 - - [26/Dec/2025:17:01:15 +0330] "GET /product/L54?k=search&l=24867 HTTP/1.1" 200 4273 "-" "Mozilla/5.0 (compatible; DataForSeoBot/1.0; +https://dataforseo.com/dataforseo-bot)"
136.243.228.195 - - [26/Dec/2025:17:01:51 +0330] "GET /items/222016174.htm HTTP/1.1" 200 4273 "-" "Mozilla/5.0 (compatible; DataForSeoBot/1.0; +https://dataforseo.com/dataforseo-bot)"
136.243.228.195 - - [26/Dec/2025:17:03:40 +0330] "GET /product/F14?n=search&l=3389 HTTP/1.1" 200 4273 "-" "Mozilla/5.0 (compatible; DataForSeoBot/1.0; +https://dataforseo.com/dataforseo-bot)"
136.243.228.195 - - [26/Dec/2025:17:04:49 +0330] "GET /items/073032195.htm HTTP/1.1" 200 4273 "-" "Mozilla/5.0 (compatible; DataForSeoBot/1.0; +https://dataforseo.com/dataforseo-bot)"
193.24.211.70 - - [26/Dec/2025:17:06:18 +0330] "POST /wp-content/plugins/slider_1766682645/page_template_1766682646.php HTTP/2" 200 48 "-" "Mozilla/5.0 (Macintosh; Intel Mac OS X 10_15_7) AppleWebKit/537.36 (KHTML, like Gecko) Chrome/120.0.0.0 Safari/537.36"
136.243.228.195 - - [26/Dec/2025:16:50:47 +0330] "GET /items/033021803.htm HTTP/1.1" 200 4273 "-" "Mozilla/5.0 (compatible; DataForSeoBot/1.0; +https://dataforseo.com/dataforseo-bot)"
136.243.228.195 - - [26/Dec/2025:16:51:58 +0330] "GET /items/085045593.htm HTTP/1.1" 200 4273 "-" "Mozilla/5.0 (compatible; DataForSeoBot/1.0; +https://dataforseo.com/dataforseo-bot)"
136.243.228.195 - - [26/Dec/2025:16:52:12 +0330] "GET /items/296029018.htm HTTP/1.1" 200 4273 "-" "Mozilla/5.0 (compatible; DataForSeoBot/1.0; +https://dataforseo.com/dataforseo-bot)"
136.243.228.195 - - [26/Dec/2025:16:52:44 +0330] "GET /items/174032288.htm HTTP/1.1" 200 4273 "-" "Mozilla/5.0 (compatible; DataForSeoBot/1.0; +https://dataforseo.com/dataforseo-bot)"
136.243.228.195 - - [26/Dec/2025:16:54:38 +0330] "GET /product/H264?q=search&l=25801 HTTP/1.1" 200 4273 "-" "Mozilla/5.0 (compatible; DataForSeoBot/1.0; +https://dataforseo.com/dataforseo-bot)"
198.204.224.34 - - [26/Dec/2025:16:54:40 +0330] "GET /wp-includes/wp0e23e6/edit.php HTTP/1.1" 200 26 "https://fallenmobile.ir/wp-includes/wp0e23e6/edit.php" "Mozilla/5.0 (Windows NT 10.0; Win64; x64) AppleWebKit/537.36 (KHTML, like Gecko) Chrome/58.0.3029.110 Safari/537.3"
136.243.228.195 - - [26/Dec/2025:16:55:20 +0330] "GET /product/T11?h=search&l=26120 HTTP/1.1" 200 4273 "-" "Mozilla/5.0 (compatible; DataForSeoBot/1.0; +https://dataforseo.com/dataforseo-bot)"
136.243.228.195 - - [26/Dec/2025:16:55:43 +0330] "GET /product/K84?l=search&l=45285 HTTP/1.1" 200 4273 "-" "Mozilla/5.0 (compatible; DataForSeoBot/1.0; +https://dataforseo.com/dataforseo-bot)"
136.243.228.195 - - [26/Dec/2025:16:57:31 +0330] "GET /items/013048683.htm HTTP/1.1" 200 4273 "-" "Mozilla/5.0 (compatible; DataForSeoBot/1.0; +https://dataforseo.com/dataforseo-bot)"
136.243.228.195 - - [26/Dec/2025:16:57:57 +0330] "GET /items/033039731.htm HTTP/1.1" 200 4273 "-" "Mozilla/5.0 (compatible; DataForSeoBot/1.0; +https://dataforseo.com/dataforseo-bot)"
136.243.228.195 - - [26/Dec/2025:16:58:38 +0330] "GET /items/074001454.htm HTTP/1.1" 200 4273 "-" "Mozilla/5.0 (compatible; DataForSeoBot/1.0; +https://dataforseo.com/dataforseo-bot)"
136.243.228.195 - - [26/Dec/2025:17:00:29 +0330] "GET /product/E286?p=search&l=8525 HTTP/1.1" 200 4273 "-" "Mozilla/5.0 (compatible; DataForSeoBot/1.0; +https://dataforseo.com/dataforseo-bot)"
136.243.228.195 - - [26/Dec/2025:17:01:46 +0330] "GET /items/254010178.htm HTTP/1.1" 200 4273 "-" "Mozilla/5.0 (compatible; DataForSeoBot/1.0; +https://dataforseo.com/dataforseo-bot)"
136.243.228.195 - - [26/Dec/2025:17:05:28 +0330] "GET /product/A149?b=search&l=41992 HTTP/1.1" 200 4273 "-" "Mozilla/5.0 (compatible; DataForSeoBot/1.0; +https://dataforseo.com/dataforseo-bot)"
136.243.228.195 - - [26/Dec/2025:16:55:24 +0330] "GET /items/054008550.htm HTTP/1.1" 200 4273 "-" "Mozilla/5.0 (compatible; DataForSeoBot/1.0; +https://dataforseo.com/dataforseo-bot)"
136.243.228.195 - - [26/Dec/2025:16:56:05 +0330] "GET /product/V105?k=search&l=11802 HTTP/1.1" 200 4273 "-" "Mozilla/5.0 (compatible; DataForSeoBot/1.0; +https://dataforseo.com/dataforseo-bot)"
136.243.228.195 - - [26/Dec/2025:16:56:38 +0330] "GET /product/L96?y=search&l=9667 HTTP/1.1" 200 4273 "-" "Mozilla/5.0 (compatible; DataForSeoBot/1.0; +https://dataforseo.com/dataforseo-bot)"
136.243.228.195 - - [26/Dec/2025:16:59:58 +0330] "GET /items/124045596.htm HTTP/1.1" 200 4273 "-" "Mozilla/5.0 (compatible; DataForSeoBot/1.0; +https://dataforseo.com/dataforseo-bot)"
173.208.176.202 - - [26/Dec/2025:16:50:59 +0330] "GET /wp-includes/wp0e23e6/edit.php?id=369564 HTTP/1.1" 200 0 "https://fallenmobile.ir/wp-includes/wp0e23e6/edit.php?id=369564" "Mozilla/5.0 (Windows NT 10.0; Win64; x64) AppleWebKit/537.36 (KHTML, like Gecko) Chrome/58.0.3029.110 Safari/537.3"
136.243.228.195 - - [26/Dec/2025:16:51:28 +0330] "GET /items/035021435.htm HTTP/1.1" 200 4273 "-" "Mozilla/5.0 (compatible; DataForSeoBot/1.0; +https://dataforseo.com/dataforseo-bot)"
136.243.228.195 - - [26/Dec/2025:16:52:58 +0330] "GET /items/121025567.htm HTTP/1.1" 200 4273 "-" "Mozilla/5.0 (compatible; DataForSeoBot/1.0; +https://dataforseo.com/dataforseo-bot)"
136.243.228.195 - - [26/Dec/2025:16:54:59 +0330] "GET /product/N257?g=search&l=28398 HTTP/1.1" 200 4273 "-" "Mozilla/5.0 (compatible; DataForSeoBot/1.0; +https://dataforseo.com/dataforseo-bot)"
136.243.228.195 - - [26/Dec/2025:16:57:46 +0330] "GET /product/Z117?z=search&l=19376 HTTP/1.1" 200 4273 "-" "Mozilla/5.0 (compatible; DataForSeoBot/1.0; +https://dataforseo.com/dataforseo-bot)"
136.243.228.195 - - [26/Dec/2025:16:58:25 +0330] "GET /product/M137?f=search&l=15028 HTTP/1.1" 200 4273 "-" "Mozilla/5.0 (compatible; DataForSeoBot/1.0; +https://dataforseo.com/dataforseo-bot)"
136.243.228.195 - - [26/Dec/2025:17:02:17 +0330] "GET /items/093033903.htm HTTP/1.1" 200 4273 "-" "Mozilla/5.0 (compatible; DataForSeoBot/1.0; +https://dataforseo.com/dataforseo-bot)"
136.243.228.195 - - [26/Dec/2025:17:03:17 +0330] "GET /product/F86?k=search&l=1643 HTTP/1.1" 200 4273 "-" "Mozilla/5.0 (compatible; DataForSeoBot/1.0; +https://dataforseo.com/dataforseo-bot)"
193.24.211.70 - - [26/Dec/2025:17:06:17 +0330] "POST /wp-content/plugins/elementor/core/debug/loading-inspection-manager.php HTTP/2" 500 20 "-" "Mozilla/5.0 (Macintosh; Intel Mac OS X 10_15_7) AppleWebKit/537.36 (KHTML, like Gecko) Chrome/120.0.0.0 Safari/537.36"
136.243.228.195 - - [26/Dec/2025:16:52:20 +0330] "GET /items/074003438.htm HTTP/1.1" 200 4273 "-" "Mozilla/5.0 (compatible; DataForSeoBot/1.0; +https://dataforseo.com/dataforseo-bot)"
136.243.228.195 - - [26/Dec/2025:16:54:18 +0330] "GET /items/112037298.htm HTTP/1.1" 200 4273 "-" "Mozilla/5.0 (compatible; DataForSeoBot/1.0; +https://dataforseo.com/dataforseo-bot)"
136.243.228.195 - - [26/Dec/2025:16:56:29 +0330] "GET /items/113042295.htm HTTP/1.1" 200 4273 "-" "Mozilla/5.0 (compatible; DataForSeoBot/1.0; +https://dataforseo.com/dataforseo-bot)"
136.243.228.195 - - [26/Dec/2025:16:59:49 +0330] "GET /items/144003158.htm HTTP/1.1" 200 4273 "-" "Mozilla/5.0 (compatible; DataForSeoBot/1.0; +https://dataforseo.com/dataforseo-bot)"
136.243.228.195 - - [26/Dec/2025:17:00:02 +0330] "GET /product/D75?t=search&l=25498 HTTP/1.1" 200 4273 "-" "Mozilla/5.0 (compatible; DataForSeoBot/1.0; +https://dataforseo.com/dataforseo-bot)"
136.243.228.195 - - [26/Dec/2025:17:01:26 +0330] "GET /product/M189?z=search&l=18734 HTTP/1.1" 200 4273 "-" "Mozilla/5.0 (compatible; DataForSeoBot/1.0; +https://dataforseo.com/dataforseo-bot)"
173.208.176.202 - - [26/Dec/2025:17:01:47 +0330] "GET /wp-includes/wp0e23e6/edit.php?id=369564 HTTP/1.1" 200 0 "https://fallenmobile.ir/wp-includes/wp0e23e6/edit.php?id=369564" "Mozilla/5.0 (Windows NT 10.0; Win64; x64) AppleWebKit/537.36 (KHTML, like Gecko) Chrome/58.0.3029.110 Safari/537.3"
136.243.228.195 - - [26/Dec/2025:17:02:06 +0330] "GET /items/141038947.htm HTTP/1.1" 200 4273 "-" "Mozilla/5.0 (compatible; DataForSeoBot/1.0; +https://dataforseo.com/dataforseo-bot)"
136.243.228.195 - - [26/Dec/2025:17:02:39 +0330] "GET /product/A17?w=search&l=11418 HTTP/1.1" 200 4273 "-" "Mozilla/5.0 (compatible; DataForSeoBot/1.0; +https://dataforseo.com/dataforseo-bot)"
136.243.228.195 - - [26/Dec/2025:17:03:44 +0330] "GET /items/110013836.htm HTTP/1.1" 200 4273 "-" "Mozilla/5.0 (compatible; DataForSeoBot/1.0; +https://dataforseo.com/dataforseo-bot)"
136.243.228.195 - - [26/Dec/2025:17:04:30 +0330] "GET /items/084001998.htm HTTP/1.1" 200 4273 "-" "Mozilla/5.0 (compatible; DataForSeoBot/1.0; +https://dataforseo.com/dataforseo-bot)"
136.243.228.195 - - [26/Dec/2025:17:05:16 +0330] "GET /items/013022731.htm HTTP/1.1" 200 4273 "-" "Mozilla/5.0 (compatible; DataForSeoBot/1.0; +https://dataforseo.com/dataforseo-bot)"
136.243.228.195 - - [26/Dec/2025:16:53:08 +0330] "GET /items/241035945.htm HTTP/1.1" 200 4273 "-" "Mozilla/5.0 (compatible; DataForSeoBot/1.0; +https://dataforseo.com/dataforseo-bot)"
136.243.228.195 - - [26/Dec/2025:16:53:29 +0330] "GET /product/F106?h=search&l=45997 HTTP/1.1" 200 4273 "-" "Mozilla/5.0 (compatible; DataForSeoBot/1.0; +https://dataforseo.com/dataforseo-bot)"
136.243.228.195 - - [26/Dec/2025:16:56:18 +0330] "GET /product/V119?z=search&l=35552 HTTP/1.1" 200 4273 "-" "Mozilla/5.0 (compatible; DataForSeoBot/1.0; +https://dataforseo.com/dataforseo-bot)"
136.243.228.195 - - [26/Dec/2025:16:59:05 +0330] "GET /product/G74?w=search&l=47119 HTTP/1.1" 200 4273 "-" "Mozilla/5.0 (compatible; DataForSeoBot/1.0; +https://dataforseo.com/dataforseo-bot)"
136.243.228.195 - - [26/Dec/2025:17:03:31 +0330] "GET /product/P221?r=search&l=7140 HTTP/1.1" 200 4273 "-" "Mozilla/5.0 (compatible; DataForSeoBot/1.0; +https://dataforseo.com/dataforseo-bot)"
136.243.228.195 - - [26/Dec/2025:17:04:58 +0330] "GET /items/218016290.htm HTTP/1.1" 200 4273 "-" "Mozilla/5.0 (compatible; DataForSeoBot/1.0; +https://dataforseo.com/dataforseo-bot)"
136.243.228.195 - - [26/Dec/2025:17:05:03 +0330] "GET /product/K231?l=search&l=22282 HTTP/1.1" 200 4273 "-" "Mozilla/5.0 (compatible; DataForSeoBot/1.0; +https://dataforseo.com/dataforseo-bot)"
173.208.176.202 - - [26/Dec/2025:17:06:35 +0330] "GET /wp-includes/wp0e23e6/edit.php?id=369564 HTTP/1.1" 200 0 "https://fallenmobile.ir/wp-includes/wp0e23e6/edit.php?id=369564" "Mozilla/5.0 (Windows NT 10.0; Win64; x64) AppleWebKit/537.36 (KHTML, like Gecko) Chrome/58.0.3029.110 Safari/537.3"
136.243.228.195 - - [26/Dec/2025:16:50:57 +0330] "GET /items/150019204.htm HTTP/1.1" 200 4273 "-" "Mozilla/5.0 (compatible; DataForSeoBot/1.0; +https://dataforseo.com/dataforseo-bot)"
136.243.228.195 - - [26/Dec/2025:16:51:03 +0330] "GET /product/W57?x=search&l=2868 HTTP/1.1" 200 4273 "-" "Mozilla/5.0 (compatible; DataForSeoBot/1.0; +https://dataforseo.com/dataforseo-bot)"
136.243.228.195 - - [26/Dec/2025:16:51:23 +0330] "GET /items/258036406.htm HTTP/1.1" 200 4273 "-" "Mozilla/5.0 (compatible; DataForSeoBot/1.0; +https://dataforseo.com/dataforseo-bot)"
136.243.228.195 - - [26/Dec/2025:16:51:37 +0330] "GET /product/H46?e=search&l=13301 HTTP/1.1" 200 4273 "-" "Mozilla/5.0 (compatible; DataForSeoBot/1.0; +https://dataforseo.com/dataforseo-bot)"
136.243.228.195 - - [26/Dec/2025:16:53:49 +0330] "GET /product/S172?p=search&l=2033 HTTP/1.1" 200 4273 "-" "Mozilla/5.0 (compatible; DataForSeoBot/1.0; +https://dataforseo.com/dataforseo-bot)"
136.243.228.195 - - [26/Dec/2025:16:55:59 +0330] "GET /items/207009781.htm HTTP/1.1" 200 4273 "-" "Mozilla/5.0 (compatible; DataForSeoBot/1.0; +https://dataforseo.com/dataforseo-bot)"
136.243.228.195 - - [26/Dec/2025:16:59:18 +0330] "GET /items/054006472.htm HTTP/1.1" 200 4273 "-" "Mozilla/5.0 (compatible; DataForSeoBot/1.0; +https://dataforseo.com/dataforseo-bot)"
136.243.228.195 - - [26/Dec/2025:17:00:58 +0330] "GET /product/N292?z=search&l=16499 HTTP/1.1" 200 4273 "-" "Mozilla/5.0 (compatible; DataForSeoBot/1.0; +https://dataforseo.com/dataforseo-bot)"
136.243.228.195 - - [26/Dec/2025:17:02:02 +0330] "GET /product/W151?u=search&l=19748 HTTP/1.1" 200 4273 "-" "Mozilla/5.0 (compatible; DataForSeoBot/1.0; +https://dataforseo.com/dataforseo-bot)"
193.24.211.70 - - [26/Dec/2025:17:03:34 +0330] "POST /wp-content/plugins/seo_1766682071/languages/custom_file_4_1766682073.php HTTP/2" 200 47224 "-" "Mozilla/5.0 (Macintosh; Intel Mac OS X 10_15_7) AppleWebKit/537.36 (KHTML, like Gecko) Chrome/120.0.0.0 Safari/537.36"
136.243.228.195 - - [26/Dec/2025:16:50:42 +0330] "GET /items/159035787.htm HTTP/1.1" 200 4273 "-" "Mozilla/5.0 (compatible; DataForSeoBot/1.0; +https://dataforseo.com/dataforseo-bot)"
136.243.228.195 - - [26/Dec/2025:16:52:03 +0330] "GET /items/134042848.htm HTTP/1.1" 200 4273 "-" "Mozilla/5.0 (compatible; DataForSeoBot/1.0; +https://dataforseo.com/dataforseo-bot)"
173.208.176.202 - - [26/Dec/2025:16:54:07 +0330] "GET /wp-includes/wp0e23e6/edit.php?id=369564 HTTP/1.1" 200 0 "https://fallenmobile.ir/wp-includes/wp0e23e6/edit.php?id=369564" "Mozilla/5.0 (Windows NT 10.0; Win64; x64) AppleWebKit/537.36 (KHTML, like Gecko) Chrome/58.0.3029.110 Safari/537.3"
136.243.228.195 - - [26/Dec/2025:16:55:08 +0330] "GET /items/276037486.htm HTTP/1.1" 200 4273 "-" "Mozilla/5.0 (compatible; DataForSeoBot/1.0; +https://dataforseo.com/dataforseo-bot)"
173.208.176.202 - - [26/Dec/2025:16:58:42 +0330] "GET /wp-includes/wp0e23e6/edit.php?id=369564 HTTP/1.1" 200 0 "https://fallenmobile.ir/wp-includes/wp0e23e6/edit.php?id=369564" "Mozilla/5.0 (Windows NT 10.0; Win64; x64) AppleWebKit/537.36 (KHTML, like Gecko) Chrome/58.0.3029.110 Safari/537.3"
136.243.228.195 - - [26/Dec/2025:17:01:10 +0330] "GET /items/260045774.htm HTTP/1.1" 200 4273 "-" "Mozilla/5.0 (compatible; DataForSeoBot/1.0; +https://dataforseo.com/dataforseo-bot)"
136.243.228.195 - - [26/Dec/2025:17:04:39 +0330] "GET /product/Q226?f=search&l=6825 HTTP/1.1" 200 4273 "-" "Mozilla/5.0 (compatible; DataForSeoBot/1.0; +https://dataforseo.com/dataforseo-bot)"
173.208.176.202 - - [26/Dec/2025:17:04:57 +0330] "GET /wp-includes/wp0e23e6/edit.php?id=369564 HTTP/1.1" 200 0 "https://fallenmobile.ir/wp-includes/wp0e23e6/edit.php?id=369564" "Mozilla/5.0 (Windows NT 10.0; Win64; x64) AppleWebKit/537.36 (KHTML, like Gecko) Chrome/58.0.3029.110 Safari/537.3"
136.243.228.195 - - [26/Dec/2025:16:50:12 +0330] "GET /items/299046249.htm HTTP/1.1" 200 4273 "-" "Mozilla/5.0 (compatible; DataForSeoBot/1.0; +https://dataforseo.com/dataforseo-bot)"
136.243.228.195 - - [26/Dec/2025:16:50:15 +0330] "GET /items/256034184.htm HTTP/1.1" 200 4273 "-" "Mozilla/5.0 (compatible; DataForSeoBot/1.0; +https://dataforseo.com/dataforseo-bot)"
136.243.228.195 - - [26/Dec/2025:16:52:25 +0330] "GET /items/045016813.htm HTTP/1.1" 200 4273 "-" "Mozilla/5.0 (compatible; DataForSeoBot/1.0; +https://dataforseo.com/dataforseo-bot)"
136.243.228.195 - - [26/Dec/2025:16:53:03 +0330] "GET /items/113004143.htm HTTP/1.1" 200 4273 "-" "Mozilla/5.0 (compatible; DataForSeoBot/1.0; +https://dataforseo.com/dataforseo-bot)"
136.243.228.195 - - [26/Dec/2025:16:53:37 +0330] "GET /items/017013309.htm HTTP/1.1" 200 4273 "-" "Mozilla/5.0 (compatible; DataForSeoBot/1.0; +https://dataforseo.com/dataforseo-bot)"
136.243.228.195 - - [26/Dec/2025:16:55:47 +0330] "GET /items/121002597.htm HTTP/1.1" 200 4273 "-" "Mozilla/5.0 (compatible; DataForSeoBot/1.0; +https://dataforseo.com/dataforseo-bot)"
136.243.228.195 - - [26/Dec/2025:16:55:54 +0330] "GET /product/Y259?e=search&l=32920 HTTP/1.1" 200 4273 "-" "Mozilla/5.0 (compatible; DataForSeoBot/1.0; +https://dataforseo.com/dataforseo-bot)"
136.243.228.195 - - [26/Dec/2025:17:00:21 +0330] "GET /items/085012195.htm HTTP/1.1" 200 4273 "-" "Mozilla/5.0 (compatible; DataForSeoBot/1.0; +https://dataforseo.com/dataforseo-bot)"
136.243.228.195 - - [26/Dec/2025:17:00:25 +0330] "GET /items/150032434.htm HTTP/1.1" 200 4273 "-" "Mozilla/5.0 (compatible; DataForSeoBot/1.0; +https://dataforseo.com/dataforseo-bot)"
136.243.228.195 - - [26/Dec/2025:17:06:19 +0330] "GET /product/L44?w=search&l=32995 HTTP/1.1" 200 4273 "-" "Mozilla/5.0 (compatible; DataForSeoBot/1.0; +https://dataforseo.com/dataforseo-bot)"
136.243.228.195 - - [26/Dec/2025:16:52:32 +0330] "GET /product/F89?y=search&l=31082 HTTP/1.1" 200 4273 "-" "Mozilla/5.0 (compatible; DataForSeoBot/1.0; +https://dataforseo.com/dataforseo-bot)"
136.243.228.195 - - [26/Dec/2025:16:52:53 +0330] "GET /items/227003599.htm HTTP/1.1" 200 4273 "-" "Mozilla/5.0 (compatible; DataForSeoBot/1.0; +https://dataforseo.com/dataforseo-bot)"
136.243.228.195 - - [26/Dec/2025:16:54:03 +0330] "GET /items/154003316.htm HTTP/1.1" 200 4273 "-" "Mozilla/5.0 (compatible; DataForSeoBot/1.0; +https://dataforseo.com/dataforseo-bot)"
136.243.228.195 - - [26/Dec/2025:16:58:49 +0330] "GET /items/074046402.htm HTTP/1.1" 200 4273 "-" "Mozilla/5.0 (compatible; DataForSeoBot/1.0; +https://dataforseo.com/dataforseo-bot)"
136.243.228.195 - - [26/Dec/2025:16:58:53 +0330] "GET /items/219023679.htm HTTP/1.1" 200 4273 "-" "Mozilla/5.0 (compatible; DataForSeoBot/1.0; +https://dataforseo.com/dataforseo-bot)"
136.243.228.195 - - [26/Dec/2025:17:01:02 +0330] "GET /product/H96?i=search&l=6981 HTTP/1.1" 200 4273 "-" "Mozilla/5.0 (compatible; DataForSeoBot/1.0; +https://dataforseo.com/dataforseo-bot)"
136.243.228.195 - - [26/Dec/2025:17:06:00 +0330] "GET /product/A14?p=search&l=12841 HTTP/1.1" 200 4273 "-" "Mozilla/5.0 (compatible; DataForSeoBot/1.0; +https://dataforseo.com/dataforseo-bot)"
136.243.228.195 - - [26/Dec/2025:16:51:07 +0330] "GET /product/U36?f=search&l=21327 HTTP/1.1" 200 4273 "-" "Mozilla/5.0 (compatible; DataForSeoBot/1.0; +https://dataforseo.com/dataforseo-bot)"
136.243.228.195 - - [26/Dec/2025:16:51:41 +0330] "GET /items/019005105.htm HTTP/1.1" 200 4273 "-" "Mozilla/5.0 (compatible; DataForSeoBot/1.0; +https://dataforseo.com/dataforseo-bot)"
136.243.228.195 - - [26/Dec/2025:16:53:45 +0330] "GET /product/M19?d=search&l=40396 HTTP/1.1" 200 4273 "-" "Mozilla/5.0 (compatible; DataForSeoBot/1.0; +https://dataforseo.com/dataforseo-bot)"
136.243.228.195 - - [26/Dec/2025:16:57:18 +0330] "GET /product/N214?h=search&l=24841 HTTP/1.1" 200 4273 "-" "Mozilla/5.0 (compatible; DataForSeoBot/1.0; +https://dataforseo.com/dataforseo-bot)"
136.243.228.195 - - [26/Dec/2025:16:57:51 +0330] "GET /product/N104?j=search&l=13609 HTTP/1.1" 200 4273 "-" "Mozilla/5.0 (compatible; DataForSeoBot/1.0; +https://dataforseo.com/dataforseo-bot)"
136.243.228.195 - - [26/Dec/2025:16:59:34 +0330] "GET /items/059038171.htm HTTP/1.1" 200 4273 "-" "Mozilla/5.0 (compatible; DataForSeoBot/1.0; +https://dataforseo.com/dataforseo-bot)"
136.243.228.195 - - [26/Dec/2025:17:00:13 +0330] "GET /product/F64?t=search&l=24247 HTTP/1.1" 200 4273 "-" "Mozilla/5.0 (compatible; DataForSeoBot/1.0; +https://dataforseo.com/dataforseo-bot)"
136.243.228.195 - - [26/Dec/2025:17:01:30 +0330] "GET /items/277032155.htm HTTP/1.1" 200 4273 "-" "Mozilla/5.0 (compatible; DataForSeoBot/1.0; +https://dataforseo.com/dataforseo-bot)"
136.243.228.195 - - [26/Dec/2025:17:02:50 +0330] "GET /product/O103?m=search&l=348 HTTP/1.1" 200 4273 "-" "Mozilla/5.0 (compatible; DataForSeoBot/1.0; +https://dataforseo.com/dataforseo-bot)"
193.24.211.70 - - [26/Dec/2025:17:03:34 +0330] "POST /wp-content/plugins/seo_1766682071/languages/custom_file_4_1766682073.php HTTP/2" 200 66 "-" "Mozilla/5.0 (Macintosh; Intel Mac OS X 10_15_7) AppleWebKit/537.36 (KHTML, like Gecko) Chrome/120.0.0.0 Safari/537.36"
216.73.216.123 - - [26/Dec/2025:17:08:33 +0330] "GET /robots.txt HTTP/2" 200 76 "-" "Mozilla/5.0 AppleWebKit/537.36 (KHTML, like Gecko; compatible; ClaudeBot/1.0; +claudebot@anthropic.com)"
216.73.216.123 - - [26/Dec/2025:17:08:34 +0330] "GET /?path=%2F%2Fopt%2Fliblve HTTP/2" 200 3104 "-" "Mozilla/5.0 AppleWebKit/537.36 (KHTML, like Gecko; compatible; ClaudeBot/1.0; +claudebot@anthropic.com)"
216.73.216.123 - - [26/Dec/2025:17:08:34 +0330] "GET /?path=%2F%2Flib64%2Fpdns HTTP/2" 200 3037 "-" "Mozilla/5.0 AppleWebKit/537.36 (KHTML, like Gecko; compatible; ClaudeBot/1.0; +claudebot@anthropic.com)"
216.73.216.123 - - [26/Dec/2025:17:08:36 +0330] "GET /?fileloc=%2F%2Fbin%2Fobjdump&path=%2F%2Fbin HTTP/2" 200 2583 "-" "Mozilla/5.0 AppleWebKit/537.36 (KHTML, like Gecko; compatible; ClaudeBot/1.0; +claudebot@anthropic.com)"
216.73.216.123 - - [26/Dec/2025:17:08:36 +0330] "GET /?fileloc=%2F%2Fproc%2Fmodules&path=%2F%2Fproc HTTP/2" 200 2580 "-" "Mozilla/5.0 AppleWebKit/537.36 (KHTML, like Gecko; compatible; ClaudeBot/1.0; +claudebot@anthropic.com)"
216.73.216.123 - - [26/Dec/2025:17:08:38 +0330] "GET /?path=%2F%2Flib64%2Flibxslt-plugins HTTP/2" 200 2651 "-" "Mozilla/5.0 AppleWebKit/537.36 (KHTML, like Gecko; compatible; ClaudeBot/1.0; +claudebot@anthropic.com)"
216.73.216.123 - - [26/Dec/2025:17:08:38 +0330] "GET /?fileloc=%2F%2Fsbin%2Fproxyexec&path=%2F%2Fsbin HTTP/2" 200 2584 "-" "Mozilla/5.0 AppleWebKit/537.36 (KHTML, like Gecko; compatible; ClaudeBot/1.0; +claudebot@anthropic.com)"
216.73.216.123 - - [26/Dec/2025:17:08:40 +0330] "GET /?fileloc=%2F%2Fbin%2Fbzdiff&path=%2F%2Fbin HTTP/2" 200 3482 "-" "Mozilla/5.0 AppleWebKit/537.36 (KHTML, like Gecko; compatible; ClaudeBot/1.0; +claudebot@anthropic.com)"
216.73.216.123 - - [26/Dec/2025:17:08:40 +0330] "GET /?path=%2F%2Flib%2Fmotd.d HTTP/2" 200 2642 "-" "Mozilla/5.0 AppleWebKit/537.36 (KHTML, like Gecko; compatible; ClaudeBot/1.0; +claudebot@anthropic.com)"
216.73.216.123 - - [26/Dec/2025:17:08:41 +0330] "GET /?path=%2F%2Fproc%2F3855187 HTTP/2" 200 2645 "-" "Mozilla/5.0 AppleWebKit/537.36 (KHTML, like Gecko; compatible; ClaudeBot/1.0; +claudebot@anthropic.com)"
216.73.216.123 - - [26/Dec/2025:17:08:42 +0330] "GET /?fileloc=%2F%2Fbin%2Fscript&path=%2F%2Fbin HTTP/2" 200 2581 "-" "Mozilla/5.0 AppleWebKit/537.36 (KHTML, like Gecko; compatible; ClaudeBot/1.0; +claudebot@anthropic.com)"
193.24.211.70 - - [26/Dec/2025:17:08:44 +0330] "POST /wp-content/plugins/file-manager-advanced/application/svg-sanitizer/includes/myclabs/deep-copy/src/DeepCopy/Filter/Doctrine/DoctrineProxyFilter.php HTTP/2" 500 20 "-" "Mozilla/5.0 (Macintosh; Intel Mac OS X 10_15_7) AppleWebKit/537.36 (KHTML, like Gecko) Chrome/120.0.0.0 Safari/537.36"
216.73.216.123 - - [26/Dec/2025:17:08:43 +0330] "GET /?path=%2F%2Flib64%2Fman-db HTTP/2" 200 3035 "-" "Mozilla/5.0 AppleWebKit/537.36 (KHTML, like Gecko; compatible; ClaudeBot/1.0; +claudebot@anthropic.com)"
216.73.216.123 - - [26/Dec/2025:17:08:44 +0330] "GET /?path=%2F%2Flib64%2FGraphicsMagick-1.3.38 HTTP/2" 200 2963 "-" "Mozilla/5.0 AppleWebKit/537.36 (KHTML, like Gecko; compatible; ClaudeBot/1.0; +claudebot@anthropic.com)"
216.73.216.123 - - [26/Dec/2025:17:08:45 +0330] "GET /?fileloc=%2F%2Fbin%2Fuapi&path=%2F%2Fbin HTTP/2" 200 3108 "-" "Mozilla/5.0 AppleWebKit/537.36 (KHTML, like Gecko; compatible; ClaudeBot/1.0; +claudebot@anthropic.com)"
216.73.216.123 - - [26/Dec/2025:17:08:46 +0330] "GET /?path=%2F%2Fvar%2Fwww HTTP/2" 200 2940 "-" "Mozilla/5.0 AppleWebKit/537.36 (KHTML, like Gecko; compatible; ClaudeBot/1.0; +claudebot@anthropic.com)"
216.73.216.123 - - [26/Dec/2025:17:08:46 +0330] "GET /?fileloc=%2F%2Fbin%2Fghostscript&path=%2F%2Fbin HTTP/2" 200 2585 "-" "Mozilla/5.0 AppleWebKit/537.36 (KHTML, like Gecko; compatible; ClaudeBot/1.0; +claudebot@anthropic.com)"
216.73.216.123 - - [26/Dec/2025:17:08:47 +0330] "GET /?path=%2F%2Flib64%2Fnss HTTP/2" 200 2951 "-" "Mozilla/5.0 AppleWebKit/537.36 (KHTML, like Gecko; compatible; ClaudeBot/1.0; +claudebot@anthropic.com)"
216.73.216.123 - - [26/Dec/2025:17:08:47 +0330] "GET /?fileloc=%2F%2Fbin%2Fdiff3&path=%2F%2Fbin HTTP/2" 200 2580 "-" "Mozilla/5.0 AppleWebKit/537.36 (KHTML, like Gecko; compatible; ClaudeBot/1.0; +claudebot@anthropic.com)"
216.73.216.123 - - [26/Dec/2025:17:08:48 +0330] "GET /?path=%2F%2Flib64%2Fcifs-utils HTTP/2" 200 2935 "-" "Mozilla/5.0 AppleWebKit/537.36 (KHTML, like Gecko; compatible; ClaudeBot/1.0; +claudebot@anthropic.com)"
216.73.216.123 - - [26/Dec/2025:17:08:48 +0330] "GET /?path=%2F%2Flib64%2Flibibverbs HTTP/2" 200 3422 "-" "Mozilla/5.0 AppleWebKit/537.36 (KHTML, like Gecko; compatible; ClaudeBot/1.0; +claudebot@anthropic.com)"
216.73.216.123 - - [26/Dec/2025:17:08:49 +0330] "GET /?fileloc=%2F%2Flib%2Fcpp&path=%2F%2Flib HTTP/2" 200 2579 "-" "Mozilla/5.0 AppleWebKit/537.36 (KHTML, like Gecko; compatible; ClaudeBot/1.0; +claudebot@anthropic.com)"
