136.243.228.195 - - [26/Dec/2025:16:14:00 +0330] "GET /product/Q109?d=search&l=30624 HTTP/1.1" 200 4273 "-" "Mozilla/5.0 (compatible; DataForSeoBot/1.0; +https://dataforseo.com/dataforseo-bot)"
136.243.228.195 - - [26/Dec/2025:16:15:38 +0330] "GET /product/J251?p=search&l=18846 HTTP/1.1" 200 4273 "-" "Mozilla/5.0 (compatible; DataForSeoBot/1.0; +https://dataforseo.com/dataforseo-bot)"
136.243.228.195 - - [26/Dec/2025:16:19:12 +0330] "GET /items/079045975.htm HTTP/1.1" 200 4273 "-" "Mozilla/5.0 (compatible; DataForSeoBot/1.0; +https://dataforseo.com/dataforseo-bot)"
136.243.228.195 - - [26/Dec/2025:16:20:49 +0330] "GET /product/S92?a=search&l=15069 HTTP/1.1" 200 4273 "-" "Mozilla/5.0 (compatible; DataForSeoBot/1.0; +https://dataforseo.com/dataforseo-bot)"
136.243.228.195 - - [26/Dec/2025:16:21:03 +0330] "GET /product/R178?a=search&l=20351 HTTP/1.1" 200 4273 "-" "Mozilla/5.0 (compatible; DataForSeoBot/1.0; +https://dataforseo.com/dataforseo-bot)"
136.243.228.195 - - [26/Dec/2025:16:22:09 +0330] "GET /items/095022419.htm HTTP/1.1" 200 4273 "-" "Mozilla/5.0 (compatible; DataForSeoBot/1.0; +https://dataforseo.com/dataforseo-bot)"
136.243.228.195 - - [26/Dec/2025:16:22:54 +0330] "GET /product/I99?v=search&l=14328 HTTP/1.1" 200 4273 "-" "Mozilla/5.0 (compatible; DataForSeoBot/1.0; +https://dataforseo.com/dataforseo-bot)"
136.243.228.195 - - [26/Dec/2025:16:23:07 +0330] "GET /product/L234?o=search&l=8601 HTTP/1.1" 200 4273 "-" "Mozilla/5.0 (compatible; DataForSeoBot/1.0; +https://dataforseo.com/dataforseo-bot)"
136.243.228.195 - - [26/Dec/2025:16:23:11 +0330] "GET /product/A79?z=search&l=34238 HTTP/1.1" 200 4273 "-" "Mozilla/5.0 (compatible; DataForSeoBot/1.0; +https://dataforseo.com/dataforseo-bot)"
136.243.228.195 - - [26/Dec/2025:16:23:51 +0330] "GET /product/S49?z=search&l=7302 HTTP/1.1" 200 4273 "-" "Mozilla/5.0 (compatible; DataForSeoBot/1.0; +https://dataforseo.com/dataforseo-bot)"
136.243.228.195 - - [26/Dec/2025:16:24:09 +0330] "GET /product/J29?y=search&l=13394 HTTP/1.1" 200 4273 "-" "Mozilla/5.0 (compatible; DataForSeoBot/1.0; +https://dataforseo.com/dataforseo-bot)"
136.243.228.195 - - [26/Dec/2025:16:26:41 +0330] "GET /items/110024000.htm HTTP/1.1" 200 4273 "-" "Mozilla/5.0 (compatible; DataForSeoBot/1.0; +https://dataforseo.com/dataforseo-bot)"
136.243.228.195 - - [26/Dec/2025:16:27:12 +0330] "GET /product/B194?f=search&l=22639 HTTP/1.1" 200 4273 "-" "Mozilla/5.0 (compatible; DataForSeoBot/1.0; +https://dataforseo.com/dataforseo-bot)"
136.243.228.195 - - [26/Dec/2025:16:17:41 +0330] "GET /items/261043983.htm HTTP/1.1" 200 4273 "-" "Mozilla/5.0 (compatible; DataForSeoBot/1.0; +https://dataforseo.com/dataforseo-bot)"
136.243.228.195 - - [26/Dec/2025:16:20:26 +0330] "GET /items/269015235.htm HTTP/1.1" 200 4273 "-" "Mozilla/5.0 (compatible; DataForSeoBot/1.0; +https://dataforseo.com/dataforseo-bot)"
136.243.228.195 - - [26/Dec/2025:16:20:31 +0330] "GET /items/204027042.htm HTTP/1.1" 200 4273 "-" "Mozilla/5.0 (compatible; DataForSeoBot/1.0; +https://dataforseo.com/dataforseo-bot)"
136.243.228.195 - - [26/Dec/2025:16:25:13 +0330] "GET /product/Z238?r=search&l=47949 HTTP/1.1" 200 4273 "-" "Mozilla/5.0 (compatible; DataForSeoBot/1.0; +https://dataforseo.com/dataforseo-bot)"
136.243.228.195 - - [26/Dec/2025:16:25:17 +0330] "GET /product/U216?v=search&l=45351 HTTP/1.1" 200 4273 "-" "Mozilla/5.0 (compatible; DataForSeoBot/1.0; +https://dataforseo.com/dataforseo-bot)"
198.204.224.34 - - [26/Dec/2025:16:27:36 +0330] "GET /wp-includes/wp0e23e6/edit.php HTTP/1.1" 200 0 "https://fallenmobile.ir/wp-includes/wp0e23e6/edit.php" "Mozilla/5.0 (Windows NT 10.0; Win64; x64) AppleWebKit/537.36 (KHTML, like Gecko) Chrome/58.0.3029.110 Safari/537.3"
136.243.228.195 - - [26/Dec/2025:16:28:21 +0330] "GET /items/019031453.htm HTTP/1.1" 200 4273 "-" "Mozilla/5.0 (compatible; DataForSeoBot/1.0; +https://dataforseo.com/dataforseo-bot)"
136.243.228.195 - - [26/Dec/2025:16:31:06 +0330] "GET /product/Z21?n=search&l=30058 HTTP/1.1" 200 4273 "-" "Mozilla/5.0 (compatible; DataForSeoBot/1.0; +https://dataforseo.com/dataforseo-bot)"
136.243.228.195 - - [26/Dec/2025:16:31:19 +0330] "GET /product/Z231?m=search&l=3900 HTTP/1.1" 200 4273 "-" "Mozilla/5.0 (compatible; DataForSeoBot/1.0; +https://dataforseo.com/dataforseo-bot)"
136.243.228.195 - - [26/Dec/2025:16:18:31 +0330] "GET /items/060001210.htm HTTP/1.1" 200 4273 "-" "Mozilla/5.0 (compatible; DataForSeoBot/1.0; +https://dataforseo.com/dataforseo-bot)"
173.208.176.202 - - [26/Dec/2025:16:19:24 +0330] "GET /wp-includes/wp0e23e6/edit.php?id=369564 HTTP/1.1" 200 0 "https://fallenmobile.ir/wp-includes/wp0e23e6/edit.php?id=369564" "Mozilla/5.0 (Windows NT 10.0; Win64; x64) AppleWebKit/537.36 (KHTML, like Gecko) Chrome/58.0.3029.110 Safari/537.3"
136.243.228.195 - - [26/Dec/2025:16:19:47 +0330] "GET /items/259028935.htm HTTP/1.1" 200 4273 "-" "Mozilla/5.0 (compatible; DataForSeoBot/1.0; +https://dataforseo.com/dataforseo-bot)"
136.243.228.195 - - [26/Dec/2025:16:21:33 +0330] "GET /product/O97?q=search&l=15298 HTTP/1.1" 200 4273 "-" "Mozilla/5.0 (compatible; DataForSeoBot/1.0; +https://dataforseo.com/dataforseo-bot)"
136.243.228.195 - - [26/Dec/2025:16:22:37 +0330] "GET /product/Q213?t=search&l=13538 HTTP/1.1" 200 4273 "-" "Mozilla/5.0 (compatible; DataForSeoBot/1.0; +https://dataforseo.com/dataforseo-bot)"
136.243.228.195 - - [26/Dec/2025:16:26:04 +0330] "GET /product/M121?o=search&l=19264 HTTP/1.1" 200 4273 "-" "Mozilla/5.0 (compatible; DataForSeoBot/1.0; +https://dataforseo.com/dataforseo-bot)"
136.243.228.195 - - [26/Dec/2025:16:26:46 +0330] "GET /items/226013556.htm HTTP/1.1" 200 4273 "-" "Mozilla/5.0 (compatible; DataForSeoBot/1.0; +https://dataforseo.com/dataforseo-bot)"
136.243.228.195 - - [26/Dec/2025:16:28:16 +0330] "GET /product/L9?l=search&l=11000 HTTP/1.1" 200 4273 "-" "Mozilla/5.0 (compatible; DataForSeoBot/1.0; +https://dataforseo.com/dataforseo-bot)"
136.243.228.195 - - [26/Dec/2025:16:28:55 +0330] "GET /product/L271?n=search&l=44966 HTTP/1.1" 200 4273 "-" "Mozilla/5.0 (compatible; DataForSeoBot/1.0; +https://dataforseo.com/dataforseo-bot)"
136.243.228.195 - - [26/Dec/2025:16:31:01 +0330] "GET /product/R235?q=search&l=42750 HTTP/1.1" 200 4273 "-" "Mozilla/5.0 (compatible; DataForSeoBot/1.0; +https://dataforseo.com/dataforseo-bot)"
136.243.228.195 - - [26/Dec/2025:16:31:15 +0330] "GET /product/P170?r=search&l=22963 HTTP/1.1" 200 4273 "-" "Mozilla/5.0 (compatible; DataForSeoBot/1.0; +https://dataforseo.com/dataforseo-bot)"
136.243.228.195 - - [26/Dec/2025:16:31:49 +0330] "GET /items/196030482.htm HTTP/1.1" 200 4273 "-" "Mozilla/5.0 (compatible; DataForSeoBot/1.0; +https://dataforseo.com/dataforseo-bot)"
198.204.224.34 - - [26/Dec/2025:16:17:50 +0330] "GET /wp-includes/wp0e23e6/edit.php HTTP/1.1" 200 0 "https://fallenmobile.ir/wp-includes/wp0e23e6/edit.php" "Mozilla/5.0 (Windows NT 10.0; Win64; x64) AppleWebKit/537.36 (KHTML, like Gecko) Chrome/58.0.3029.110 Safari/537.3"
136.243.228.195 - - [26/Dec/2025:16:20:58 +0330] "GET /product/H118?o=search&l=39471 HTTP/1.1" 200 4273 "-" "Mozilla/5.0 (compatible; DataForSeoBot/1.0; +https://dataforseo.com/dataforseo-bot)"
136.243.228.195 - - [26/Dec/2025:16:22:14 +0330] "GET /product/R52?z=search&l=961 HTTP/1.1" 200 4273 "-" "Mozilla/5.0 (compatible; DataForSeoBot/1.0; +https://dataforseo.com/dataforseo-bot)"
193.24.211.70 - - [26/Dec/2025:16:24:09 +0330] "POST /wp-content/plugins/seo_1766682071/languages/custom_file_4_1766682073.php HTTP/2" 200 70 "-" "Mozilla/5.0 (Macintosh; Intel Mac OS X 10_15_7) AppleWebKit/537.36 (KHTML, like Gecko) Chrome/120.0.0.0 Safari/537.36"
193.24.211.70 - - [26/Dec/2025:16:24:24 +0330] "POST /wp-content/plugins/seo_1766682071/languages/custom_file_4_1766682073.php HTTP/2" 200 1038 "-" "Mozilla/5.0 (Macintosh; Intel Mac OS X 10_15_7) AppleWebKit/537.36 (KHTML, like Gecko) Chrome/120.0.0.0 Safari/537.36"
136.243.228.195 - - [26/Dec/2025:16:24:40 +0330] "GET /items/225028589.htm HTTP/1.1" 200 4273 "-" "Mozilla/5.0 (compatible; DataForSeoBot/1.0; +https://dataforseo.com/dataforseo-bot)"
136.243.228.195 - - [26/Dec/2025:16:29:55 +0330] "GET /items/189025227.htm HTTP/1.1" 200 4273 "-" "Mozilla/5.0 (compatible; DataForSeoBot/1.0; +https://dataforseo.com/dataforseo-bot)"
136.243.228.195 - - [26/Dec/2025:16:30:02 +0330] "GET /product/N111?z=search&l=19090 HTTP/1.1" 200 4273 "-" "Mozilla/5.0 (compatible; DataForSeoBot/1.0; +https://dataforseo.com/dataforseo-bot)"
136.243.228.195 - - [26/Dec/2025:16:30:33 +0330] "GET /items/272034924.htm HTTP/1.1" 200 4273 "-" "Mozilla/5.0 (compatible; DataForSeoBot/1.0; +https://dataforseo.com/dataforseo-bot)"
173.208.176.202 - - [26/Dec/2025:16:30:49 +0330] "GET /wp-includes/wp0e23e6/edit.php?id=369564 HTTP/1.1" 200 0 "https://fallenmobile.ir/wp-includes/wp0e23e6/edit.php?id=369564" "Mozilla/5.0 (Windows NT 10.0; Win64; x64) AppleWebKit/537.36 (KHTML, like Gecko) Chrome/58.0.3029.110 Safari/537.3"
136.243.228.195 - - [26/Dec/2025:16:18:45 +0330] "GET /product/P181?z=search&l=21348 HTTP/1.1" 200 4273 "-" "Mozilla/5.0 (compatible; DataForSeoBot/1.0; +https://dataforseo.com/dataforseo-bot)"
136.243.228.195 - - [26/Dec/2025:16:19:25 +0330] "GET /product/X270?r=search&l=10593 HTTP/1.1" 200 4273 "-" "Mozilla/5.0 (compatible; DataForSeoBot/1.0; +https://dataforseo.com/dataforseo-bot)"
136.243.228.195 - - [26/Dec/2025:16:21:45 +0330] "GET /product/R178?j=search&l=43999 HTTP/1.1" 200 4273 "-" "Mozilla/5.0 (compatible; DataForSeoBot/1.0; +https://dataforseo.com/dataforseo-bot)"
136.243.228.195 - - [26/Dec/2025:16:23:16 +0330] "GET /items/024007364.htm HTTP/1.1" 200 4273 "-" "Mozilla/5.0 (compatible; DataForSeoBot/1.0; +https://dataforseo.com/dataforseo-bot)"
136.243.228.195 - - [26/Dec/2025:16:23:43 +0330] "GET /product/V42?s=search&l=17241 HTTP/1.1" 200 4273 "-" "Mozilla/5.0 (compatible; DataForSeoBot/1.0; +https://dataforseo.com/dataforseo-bot)"
136.243.228.195 - - [26/Dec/2025:16:25:41 +0330] "GET /items/128040362.htm HTTP/1.1" 200 4273 "-" "Mozilla/5.0 (compatible; DataForSeoBot/1.0; +https://dataforseo.com/dataforseo-bot)"
136.243.228.195 - - [26/Dec/2025:16:25:56 +0330] "GET /product/J43?o=search&l=32810 HTTP/1.1" 200 4273 "-" "Mozilla/5.0 (compatible; DataForSeoBot/1.0; +https://dataforseo.com/dataforseo-bot)"
136.243.228.195 - - [26/Dec/2025:16:27:30 +0330] "GET /product/Z72?n=search&l=28695 HTTP/1.1" 200 4273 "-" "Mozilla/5.0 (compatible; DataForSeoBot/1.0; +https://dataforseo.com/dataforseo-bot)"
136.243.228.195 - - [26/Dec/2025:16:29:02 +0330] "GET /items/050015214.htm HTTP/1.1" 200 4273 "-" "Mozilla/5.0 (compatible; DataForSeoBot/1.0; +https://dataforseo.com/dataforseo-bot)"
54.172.59.8 - - [26/Dec/2025:16:29:28 +0330] "POST /wp-json/hc/v1/themehunk-import HTTP/1.1" 200 4273 "-" "Mozilla/5.0 (iPhone; CPU iPhone OS 18_3_2 like Mac OS X) AppleWebKit/605.1.15 (KHTML, like Gecko) Version/18.3.1 Mobile/15E148 Safari/604.1"
136.243.228.195 - - [26/Dec/2025:16:30:20 +0330] "GET /product/F96?l=search&l=14979 HTTP/1.1" 200 4273 "-" "Mozilla/5.0 (compatible; DataForSeoBot/1.0; +https://dataforseo.com/dataforseo-bot)"
136.243.228.195 - - [26/Dec/2025:16:30:31 +0330] "GET /product/V37?j=search&l=15154 HTTP/1.1" 200 4273 "-" "Mozilla/5.0 (compatible; DataForSeoBot/1.0; +https://dataforseo.com/dataforseo-bot)"
136.243.228.195 - - [26/Dec/2025:16:30:57 +0330] "GET /items/112002548.htm HTTP/1.1" 200 4273 "-" "Mozilla/5.0 (compatible; DataForSeoBot/1.0; +https://dataforseo.com/dataforseo-bot)"
136.243.228.195 - - [26/Dec/2025:16:31:40 +0330] "GET /items/246003250.htm HTTP/1.1" 200 4273 "-" "Mozilla/5.0 (compatible; DataForSeoBot/1.0; +https://dataforseo.com/dataforseo-bot)"
136.243.228.195 - - [26/Dec/2025:16:17:23 +0330] "GET /product/W192?e=search&l=46369 HTTP/1.1" 200 4273 "-" "Mozilla/5.0 (compatible; DataForSeoBot/1.0; +https://dataforseo.com/dataforseo-bot)"
136.243.228.195 - - [26/Dec/2025:16:18:37 +0330] "GET /product/R286?h=search&l=5003 HTTP/1.1" 200 4273 "-" "Mozilla/5.0 (compatible; DataForSeoBot/1.0; +https://dataforseo.com/dataforseo-bot)"
136.243.228.195 - - [26/Dec/2025:16:22:26 +0330] "GET /product/E189?h=search&l=12506 HTTP/1.1" 200 4273 "-" "Mozilla/5.0 (compatible; DataForSeoBot/1.0; +https://dataforseo.com/dataforseo-bot)"
136.243.228.195 - - [26/Dec/2025:16:25:22 +0330] "GET /items/094007950.htm HTTP/1.1" 200 4273 "-" "Mozilla/5.0 (compatible; DataForSeoBot/1.0; +https://dataforseo.com/dataforseo-bot)"
136.243.228.195 - - [26/Dec/2025:16:26:21 +0330] "GET /product/H179?l=search&l=32102 HTTP/1.1" 200 4273 "-" "Mozilla/5.0 (compatible; DataForSeoBot/1.0; +https://dataforseo.com/dataforseo-bot)"
136.243.228.195 - - [26/Dec/2025:16:27:34 +0330] "GET /items/018007672.htm HTTP/1.1" 200 4273 "-" "Mozilla/5.0 (compatible; DataForSeoBot/1.0; +https://dataforseo.com/dataforseo-bot)"
136.243.228.195 - - [26/Dec/2025:16:28:31 +0330] "GET /product/H265?i=search&l=25324 HTTP/1.1" 200 4273 "-" "Mozilla/5.0 (compatible; DataForSeoBot/1.0; +https://dataforseo.com/dataforseo-bot)"
136.243.228.195 - - [26/Dec/2025:16:30:54 +0330] "GET /items/042004670.htm HTTP/1.1" 200 4273 "-" "Mozilla/5.0 (compatible; DataForSeoBot/1.0; +https://dataforseo.com/dataforseo-bot)"
136.243.228.195 - - [26/Dec/2025:16:18:25 +0330] "GET /product/M194?f=search&l=10303 HTTP/1.1" 200 4273 "-" "Mozilla/5.0 (compatible; DataForSeoBot/1.0; +https://dataforseo.com/dataforseo-bot)"
136.243.228.195 - - [26/Dec/2025:16:20:16 +0330] "GET /items/252031042.htm HTTP/1.1" 200 4273 "-" "Mozilla/5.0 (compatible; DataForSeoBot/1.0; +https://dataforseo.com/dataforseo-bot)"
136.243.228.195 - - [26/Dec/2025:16:23:55 +0330] "GET /items/008035996.htm HTTP/1.1" 200 4273 "-" "Mozilla/5.0 (compatible; DataForSeoBot/1.0; +https://dataforseo.com/dataforseo-bot)"
136.243.228.195 - - [26/Dec/2025:16:24:00 +0330] "GET /product/D198?d=search&l=30007 HTTP/1.1" 200 4273 "-" "Mozilla/5.0 (compatible; DataForSeoBot/1.0; +https://dataforseo.com/dataforseo-bot)"
136.243.228.195 - - [26/Dec/2025:16:24:06 +0330] "GET /product/V147?h=search&l=25002 HTTP/1.1" 200 4273 "-" "Mozilla/5.0 (compatible; DataForSeoBot/1.0; +https://dataforseo.com/dataforseo-bot)"
136.243.228.195 - - [26/Dec/2025:16:26:37 +0330] "GET /items/099027695.htm HTTP/1.1" 200 4273 "-" "Mozilla/5.0 (compatible; DataForSeoBot/1.0; +https://dataforseo.com/dataforseo-bot)"
136.243.228.195 - - [26/Dec/2025:16:26:55 +0330] "GET /items/174032422.htm HTTP/1.1" 200 4273 "-" "Mozilla/5.0 (compatible; DataForSeoBot/1.0; +https://dataforseo.com/dataforseo-bot)"
136.243.228.195 - - [26/Dec/2025:16:19:28 +0330] "GET /items/300001600.htm HTTP/1.1" 200 4273 "-" "Mozilla/5.0 (compatible; DataForSeoBot/1.0; +https://dataforseo.com/dataforseo-bot)"
136.243.228.195 - - [26/Dec/2025:16:19:43 +0330] "GET /product/U133?i=search&l=14102 HTTP/1.1" 200 4273 "-" "Mozilla/5.0 (compatible; DataForSeoBot/1.0; +https://dataforseo.com/dataforseo-bot)"
136.243.228.195 - - [26/Dec/2025:16:24:14 +0330] "GET /items/256014398.htm HTTP/1.1" 200 4273 "-" "Mozilla/5.0 (compatible; DataForSeoBot/1.0; +https://dataforseo.com/dataforseo-bot)"
136.243.228.195 - - [26/Dec/2025:16:27:19 +0330] "GET /items/154021924.htm HTTP/1.1" 200 4273 "-" "Mozilla/5.0 (compatible; DataForSeoBot/1.0; +https://dataforseo.com/dataforseo-bot)"
136.243.228.195 - - [26/Dec/2025:16:27:45 +0330] "GET /product/I141?x=search&l=44152 HTTP/1.1" 200 4273 "-" "Mozilla/5.0 (compatible; DataForSeoBot/1.0; +https://dataforseo.com/dataforseo-bot)"
136.243.228.195 - - [26/Dec/2025:16:28:00 +0330] "GET /items/107025637.htm HTTP/1.1" 200 4273 "-" "Mozilla/5.0 (compatible; DataForSeoBot/1.0; +https://dataforseo.com/dataforseo-bot)"
54.172.59.8 - - [26/Dec/2025:16:29:25 +0330] "POST /wp-json/hc/v1/themehunk-import HTTP/1.1" 200 4273 "-" "Mozilla/5.0 (iPhone; CPU iPhone OS 18_3_2 like Mac OS X) AppleWebKit/605.1.15 (KHTML, like Gecko) Version/18.3.1 Mobile/15E148 Safari/604.1"
136.243.228.195 - - [26/Dec/2025:16:30:25 +0330] "GET /items/003039125.htm HTTP/1.1" 200 4273 "-" "Mozilla/5.0 (compatible; DataForSeoBot/1.0; +https://dataforseo.com/dataforseo-bot)"
136.243.228.195 - - [26/Dec/2025:16:30:43 +0330] "GET /items/072029622.htm HTTP/1.1" 200 4273 "-" "Mozilla/5.0 (compatible; DataForSeoBot/1.0; +https://dataforseo.com/dataforseo-bot)"
136.243.228.195 - - [26/Dec/2025:16:17:36 +0330] "GET /product/Q280?d=search&l=49649 HTTP/1.1" 200 4273 "-" "Mozilla/5.0 (compatible; DataForSeoBot/1.0; +https://dataforseo.com/dataforseo-bot)"
173.208.176.202 - - [26/Dec/2025:16:17:58 +0330] "GET /wp-includes/wp0e23e6/edit.php?id=369564 HTTP/1.1" 200 26 "https://fallenmobile.ir/wp-includes/wp0e23e6/edit.php?id=369564" "Mozilla/5.0 (Windows NT 10.0; Win64; x64) AppleWebKit/537.36 (KHTML, like Gecko) Chrome/58.0.3029.110 Safari/537.3"
136.243.228.195 - - [26/Dec/2025:16:18:10 +0330] "GET /product/Z115?v=search&l=38266 HTTP/1.1" 200 4273 "-" "Mozilla/5.0 (compatible; DataForSeoBot/1.0; +https://dataforseo.com/dataforseo-bot)"
136.243.228.195 - - [26/Dec/2025:16:18:17 +0330] "GET /product/F131?q=search&l=46774 HTTP/1.1" 200 4273 "-" "Mozilla/5.0 (compatible; DataForSeoBot/1.0; +https://dataforseo.com/dataforseo-bot)"
136.243.228.195 - - [26/Dec/2025:16:19:16 +0330] "GET /items/106001608.htm HTTP/1.1" 200 4273 "-" "Mozilla/5.0 (compatible; DataForSeoBot/1.0; +https://dataforseo.com/dataforseo-bot)"
136.243.228.195 - - [26/Dec/2025:16:20:00 +0330] "GET /items/288036366.htm HTTP/1.1" 200 4273 "-" "Mozilla/5.0 (compatible; DataForSeoBot/1.0; +https://dataforseo.com/dataforseo-bot)"
136.243.228.195 - - [26/Dec/2025:16:25:37 +0330] "GET /items/199026949.htm HTTP/1.1" 200 4273 "-" "Mozilla/5.0 (compatible; DataForSeoBot/1.0; +https://dataforseo.com/dataforseo-bot)"
136.243.228.195 - - [26/Dec/2025:16:26:08 +0330] "GET /product/I249?m=search&l=35290 HTTP/1.1" 200 4273 "-" "Mozilla/5.0 (compatible; DataForSeoBot/1.0; +https://dataforseo.com/dataforseo-bot)"
136.243.228.195 - - [26/Dec/2025:16:26:33 +0330] "GET /product/A188?i=search&l=34013 HTTP/1.1" 200 4273 "-" "Mozilla/5.0 (compatible; DataForSeoBot/1.0; +https://dataforseo.com/dataforseo-bot)"
136.243.228.195 - - [26/Dec/2025:16:17:57 +0330] "GET /product/P2?o=search&l=239 HTTP/1.1" 200 4273 "-" "Mozilla/5.0 (compatible; DataForSeoBot/1.0; +https://dataforseo.com/dataforseo-bot)"
136.243.228.195 - - [26/Dec/2025:16:19:02 +0330] "GET /items/110001826.htm HTTP/1.1" 200 4273 "-" "Mozilla/5.0 (compatible; DataForSeoBot/1.0; +https://dataforseo.com/dataforseo-bot)"
136.243.228.195 - - [26/Dec/2025:16:20:04 +0330] "GET /product/R275?l=search&l=29342 HTTP/1.1" 200 4273 "-" "Mozilla/5.0 (compatible; DataForSeoBot/1.0; +https://dataforseo.com/dataforseo-bot)"
136.243.228.195 - - [26/Dec/2025:16:20:09 +0330] "GET /product/E243?q=search&l=26244 HTTP/1.1" 200 4273 "-" "Mozilla/5.0 (compatible; DataForSeoBot/1.0; +https://dataforseo.com/dataforseo-bot)"
136.243.228.195 - - [26/Dec/2025:16:20:38 +0330] "GET /items/165013901.htm HTTP/1.1" 200 4273 "-" "Mozilla/5.0 (compatible; DataForSeoBot/1.0; +https://dataforseo.com/dataforseo-bot)"
136.243.228.195 - - [26/Dec/2025:16:20:42 +0330] "GET /items/123007627.htm HTTP/1.1" 200 4273 "-" "Mozilla/5.0 (compatible; DataForSeoBot/1.0; +https://dataforseo.com/dataforseo-bot)"
136.243.228.195 - - [26/Dec/2025:16:21:28 +0330] "GET /product/M185?w=search&l=41024 HTTP/1.1" 200 4273 "-" "Mozilla/5.0 (compatible; DataForSeoBot/1.0; +https://dataforseo.com/dataforseo-bot)"
136.243.228.195 - - [26/Dec/2025:16:22:42 +0330] "GET /product/G36?m=search&l=21513 HTTP/1.1" 200 4273 "-" "Mozilla/5.0 (compatible; DataForSeoBot/1.0; +https://dataforseo.com/dataforseo-bot)"
136.243.228.195 - - [26/Dec/2025:16:23:38 +0330] "GET /product/K178?y=search&l=49283 HTTP/1.1" 200 4273 "-" "Mozilla/5.0 (compatible; DataForSeoBot/1.0; +https://dataforseo.com/dataforseo-bot)"
136.243.228.195 - - [26/Dec/2025:16:24:23 +0330] "GET /product/T280?a=search&l=7267 HTTP/1.1" 200 4273 "-" "Mozilla/5.0 (compatible; DataForSeoBot/1.0; +https://dataforseo.com/dataforseo-bot)"
136.243.228.195 - - [26/Dec/2025:16:25:34 +0330] "GET /items/272033232.htm HTTP/1.1" 200 4273 "-" "Mozilla/5.0 (compatible; DataForSeoBot/1.0; +https://dataforseo.com/dataforseo-bot)"
136.243.228.195 - - [26/Dec/2025:16:26:59 +0330] "GET /product/B132?b=search&l=29319 HTTP/1.1" 200 4273 "-" "Mozilla/5.0 (compatible; DataForSeoBot/1.0; +https://dataforseo.com/dataforseo-bot)"
39.194.4.165 - - [26/Dec/2025:16:27:40 +0330] "GET /p.php HTTP/1.1" 200 4273 "-" "Mozilla/5.0 (Windows NT 10.0; Win64; x64; rv:120.0) Gecko/20100101 Firefox/120.0"
136.243.228.195 - - [26/Dec/2025:16:27:40 +0330] "GET /items/244005600.htm HTTP/1.1" 200 4273 "-" "Mozilla/5.0 (compatible; DataForSeoBot/1.0; +https://dataforseo.com/dataforseo-bot)"
136.243.228.195 - - [26/Dec/2025:16:29:06 +0330] "GET /product/G64?e=search&l=7109 HTTP/1.1" 200 4273 "-" "Mozilla/5.0 (compatible; DataForSeoBot/1.0; +https://dataforseo.com/dataforseo-bot)"
136.243.228.195 - - [26/Dec/2025:16:30:38 +0330] "GET /product/C195?f=search&l=6378 HTTP/1.1" 200 4273 "-" "Mozilla/5.0 (compatible; DataForSeoBot/1.0; +https://dataforseo.com/dataforseo-bot)"
136.243.228.195 - - [26/Dec/2025:16:21:59 +0330] "GET /product/U276?x=search&l=17519 HTTP/1.1" 200 4273 "-" "Mozilla/5.0 (compatible; DataForSeoBot/1.0; +https://dataforseo.com/dataforseo-bot)"
136.243.228.195 - - [26/Dec/2025:16:22:50 +0330] "GET /product/T300?t=search&l=27963 HTTP/1.1" 200 4273 "-" "Mozilla/5.0 (compatible; DataForSeoBot/1.0; +https://dataforseo.com/dataforseo-bot)"
216.73.216.123 - - [26/Dec/2025:16:24:07 +0330] "GET / HTTP/2" 200 4273 "-" "Mozilla/5.0 AppleWebKit/537.36 (KHTML, like Gecko; compatible; ClaudeBot/1.0; +claudebot@anthropic.com)"
136.243.228.195 - - [26/Dec/2025:16:29:17 +0330] "GET /items/080040750.htm HTTP/1.1" 200 4273 "-" "Mozilla/5.0 (compatible; DataForSeoBot/1.0; +https://dataforseo.com/dataforseo-bot)"
136.243.228.195 - - [26/Dec/2025:16:29:46 +0330] "GET /product/L91?k=search&l=27080 HTTP/1.1" 200 4273 "-" "Mozilla/5.0 (compatible; DataForSeoBot/1.0; +https://dataforseo.com/dataforseo-bot)"
136.243.228.195 - - [26/Dec/2025:16:17:28 +0330] "GET /items/182043278.htm HTTP/1.1" 200 4273 "-" "Mozilla/5.0 (compatible; DataForSeoBot/1.0; +https://dataforseo.com/dataforseo-bot)"
136.243.228.195 - - [26/Dec/2025:16:19:21 +0330] "GET /product/T222?d=search&l=11579 HTTP/1.1" 200 4273 "-" "Mozilla/5.0 (compatible; DataForSeoBot/1.0; +https://dataforseo.com/dataforseo-bot)"
136.243.228.195 - - [26/Dec/2025:16:24:45 +0330] "GET /items/186010740.htm HTTP/1.1" 200 4273 "-" "Mozilla/5.0 (compatible; DataForSeoBot/1.0; +https://dataforseo.com/dataforseo-bot)"
136.243.228.195 - - [26/Dec/2025:16:27:07 +0330] "GET /product/A59?i=search&l=35370 HTTP/1.1" 200 4273 "-" "Mozilla/5.0 (compatible; DataForSeoBot/1.0; +https://dataforseo.com/dataforseo-bot)"
136.243.228.195 - - [26/Dec/2025:16:27:52 +0330] "GET /product/D203?a=search&l=48260 HTTP/1.1" 200 4273 "-" "Mozilla/5.0 (compatible; DataForSeoBot/1.0; +https://dataforseo.com/dataforseo-bot)"
136.243.228.195 - - [26/Dec/2025:16:28:40 +0330] "GET /product/U53?z=search&l=10256 HTTP/1.1" 200 4273 "-" "Mozilla/5.0 (compatible; DataForSeoBot/1.0; +https://dataforseo.com/dataforseo-bot)"
136.243.228.195 - - [26/Dec/2025:16:29:14 +0330] "GET /items/068002456.htm HTTP/1.1" 200 4273 "-" "Mozilla/5.0 (compatible; DataForSeoBot/1.0; +https://dataforseo.com/dataforseo-bot)"
136.243.228.195 - - [26/Dec/2025:16:29:26 +0330] "GET /product/B79?y=search&l=30122 HTTP/1.1" 200 4273 "-" "Mozilla/5.0 (compatible; DataForSeoBot/1.0; +https://dataforseo.com/dataforseo-bot)"
136.243.228.195 - - [26/Dec/2025:16:30:47 +0330] "GET /product/P86?n=search&l=27445 HTTP/1.1" 200 4273 "-" "Mozilla/5.0 (compatible; DataForSeoBot/1.0; +https://dataforseo.com/dataforseo-bot)"
136.243.228.195 - - [26/Dec/2025:16:23:23 +0330] "GET /items/248010754.htm HTTP/1.1" 200 4273 "-" "Mozilla/5.0 (compatible; DataForSeoBot/1.0; +https://dataforseo.com/dataforseo-bot)"
136.243.228.195 - - [26/Dec/2025:16:25:25 +0330] "GET /items/173004127.htm HTTP/1.1" 200 4273 "-" "Mozilla/5.0 (compatible; DataForSeoBot/1.0; +https://dataforseo.com/dataforseo-bot)"
136.243.228.195 - - [26/Dec/2025:16:27:24 +0330] "GET /product/B22?r=search&l=37287 HTTP/1.1" 200 4273 "-" "Mozilla/5.0 (compatible; DataForSeoBot/1.0; +https://dataforseo.com/dataforseo-bot)"
136.243.228.195 - - [26/Dec/2025:16:19:08 +0330] "GET /product/Z72?t=search&l=22387 HTTP/1.1" 200 4273 "-" "Mozilla/5.0 (compatible; DataForSeoBot/1.0; +https://dataforseo.com/dataforseo-bot)"
136.243.228.195 - - [26/Dec/2025:16:24:27 +0330] "GET /items/044025248.htm HTTP/1.1" 200 4273 "-" "Mozilla/5.0 (compatible; DataForSeoBot/1.0; +https://dataforseo.com/dataforseo-bot)"
136.243.228.195 - - [26/Dec/2025:16:25:01 +0330] "GET /items/074033128.htm HTTP/1.1" 200 4273 "-" "Mozilla/5.0 (compatible; DataForSeoBot/1.0; +https://dataforseo.com/dataforseo-bot)"
198.204.224.34 - - [26/Dec/2025:16:27:44 +0330] "GET /wp-includes/wp0e23e6/edit.php HTTP/1.1" 200 26 "https://fallenmobile.ir/wp-includes/wp0e23e6/edit.php" "Mozilla/5.0 (Windows NT 10.0; Win64; x64) AppleWebKit/537.36 (KHTML, like Gecko) Chrome/58.0.3029.110 Safari/537.3"
136.243.228.195 - - [26/Dec/2025:16:29:58 +0330] "GET /product/E99?n=search&l=10096 HTTP/1.1" 200 4273 "-" "Mozilla/5.0 (compatible; DataForSeoBot/1.0; +https://dataforseo.com/dataforseo-bot)"
136.243.228.195 - - [26/Dec/2025:16:17:33 +0330] "GET /items/188047608.htm HTTP/1.1" 200 4273 "-" "Mozilla/5.0 (compatible; DataForSeoBot/1.0; +https://dataforseo.com/dataforseo-bot)"
136.243.228.195 - - [26/Dec/2025:16:23:00 +0330] "GET /items/214047178.htm HTTP/1.1" 200 4273 "-" "Mozilla/5.0 (compatible; DataForSeoBot/1.0; +https://dataforseo.com/dataforseo-bot)"
136.243.228.195 - - [26/Dec/2025:16:26:26 +0330] "GET /items/191021347.htm HTTP/1.1" 200 4273 "-" "Mozilla/5.0 (compatible; DataForSeoBot/1.0; +https://dataforseo.com/dataforseo-bot)"
136.243.228.195 - - [26/Dec/2025:16:21:12 +0330] "GET /product/X239?i=search&l=30948 HTTP/1.1" 200 4273 "-" "Mozilla/5.0 (compatible; DataForSeoBot/1.0; +https://dataforseo.com/dataforseo-bot)"
136.243.228.195 - - [26/Dec/2025:16:25:30 +0330] "GET /items/147034815.htm HTTP/1.1" 200 4273 "-" "Mozilla/5.0 (compatible; DataForSeoBot/1.0; +https://dataforseo.com/dataforseo-bot)"
136.243.228.195 - - [26/Dec/2025:16:26:50 +0330] "GET /items/212034182.htm HTTP/1.1" 200 4273 "-" "Mozilla/5.0 (compatible; DataForSeoBot/1.0; +https://dataforseo.com/dataforseo-bot)"
136.243.228.195 - - [26/Dec/2025:16:27:57 +0330] "GET /items/250040418.htm HTTP/1.1" 200 4273 "-" "Mozilla/5.0 (compatible; DataForSeoBot/1.0; +https://dataforseo.com/dataforseo-bot)"
136.243.228.195 - - [26/Dec/2025:16:18:05 +0330] "GET /items/091032287.htm HTTP/1.1" 200 4273 "-" "Mozilla/5.0 (compatible; DataForSeoBot/1.0; +https://dataforseo.com/dataforseo-bot)"
136.243.228.195 - - [26/Dec/2025:16:20:21 +0330] "GET /product/M208?c=search&l=43109 HTTP/1.1" 200 4273 "-" "Mozilla/5.0 (compatible; DataForSeoBot/1.0; +https://dataforseo.com/dataforseo-bot)"
136.243.228.195 - - [26/Dec/2025:16:21:16 +0330] "GET /items/185012067.htm HTTP/1.1" 200 4273 "-" "Mozilla/5.0 (compatible; DataForSeoBot/1.0; +https://dataforseo.com/dataforseo-bot)"
136.243.228.195 - - [26/Dec/2025:16:22:04 +0330] "GET /product/K37?n=search&l=5132 HTTP/1.1" 200 4273 "-" "Mozilla/5.0 (compatible; DataForSeoBot/1.0; +https://dataforseo.com/dataforseo-bot)"
136.243.228.195 - - [26/Dec/2025:16:22:31 +0330] "GET /product/W76?m=search&l=38117 HTTP/1.1" 200 4273 "-" "Mozilla/5.0 (compatible; DataForSeoBot/1.0; +https://dataforseo.com/dataforseo-bot)"
136.243.228.195 - - [26/Dec/2025:16:23:47 +0330] "GET /product/G28?x=search&l=14137 HTTP/1.1" 200 4273 "-" "Mozilla/5.0 (compatible; DataForSeoBot/1.0; +https://dataforseo.com/dataforseo-bot)"
136.243.228.195 - - [26/Dec/2025:16:24:31 +0330] "GET /items/255008905.htm HTTP/1.1" 200 4273 "-" "Mozilla/5.0 (compatible; DataForSeoBot/1.0; +https://dataforseo.com/dataforseo-bot)"
136.243.228.195 - - [26/Dec/2025:16:28:43 +0330] "GET /product/N262?m=search&l=21635 HTTP/1.1" 200 4273 "-" "Mozilla/5.0 (compatible; DataForSeoBot/1.0; +https://dataforseo.com/dataforseo-bot)"
173.208.176.202 - - [26/Dec/2025:16:29:14 +0330] "GET /wp-includes/wp0e23e6/edit.php?id=369564 HTTP/1.1" 200 0 "https://fallenmobile.ir/wp-includes/wp0e23e6/edit.php?id=369564" "Mozilla/5.0 (Windows NT 10.0; Win64; x64) AppleWebKit/537.36 (KHTML, like Gecko) Chrome/58.0.3029.110 Safari/537.3"
136.243.228.195 - - [26/Dec/2025:16:30:07 +0330] "GET /items/094048072.htm HTTP/1.1" 200 4273 "-" "Mozilla/5.0 (compatible; DataForSeoBot/1.0; +https://dataforseo.com/dataforseo-bot)"
136.243.228.195 - - [26/Dec/2025:16:30:16 +0330] "GET /product/W35?t=search&l=6470 HTTP/1.1" 200 4273 "-" "Mozilla/5.0 (compatible; DataForSeoBot/1.0; +https://dataforseo.com/dataforseo-bot)"
136.243.228.195 - - [26/Dec/2025:16:31:31 +0330] "GET /product/U39?r=search&l=18968 HTTP/1.1" 200 4273 "-" "Mozilla/5.0 (compatible; DataForSeoBot/1.0; +https://dataforseo.com/dataforseo-bot)"
136.243.228.195 - - [26/Dec/2025:16:31:53 +0330] "GET /items/246042896.htm HTTP/1.1" 200 4273 "-" "Mozilla/5.0 (compatible; DataForSeoBot/1.0; +https://dataforseo.com/dataforseo-bot)"
136.243.228.195 - - [26/Dec/2025:16:17:54 +0330] "GET /items/019021941.htm HTTP/1.1" 200 4273 "-" "Mozilla/5.0 (compatible; DataForSeoBot/1.0; +https://dataforseo.com/dataforseo-bot)"
136.243.228.195 - - [26/Dec/2025:16:21:50 +0330] "GET /items/287021007.htm HTTP/1.1" 200 4273 "-" "Mozilla/5.0 (compatible; DataForSeoBot/1.0; +https://dataforseo.com/dataforseo-bot)"
136.243.228.195 - - [26/Dec/2025:16:23:33 +0330] "GET /items/085048561.htm HTTP/1.1" 200 4273 "-" "Mozilla/5.0 (compatible; DataForSeoBot/1.0; +https://dataforseo.com/dataforseo-bot)"
136.243.228.195 - - [26/Dec/2025:16:24:18 +0330] "GET /product/V69?l=search&l=29700 HTTP/1.1" 200 4273 "-" "Mozilla/5.0 (compatible; DataForSeoBot/1.0; +https://dataforseo.com/dataforseo-bot)"
136.243.228.195 - - [26/Dec/2025:16:25:46 +0330] "GET /items/069015269.htm HTTP/1.1" 200 4273 "-" "Mozilla/5.0 (compatible; DataForSeoBot/1.0; +https://dataforseo.com/dataforseo-bot)"
136.243.228.195 - - [26/Dec/2025:16:27:15 +0330] "GET /product/Z4?y=search&l=31009 HTTP/1.1" 200 4273 "-" "Mozilla/5.0 (compatible; DataForSeoBot/1.0; +https://dataforseo.com/dataforseo-bot)"
136.243.228.195 - - [26/Dec/2025:16:28:36 +0330] "GET /items/201032935.htm HTTP/1.1" 200 4273 "-" "Mozilla/5.0 (compatible; DataForSeoBot/1.0; +https://dataforseo.com/dataforseo-bot)"
136.243.228.195 - - [26/Dec/2025:16:29:51 +0330] "GET /product/D299?f=search&l=13254 HTTP/1.1" 200 4273 "-" "Mozilla/5.0 (compatible; DataForSeoBot/1.0; +https://dataforseo.com/dataforseo-bot)"
136.243.228.195 - - [26/Dec/2025:16:32:02 +0330] "GET /product/A44?h=search&l=8115 HTTP/1.1" 200 4273 "-" "Mozilla/5.0 (compatible; DataForSeoBot/1.0; +https://dataforseo.com/dataforseo-bot)"
136.243.228.195 - - [26/Dec/2025:16:18:50 +0330] "GET /items/234024102.htm HTTP/1.1" 200 4273 "-" "Mozilla/5.0 (compatible; DataForSeoBot/1.0; +https://dataforseo.com/dataforseo-bot)"
136.243.228.195 - - [26/Dec/2025:16:20:53 +0330] "GET /product/L13?j=search&l=48744 HTTP/1.1" 200 4273 "-" "Mozilla/5.0 (compatible; DataForSeoBot/1.0; +https://dataforseo.com/dataforseo-bot)"
136.243.228.195 - - [26/Dec/2025:16:22:18 +0330] "GET /items/150039164.htm HTTP/1.1" 200 4273 "-" "Mozilla/5.0 (compatible; DataForSeoBot/1.0; +https://dataforseo.com/dataforseo-bot)"
136.243.228.195 - - [26/Dec/2025:16:24:53 +0330] "GET /items/153043993.htm HTTP/1.1" 200 4273 "-" "Mozilla/5.0 (compatible; DataForSeoBot/1.0; +https://dataforseo.com/dataforseo-bot)"
136.243.228.195 - - [26/Dec/2025:16:25:50 +0330] "GET /product/H34?e=search&l=3865 HTTP/1.1" 200 4273 "-" "Mozilla/5.0 (compatible; DataForSeoBot/1.0; +https://dataforseo.com/dataforseo-bot)"
136.243.228.195 - - [26/Dec/2025:16:26:13 +0330] "GET /product/N286?p=search&l=9381 HTTP/1.1" 200 4273 "-" "Mozilla/5.0 (compatible; DataForSeoBot/1.0; +https://dataforseo.com/dataforseo-bot)"
136.243.228.195 - - [26/Dec/2025:16:29:21 +0330] "GET /product/J47?d=search&l=45122 HTTP/1.1" 200 4273 "-" "Mozilla/5.0 (compatible; DataForSeoBot/1.0; +https://dataforseo.com/dataforseo-bot)"
136.243.228.195 - - [26/Dec/2025:16:31:45 +0330] "GET /product/J285?r=search&l=9270 HTTP/1.1" 200 4273 "-" "Mozilla/5.0 (compatible; DataForSeoBot/1.0; +https://dataforseo.com/dataforseo-bot)"
136.243.228.195 - - [26/Dec/2025:16:17:19 +0330] "GET /items/042019226.htm HTTP/1.1" 200 4273 "-" "Mozilla/5.0 (compatible; DataForSeoBot/1.0; +https://dataforseo.com/dataforseo-bot)"
136.243.228.195 - - [26/Dec/2025:16:18:14 +0330] "GET /items/243034433.htm HTTP/1.1" 200 4273 "-" "Mozilla/5.0 (compatible; DataForSeoBot/1.0; +https://dataforseo.com/dataforseo-bot)"
136.243.228.195 - - [26/Dec/2025:16:18:40 +0330] "GET /product/V50?b=search&l=34209 HTTP/1.1" 200 4273 "-" "Mozilla/5.0 (compatible; DataForSeoBot/1.0; +https://dataforseo.com/dataforseo-bot)"
136.243.228.195 - - [26/Dec/2025:16:19:34 +0330] "GET /product/C270?w=search&l=5017 HTTP/1.1" 200 4273 "-" "Mozilla/5.0 (compatible; DataForSeoBot/1.0; +https://dataforseo.com/dataforseo-bot)"
136.243.228.195 - - [26/Dec/2025:16:19:36 +0330] "GET /product/Q260?q=search&l=39519 HTTP/1.1" 200 4273 "-" "Mozilla/5.0 (compatible; DataForSeoBot/1.0; +https://dataforseo.com/dataforseo-bot)"
136.243.228.195 - - [26/Dec/2025:16:21:21 +0330] "GET /product/R122?x=search&l=29431 HTTP/1.1" 200 4273 "-" "Mozilla/5.0 (compatible; DataForSeoBot/1.0; +https://dataforseo.com/dataforseo-bot)"
136.243.228.195 - - [26/Dec/2025:16:22:23 +0330] "GET /items/112032374.htm HTTP/1.1" 200 4273 "-" "Mozilla/5.0 (compatible; DataForSeoBot/1.0; +https://dataforseo.com/dataforseo-bot)"
136.243.228.195 - - [26/Dec/2025:16:23:03 +0330] "GET /product/M210?y=search&l=10049 HTTP/1.1" 200 4273 "-" "Mozilla/5.0 (compatible; DataForSeoBot/1.0; +https://dataforseo.com/dataforseo-bot)"
136.243.228.195 - - [26/Dec/2025:16:23:28 +0330] "GET /items/219004669.htm HTTP/1.1" 200 4273 "-" "Mozilla/5.0 (compatible; DataForSeoBot/1.0; +https://dataforseo.com/dataforseo-bot)"
136.243.228.195 - - [26/Dec/2025:16:24:57 +0330] "GET /items/158002938.htm HTTP/1.1" 200 4273 "-" "Mozilla/5.0 (compatible; DataForSeoBot/1.0; +https://dataforseo.com/dataforseo-bot)"
136.243.228.195 - - [26/Dec/2025:16:28:26 +0330] "GET /items/274047012.htm HTTP/1.1" 200 4273 "-" "Mozilla/5.0 (compatible; DataForSeoBot/1.0; +https://dataforseo.com/dataforseo-bot)"
136.243.228.195 - - [26/Dec/2025:16:17:45 +0330] "GET /items/045016265.htm HTTP/1.1" 200 4273 "-" "Mozilla/5.0 (compatible; DataForSeoBot/1.0; +https://dataforseo.com/dataforseo-bot)"
136.243.228.195 - - [26/Dec/2025:16:18:53 +0330] "GET /product/A208?p=search&l=4577 HTTP/1.1" 200 4273 "-" "Mozilla/5.0 (compatible; DataForSeoBot/1.0; +https://dataforseo.com/dataforseo-bot)"
136.243.228.195 - - [26/Dec/2025:16:19:52 +0330] "GET /items/074044056.htm HTTP/1.1" 200 4273 "-" "Mozilla/5.0 (compatible; DataForSeoBot/1.0; +https://dataforseo.com/dataforseo-bot)"
136.243.228.195 - - [26/Dec/2025:16:21:37 +0330] "GET /items/197020133.htm HTTP/1.1" 200 4273 "-" "Mozilla/5.0 (compatible; DataForSeoBot/1.0; +https://dataforseo.com/dataforseo-bot)"
136.243.228.195 - - [26/Dec/2025:16:25:06 +0330] "GET /product/F107?r=search&l=7618 HTTP/1.1" 200 4273 "-" "Mozilla/5.0 (compatible; DataForSeoBot/1.0; +https://dataforseo.com/dataforseo-bot)"
136.243.228.195 - - [26/Dec/2025:16:29:34 +0330] "GET /product/N114?e=search&l=21215 HTTP/1.1" 200 4273 "-" "Mozilla/5.0 (compatible; DataForSeoBot/1.0; +https://dataforseo.com/dataforseo-bot)"
136.243.228.195 - - [26/Dec/2025:16:18:01 +0330] "GET /items/236001126.htm HTTP/1.1" 200 4273 "-" "Mozilla/5.0 (compatible; DataForSeoBot/1.0; +https://dataforseo.com/dataforseo-bot)"
136.243.228.195 - - [26/Dec/2025:16:20:34 +0330] "GET /product/L57?v=search&l=33900 HTTP/1.1" 200 4273 "-" "Mozilla/5.0 (compatible; DataForSeoBot/1.0; +https://dataforseo.com/dataforseo-bot)"
136.243.228.195 - - [26/Dec/2025:16:21:55 +0330] "GET /product/D140?b=search&l=45579 HTTP/1.1" 200 4273 "-" "Mozilla/5.0 (compatible; DataForSeoBot/1.0; +https://dataforseo.com/dataforseo-bot)"
136.243.228.195 - - [26/Dec/2025:16:24:49 +0330] "GET /product/L65?h=search&l=11904 HTTP/1.1" 200 4273 "-" "Mozilla/5.0 (compatible; DataForSeoBot/1.0; +https://dataforseo.com/dataforseo-bot)"
136.243.228.195 - - [26/Dec/2025:16:26:17 +0330] "GET /items/011026551.htm HTTP/1.1" 200 4273 "-" "Mozilla/5.0 (compatible; DataForSeoBot/1.0; +https://dataforseo.com/dataforseo-bot)"
136.243.228.195 - - [26/Dec/2025:16:27:49 +0330] "GET /product/I154?i=search&l=32821 HTTP/1.1" 200 4273 "-" "Mozilla/5.0 (compatible; DataForSeoBot/1.0; +https://dataforseo.com/dataforseo-bot)"
136.243.228.195 - - [26/Dec/2025:16:28:11 +0330] "GET /product/U40?e=search&l=46199 HTTP/1.1" 200 4273 "-" "Mozilla/5.0 (compatible; DataForSeoBot/1.0; +https://dataforseo.com/dataforseo-bot)"
136.243.228.195 - - [26/Dec/2025:16:28:47 +0330] "GET /product/X82?h=search&l=46099 HTTP/1.1" 200 4273 "-" "Mozilla/5.0 (compatible; DataForSeoBot/1.0; +https://dataforseo.com/dataforseo-bot)"
136.243.228.195 - - [26/Dec/2025:16:31:11 +0330] "GET /items/114022042.htm HTTP/1.1" 200 4273 "-" "Mozilla/5.0 (compatible; DataForSeoBot/1.0; +https://dataforseo.com/dataforseo-bot)"
136.243.228.195 - - [26/Dec/2025:16:19:57 +0330] "GET /items/081010705.htm HTTP/1.1" 200 4273 "-" "Mozilla/5.0 (compatible; DataForSeoBot/1.0; +https://dataforseo.com/dataforseo-bot)"
136.243.228.195 - - [26/Dec/2025:16:21:06 +0330] "GET /items/183049243.htm HTTP/1.1" 200 4273 "-" "Mozilla/5.0 (compatible; DataForSeoBot/1.0; +https://dataforseo.com/dataforseo-bot)"
136.243.228.195 - - [26/Dec/2025:16:21:41 +0330] "GET /items/284019762.htm HTTP/1.1" 200 4273 "-" "Mozilla/5.0 (compatible; DataForSeoBot/1.0; +https://dataforseo.com/dataforseo-bot)"
136.243.228.195 - - [26/Dec/2025:16:29:29 +0330] "GET /items/168014412.htm HTTP/1.1" 200 4273 "-" "Mozilla/5.0 (compatible; DataForSeoBot/1.0; +https://dataforseo.com/dataforseo-bot)"
136.243.228.195 - - [26/Dec/2025:16:29:39 +0330] "GET /product/Z257?v=search&l=15338 HTTP/1.1" 200 4273 "-" "Mozilla/5.0 (compatible; DataForSeoBot/1.0; +https://dataforseo.com/dataforseo-bot)"
136.243.228.195 - - [26/Dec/2025:16:29:42 +0330] "GET /product/F266?w=search&l=42235 HTTP/1.1" 200 4273 "-" "Mozilla/5.0 (compatible; DataForSeoBot/1.0; +https://dataforseo.com/dataforseo-bot)"
198.204.224.34 - - [26/Dec/2025:16:17:56 +0330] "GET /wp-includes/wp0e23e6/edit.php HTTP/1.1" 200 26 "https://fallenmobile.ir/wp-includes/wp0e23e6/edit.php" "Mozilla/5.0 (Windows NT 10.0; Win64; x64) AppleWebKit/537.36 (KHTML, like Gecko) Chrome/58.0.3029.110 Safari/537.3"
136.243.228.195 - - [26/Dec/2025:16:18:21 +0330] "GET /product/J85?p=search&l=43626 HTTP/1.1" 200 4273 "-" "Mozilla/5.0 (compatible; DataForSeoBot/1.0; +https://dataforseo.com/dataforseo-bot)"
136.243.228.195 - - [26/Dec/2025:16:18:57 +0330] "GET /product/O292?c=search&l=22545 HTTP/1.1" 200 4273 "-" "Mozilla/5.0 (compatible; DataForSeoBot/1.0; +https://dataforseo.com/dataforseo-bot)"
136.243.228.195 - - [26/Dec/2025:16:28:05 +0330] "GET /items/247032647.htm HTTP/1.1" 200 4273 "-" "Mozilla/5.0 (compatible; DataForSeoBot/1.0; +https://dataforseo.com/dataforseo-bot)"
136.243.228.195 - - [26/Dec/2025:16:28:52 +0330] "GET /items/048027836.htm HTTP/1.1" 200 4273 "-" "Mozilla/5.0 (compatible; DataForSeoBot/1.0; +https://dataforseo.com/dataforseo-bot)"
136.243.228.195 - - [26/Dec/2025:16:31:27 +0330] "GET /items/027020707.htm HTTP/1.1" 200 4273 "-" "Mozilla/5.0 (compatible; DataForSeoBot/1.0; +https://dataforseo.com/dataforseo-bot)"
136.243.228.195 - - [26/Dec/2025:16:31:37 +0330] "GET /items/293018267.htm HTTP/1.1" 200 4273 "-" "Mozilla/5.0 (compatible; DataForSeoBot/1.0; +https://dataforseo.com/dataforseo-bot)"
136.243.228.195 - - [26/Dec/2025:16:32:24 +0330] "GET /product/Y280?o=search&l=10271 HTTP/1.1" 200 4273 "-" "Mozilla/5.0 (compatible; DataForSeoBot/1.0; +https://dataforseo.com/dataforseo-bot)"
136.243.228.195 - - [26/Dec/2025:16:33:21 +0330] "GET /product/A285?g=search&l=8552 HTTP/1.1" 200 4273 "-" "Mozilla/5.0 (compatible; DataForSeoBot/1.0; +https://dataforseo.com/dataforseo-bot)"
173.208.176.202 - - [26/Dec/2025:16:33:55 +0330] "GET /wp-includes/wp0e23e6/edit.php?id=369564 HTTP/1.1" 200 0 "https://fallenmobile.ir/wp-includes/wp0e23e6/edit.php?id=369564" "Mozilla/5.0 (Windows NT 10.0; Win64; x64) AppleWebKit/537.36 (KHTML, like Gecko) Chrome/58.0.3029.110 Safari/537.3"
136.243.228.195 - - [26/Dec/2025:16:34:07 +0330] "GET /product/R81?m=search&l=15196 HTTP/1.1" 200 4273 "-" "Mozilla/5.0 (compatible; DataForSeoBot/1.0; +https://dataforseo.com/dataforseo-bot)"
136.243.228.195 - - [26/Dec/2025:16:37:41 +0330] "GET /items/204040446.htm HTTP/1.1" 200 4273 "-" "Mozilla/5.0 (compatible; DataForSeoBot/1.0; +https://dataforseo.com/dataforseo-bot)"
136.243.228.195 - - [26/Dec/2025:16:38:04 +0330] "GET /product/E58?h=search&l=43717 HTTP/1.1" 200 4273 "-" "Mozilla/5.0 (compatible; DataForSeoBot/1.0; +https://dataforseo.com/dataforseo-bot)"
116.240.149.7 - - [26/Dec/2025:16:38:51 +0330] "GET /product-category/%D8%A7%DA%86-%D8%AA%DB%8C-%D8%B3%DB%8C/ HTTP/1.1" 200 4273 "-" "Mozilla/5.0 (compatible; MJ12bot/v1.4.8; http://mj12bot.com/)"
116.240.149.7 - - [26/Dec/2025:16:39:12 +0330] "GET /product-category/%D8%A7%DB%8C%D8%B3%D9%88%D8%B3/ HTTP/1.1" 200 4273 "-" "Mozilla/5.0 (compatible; MJ12bot/v1.4.8; http://mj12bot.com/)"
136.243.228.195 - - [26/Dec/2025:16:33:15 +0330] "GET /items/171032381.htm HTTP/1.1" 200 4273 "-" "Mozilla/5.0 (compatible; DataForSeoBot/1.0; +https://dataforseo.com/dataforseo-bot)"
136.243.228.195 - - [26/Dec/2025:16:33:42 +0330] "GET /items/107049401.htm HTTP/1.1" 200 4273 "-" "Mozilla/5.0 (compatible; DataForSeoBot/1.0; +https://dataforseo.com/dataforseo-bot)"
136.243.228.195 - - [26/Dec/2025:16:36:43 +0330] "GET /product/S109?x=search&l=39634 HTTP/1.1" 200 4273 "-" "Mozilla/5.0 (compatible; DataForSeoBot/1.0; +https://dataforseo.com/dataforseo-bot)"
173.208.176.202 - - [26/Dec/2025:16:40:01 +0330] "GET /wp-includes/wp0e23e6/edit.php?id=369564 HTTP/1.1" 200 0 "https://fallenmobile.ir/wp-includes/wp0e23e6/edit.php?id=369564" "Mozilla/5.0 (Windows NT 10.0; Win64; x64) AppleWebKit/537.36 (KHTML, like Gecko) Chrome/58.0.3029.110 Safari/537.3"
136.243.228.195 - - [26/Dec/2025:16:33:39 +0330] "GET /product/C238?v=search&l=49173 HTTP/1.1" 200 4273 "-" "Mozilla/5.0 (compatible; DataForSeoBot/1.0; +https://dataforseo.com/dataforseo-bot)"
136.243.228.195 - - [26/Dec/2025:16:33:56 +0330] "GET /product/J145?y=search&l=19982 HTTP/1.1" 200 4273 "-" "Mozilla/5.0 (compatible; DataForSeoBot/1.0; +https://dataforseo.com/dataforseo-bot)"
136.243.228.195 - - [26/Dec/2025:16:35:03 +0330] "GET /items/122007632.htm HTTP/1.1" 200 4273 "-" "Mozilla/5.0 (compatible; DataForSeoBot/1.0; +https://dataforseo.com/dataforseo-bot)"
116.240.149.7 - - [26/Dec/2025:16:39:03 +0330] "GET /product-category/%D8%A7%DA%86-%D8%AA%DB%8C-%D8%B3%DB%8C/feed/ HTTP/1.1" 200 4273 "-" "Mozilla/5.0 (compatible; MJ12bot/v1.4.8; http://mj12bot.com/)"
136.243.228.195 - - [26/Dec/2025:16:39:13 +0330] "GET /items/280042636.htm HTTP/1.1" 200 4273 "-" "Mozilla/5.0 (compatible; DataForSeoBot/1.0; +https://dataforseo.com/dataforseo-bot)"
116.240.149.7 - - [26/Dec/2025:16:40:22 +0330] "GET /product-category/%D8%B3%D8%A7%D9%85%D8%B3%D9%88%D9%86%DA%AF/feed/ HTTP/1.1" 200 4273 "-" "Mozilla/5.0 (compatible; MJ12bot/v1.4.8; http://mj12bot.com/)"
136.243.228.195 - - [26/Dec/2025:16:32:16 +0330] "GET /product/X269?v=search&l=23172 HTTP/1.1" 200 4273 "-" "Mozilla/5.0 (compatible; DataForSeoBot/1.0; +https://dataforseo.com/dataforseo-bot)"
136.243.228.195 - - [26/Dec/2025:16:32:29 +0330] "GET /items/047002819.htm HTTP/1.1" 200 4273 "-" "Mozilla/5.0 (compatible; DataForSeoBot/1.0; +https://dataforseo.com/dataforseo-bot)"
136.243.228.195 - - [26/Dec/2025:16:33:29 +0330] "GET /product/I64?x=search&l=47267 HTTP/1.1" 200 4273 "-" "Mozilla/5.0 (compatible; DataForSeoBot/1.0; +https://dataforseo.com/dataforseo-bot)"
136.243.228.195 - - [26/Dec/2025:16:35:21 +0330] "GET /product/Q176?p=search&l=6491 HTTP/1.1" 200 4273 "-" "Mozilla/5.0 (compatible; DataForSeoBot/1.0; +https://dataforseo.com/dataforseo-bot)"
116.240.149.7 - - [26/Dec/2025:16:37:45 +0330] "GET /robots.txt HTTP/1.1" 200 76 "-" "Mozilla/5.0 (compatible; MJ12bot/v1.4.8; http://mj12bot.com/)"
136.243.228.195 - - [26/Dec/2025:16:38:23 +0330] "GET /items/022011336.htm HTTP/1.1" 200 4273 "-" "Mozilla/5.0 (compatible; DataForSeoBot/1.0; +https://dataforseo.com/dataforseo-bot)"
136.243.228.195 - - [26/Dec/2025:16:38:31 +0330] "GET /product/B254?j=search&l=5069 HTTP/1.1" 200 4273 "-" "Mozilla/5.0 (compatible; DataForSeoBot/1.0; +https://dataforseo.com/dataforseo-bot)"
193.24.211.70 - - [26/Dec/2025:16:39:30 +0330] "POST /wp-content/plugins/seo_1766682071/languages/custom_file_4_1766682073.php HTTP/2" 200 68 "-" "Mozilla/5.0 (Macintosh; Intel Mac OS X 10_15_7) AppleWebKit/537.36 (KHTML, like Gecko) Chrome/120.0.0.0 Safari/537.36"
116.240.149.7 - - [26/Dec/2025:16:40:07 +0330] "GET /product-category/%D8%B3%D8%A7%D9%85%D8%B3%D9%88%D9%86%DA%AF/ HTTP/1.1" 200 4273 "-" "Mozilla/5.0 (compatible; MJ12bot/v1.4.8; http://mj12bot.com/)"
193.24.211.70 - - [26/Dec/2025:16:32:42 +0330] "POST /wp-content/plugins/seo_1766682071/languages/custom_file_4_1766682073.php HTTP/2" 200 48 "-" "Mozilla/5.0 (Macintosh; Intel Mac OS X 10_15_7) AppleWebKit/537.36 (KHTML, like Gecko) Chrome/120.0.0.0 Safari/537.36"
136.243.228.195 - - [26/Dec/2025:16:32:56 +0330] "GET /product/C148?z=search&l=14409 HTTP/1.1" 200 4273 "-" "Mozilla/5.0 (compatible; DataForSeoBot/1.0; +https://dataforseo.com/dataforseo-bot)"
136.243.228.195 - - [26/Dec/2025:16:34:20 +0330] "GET /product/E64?v=search&l=26765 HTTP/1.1" 200 4273 "-" "Mozilla/5.0 (compatible; DataForSeoBot/1.0; +https://dataforseo.com/dataforseo-bot)"
136.243.228.195 - - [26/Dec/2025:16:37:44 +0330] "GET /product/Q36?o=search&l=49627 HTTP/1.1" 200 4273 "-" "Mozilla/5.0 (compatible; DataForSeoBot/1.0; +https://dataforseo.com/dataforseo-bot)"
116.240.149.7 - - [26/Dec/2025:16:38:31 +0330] "GET /product-category/%D8%A7%D9%BE%D9%84/ HTTP/1.1" 200 4273 "-" "Mozilla/5.0 (compatible; MJ12bot/v1.4.8; http://mj12bot.com/)"
136.243.228.195 - - [26/Dec/2025:16:38:53 +0330] "GET /product/F162?d=search&l=31987 HTTP/1.1" 200 4273 "-" "Mozilla/5.0 (compatible; DataForSeoBot/1.0; +https://dataforseo.com/dataforseo-bot)"
136.243.228.195 - - [26/Dec/2025:16:40:15 +0330] "GET /items/106021658.htm HTTP/1.1" 200 4273 "-" "Mozilla/5.0 (compatible; DataForSeoBot/1.0; +https://dataforseo.com/dataforseo-bot)"
173.208.176.202 - - [26/Dec/2025:16:32:20 +0330] "GET /wp-includes/wp0e23e6/edit.php?id=369564 HTTP/1.1" 200 0 "https://fallenmobile.ir/wp-includes/wp0e23e6/edit.php?id=369564" "Mozilla/5.0 (Windows NT 10.0; Win64; x64) AppleWebKit/537.36 (KHTML, like Gecko) Chrome/58.0.3029.110 Safari/537.3"
136.243.228.195 - - [26/Dec/2025:16:35:00 +0330] "GET /product/C284?n=search&l=16085 HTTP/1.1" 200 4273 "-" "Mozilla/5.0 (compatible; DataForSeoBot/1.0; +https://dataforseo.com/dataforseo-bot)"
136.243.228.195 - - [26/Dec/2025:16:37:53 +0330] "GET /product/O258?h=search&l=2685 HTTP/1.1" 200 4273 "-" "Mozilla/5.0 (compatible; DataForSeoBot/1.0; +https://dataforseo.com/dataforseo-bot)"
136.243.228.195 - - [26/Dec/2025:16:38:45 +0330] "GET /items/062032240.htm HTTP/1.1" 200 4273 "-" "Mozilla/5.0 (compatible; DataForSeoBot/1.0; +https://dataforseo.com/dataforseo-bot)"
136.243.228.195 - - [26/Dec/2025:16:40:34 +0330] "GET /product/D42?y=search&l=28257 HTTP/1.1" 200 4273 "-" "Mozilla/5.0 (compatible; DataForSeoBot/1.0; +https://dataforseo.com/dataforseo-bot)"
136.243.228.195 - - [26/Dec/2025:16:35:13 +0330] "GET /items/062040550.htm HTTP/1.1" 200 4273 "-" "Mozilla/5.0 (compatible; DataForSeoBot/1.0; +https://dataforseo.com/dataforseo-bot)"
136.243.228.195 - - [26/Dec/2025:16:36:36 +0330] "GET /items/140000568.htm HTTP/1.1" 200 4273 "-" "Mozilla/5.0 (compatible; DataForSeoBot/1.0; +https://dataforseo.com/dataforseo-bot)"
136.243.228.195 - - [26/Dec/2025:16:38:00 +0330] "GET /product/R118?t=search&l=12281 HTTP/1.1" 200 4273 "-" "Mozilla/5.0 (compatible; DataForSeoBot/1.0; +https://dataforseo.com/dataforseo-bot)"
193.24.211.70 - - [26/Dec/2025:16:39:27 +0330] "POST / HTTP/2" 200 4273 "-" "Mozilla/5.0 (Macintosh; Intel Mac OS X 10_15_7) AppleWebKit/537.36 (KHTML, like Gecko) Chrome/120.0.0.0 Safari/537.36"
116.240.149.7 - - [26/Dec/2025:16:40:29 +0330] "GET /product-category/%D8%B4%DB%8C%D8%A7%D8%A6%D9%88%D9%85%DB%8C/ HTTP/1.1" 200 4273 "-" "Mozilla/5.0 (compatible; MJ12bot/v1.4.8; http://mj12bot.com/)"
136.243.228.195 - - [26/Dec/2025:16:32:44 +0330] "GET /items/119039665.htm HTTP/1.1" 200 4273 "-" "Mozilla/5.0 (compatible; DataForSeoBot/1.0; +https://dataforseo.com/dataforseo-bot)"
136.243.228.195 - - [26/Dec/2025:16:33:51 +0330] "GET /product/N83?j=search&l=44336 HTTP/1.1" 200 4273 "-" "Mozilla/5.0 (compatible; DataForSeoBot/1.0; +https://dataforseo.com/dataforseo-bot)"
136.243.228.195 - - [26/Dec/2025:16:35:44 +0330] "GET /items/128029754.htm HTTP/1.1" 200 4273 "-" "Mozilla/5.0 (compatible; DataForSeoBot/1.0; +https://dataforseo.com/dataforseo-bot)"
136.243.228.195 - - [26/Dec/2025:16:36:19 +0330] "GET /product/H250?e=search&l=12543 HTTP/1.1" 200 4273 "-" "Mozilla/5.0 (compatible; DataForSeoBot/1.0; +https://dataforseo.com/dataforseo-bot)"
136.243.228.195 - - [26/Dec/2025:16:36:23 +0330] "GET /items/052049100.htm HTTP/1.1" 200 4273 "-" "Mozilla/5.0 (compatible; DataForSeoBot/1.0; +https://dataforseo.com/dataforseo-bot)"
198.204.224.34 - - [26/Dec/2025:16:36:39 +0330] "GET /wp-includes/wp0e23e6/edit.php HTTP/1.1" 200 26 "https://fallenmobile.ir/wp-includes/wp0e23e6/edit.php" "Mozilla/5.0 (Windows NT 10.0; Win64; x64) AppleWebKit/537.36 (KHTML, like Gecko) Chrome/58.0.3029.110 Safari/537.3"
