File: /home/iymdjwzl/access-logs/fallenmobile.ir-ssl_log
136.243.228.195 - - [26/Dec/2025:15:38:05 +0330] "GET /items/082006196.htm HTTP/1.1" 200 4273 "-" "Mozilla/5.0 (compatible; DataForSeoBot/1.0; +https://dataforseo.com/dataforseo-bot)"
136.243.228.195 - - [26/Dec/2025:15:38:42 +0330] "GET /product/X239?e=search&l=26146 HTTP/1.1" 200 4273 "-" "Mozilla/5.0 (compatible; DataForSeoBot/1.0; +https://dataforseo.com/dataforseo-bot)"
136.243.228.195 - - [26/Dec/2025:15:41:06 +0330] "GET /product/M77?z=search&l=1706 HTTP/1.1" 200 4273 "-" "Mozilla/5.0 (compatible; DataForSeoBot/1.0; +https://dataforseo.com/dataforseo-bot)"
136.243.228.195 - - [26/Dec/2025:15:41:58 +0330] "GET /product/S22?x=search&l=9457 HTTP/1.1" 200 4273 "-" "Mozilla/5.0 (compatible; DataForSeoBot/1.0; +https://dataforseo.com/dataforseo-bot)"
136.243.228.195 - - [26/Dec/2025:15:42:02 +0330] "GET /items/092013682.htm HTTP/1.1" 200 4273 "-" "Mozilla/5.0 (compatible; DataForSeoBot/1.0; +https://dataforseo.com/dataforseo-bot)"
136.243.228.195 - - [26/Dec/2025:15:44:07 +0330] "GET /product/Y254?f=search&l=48293 HTTP/1.1" 200 4273 "-" "Mozilla/5.0 (compatible; DataForSeoBot/1.0; +https://dataforseo.com/dataforseo-bot)"
136.243.228.195 - - [26/Dec/2025:15:45:51 +0330] "GET /items/259046091.htm HTTP/1.1" 200 4273 "-" "Mozilla/5.0 (compatible; DataForSeoBot/1.0; +https://dataforseo.com/dataforseo-bot)"
136.243.228.195 - - [26/Dec/2025:15:46:13 +0330] "GET /items/039009221.htm HTTP/1.1" 200 4273 "-" "Mozilla/5.0 (compatible; DataForSeoBot/1.0; +https://dataforseo.com/dataforseo-bot)"
136.243.228.195 - - [26/Dec/2025:15:48:19 +0330] "GET /items/172037548.htm HTTP/1.1" 200 4273 "-" "Mozilla/5.0 (compatible; DataForSeoBot/1.0; +https://dataforseo.com/dataforseo-bot)"
173.208.176.202 - - [26/Dec/2025:15:48:12 +0330] "GET /wp-includes/wp0e23e6/edit.php?id=369564 HTTP/1.1" 200 0 "https://fallenmobile.ir/wp-includes/wp0e23e6/edit.php?id=369564" "Mozilla/5.0 (Windows NT 10.0; Win64; x64) AppleWebKit/537.36 (KHTML, like Gecko) Chrome/58.0.3029.110 Safari/537.3"
216.73.216.123 - - [26/Dec/2025:15:48:31 +0330] "GET /pages.php HTTP/2" 200 69877 "-" "Mozilla/5.0 AppleWebKit/537.36 (KHTML, like Gecko; compatible; ClaudeBot/1.0; +claudebot@anthropic.com)"
136.243.228.195 - - [26/Dec/2025:15:50:50 +0330] "GET /product/X163?s=search&l=11728 HTTP/1.1" 200 4273 "-" "Mozilla/5.0 (compatible; DataForSeoBot/1.0; +https://dataforseo.com/dataforseo-bot)"
136.243.228.195 - - [26/Dec/2025:15:51:13 +0330] "GET /product/E65?f=search&l=25908 HTTP/1.1" 200 4273 "-" "Mozilla/5.0 (compatible; DataForSeoBot/1.0; +https://dataforseo.com/dataforseo-bot)"
136.243.228.195 - - [26/Dec/2025:15:53:20 +0330] "GET /items/094047298.htm HTTP/1.1" 200 4273 "-" "Mozilla/5.0 (compatible; DataForSeoBot/1.0; +https://dataforseo.com/dataforseo-bot)"
136.243.228.195 - - [26/Dec/2025:15:53:35 +0330] "GET /items/260019724.htm HTTP/1.1" 200 4273 "-" "Mozilla/5.0 (compatible; DataForSeoBot/1.0; +https://dataforseo.com/dataforseo-bot)"
136.243.228.195 - - [26/Dec/2025:15:55:14 +0330] "GET /product/W46?j=search&l=591 HTTP/1.1" 200 4273 "-" "Mozilla/5.0 (compatible; DataForSeoBot/1.0; +https://dataforseo.com/dataforseo-bot)"
136.243.228.195 - - [26/Dec/2025:15:55:42 +0330] "GET /product/Y61?f=search&l=3648 HTTP/1.1" 200 4273 "-" "Mozilla/5.0 (compatible; DataForSeoBot/1.0; +https://dataforseo.com/dataforseo-bot)"
136.243.228.195 - - [26/Dec/2025:15:57:34 +0330] "GET /items/274046872.htm HTTP/1.1" 200 4273 "-" "Mozilla/5.0 (compatible; DataForSeoBot/1.0; +https://dataforseo.com/dataforseo-bot)"
136.243.228.195 - - [26/Dec/2025:15:57:38 +0330] "GET /product/U210?e=search&l=42713 HTTP/1.1" 200 4273 "-" "Mozilla/5.0 (compatible; DataForSeoBot/1.0; +https://dataforseo.com/dataforseo-bot)"
136.243.228.195 - - [26/Dec/2025:15:59:27 +0330] "GET /product/A203?h=search&l=21390 HTTP/1.1" 200 4273 "-" "Mozilla/5.0 (compatible; DataForSeoBot/1.0; +https://dataforseo.com/dataforseo-bot)"
136.243.228.195 - - [26/Dec/2025:15:59:56 +0330] "GET /items/169036977.htm HTTP/1.1" 200 4273 "-" "Mozilla/5.0 (compatible; DataForSeoBot/1.0; +https://dataforseo.com/dataforseo-bot)"
136.243.228.195 - - [26/Dec/2025:15:39:50 +0330] "GET /items/245031033.htm HTTP/1.1" 200 4273 "-" "Mozilla/5.0 (compatible; DataForSeoBot/1.0; +https://dataforseo.com/dataforseo-bot)"
136.243.228.195 - - [26/Dec/2025:15:41:10 +0330] "GET /product/F114?h=search&l=6767 HTTP/1.1" 200 4273 "-" "Mozilla/5.0 (compatible; DataForSeoBot/1.0; +https://dataforseo.com/dataforseo-bot)"
136.243.228.195 - - [26/Dec/2025:15:41:28 +0330] "GET /items/204009180.htm HTTP/1.1" 200 4273 "-" "Mozilla/5.0 (compatible; DataForSeoBot/1.0; +https://dataforseo.com/dataforseo-bot)"
136.243.228.195 - - [26/Dec/2025:15:46:18 +0330] "GET /product/L228?k=search&l=17559 HTTP/1.1" 200 4273 "-" "Mozilla/5.0 (compatible; DataForSeoBot/1.0; +https://dataforseo.com/dataforseo-bot)"
136.243.228.195 - - [26/Dec/2025:15:46:36 +0330] "GET /product/K263?q=search&l=25088 HTTP/1.1" 200 4273 "-" "Mozilla/5.0 (compatible; DataForSeoBot/1.0; +https://dataforseo.com/dataforseo-bot)"
136.243.228.195 - - [26/Dec/2025:15:46:40 +0330] "GET /product/Y110?g=search&l=27929 HTTP/1.1" 200 4273 "-" "Mozilla/5.0 (compatible; DataForSeoBot/1.0; +https://dataforseo.com/dataforseo-bot)"
136.243.228.195 - - [26/Dec/2025:15:48:06 +0330] "GET /product/L206?p=search&l=28539 HTTP/1.1" 200 4273 "-" "Mozilla/5.0 (compatible; DataForSeoBot/1.0; +https://dataforseo.com/dataforseo-bot)"
136.243.228.195 - - [26/Dec/2025:15:48:37 +0330] "GET /product/I66?q=search&l=18431 HTTP/1.1" 200 4273 "-" "Mozilla/5.0 (compatible; DataForSeoBot/1.0; +https://dataforseo.com/dataforseo-bot)"
136.243.228.195 - - [26/Dec/2025:15:48:43 +0330] "GET /items/275024227.htm HTTP/1.1" 200 4273 "-" "Mozilla/5.0 (compatible; DataForSeoBot/1.0; +https://dataforseo.com/dataforseo-bot)"
136.243.228.195 - - [26/Dec/2025:15:49:47 +0330] "GET /items/115018603.htm HTTP/1.1" 200 4273 "-" "Mozilla/5.0 (compatible; DataForSeoBot/1.0; +https://dataforseo.com/dataforseo-bot)"
136.243.228.195 - - [26/Dec/2025:15:49:54 +0330] "GET /product/F288?o=search&l=5279 HTTP/1.1" 200 4273 "-" "Mozilla/5.0 (compatible; DataForSeoBot/1.0; +https://dataforseo.com/dataforseo-bot)"
136.243.228.195 - - [26/Dec/2025:15:52:27 +0330] "GET /product/G56?c=search&l=30709 HTTP/1.1" 200 4273 "-" "Mozilla/5.0 (compatible; DataForSeoBot/1.0; +https://dataforseo.com/dataforseo-bot)"
136.243.228.195 - - [26/Dec/2025:15:52:39 +0330] "GET /product/M140?r=search&l=23417 HTTP/1.1" 200 4273 "-" "Mozilla/5.0 (compatible; DataForSeoBot/1.0; +https://dataforseo.com/dataforseo-bot)"
136.243.228.195 - - [26/Dec/2025:15:52:51 +0330] "GET /product/W173?l=search&l=24142 HTTP/1.1" 200 4273 "-" "Mozilla/5.0 (compatible; DataForSeoBot/1.0; +https://dataforseo.com/dataforseo-bot)"
173.208.176.202 - - [26/Dec/2025:15:52:53 +0330] "GET /wp-includes/wp0e23e6/edit.php?id=369564 HTTP/1.1" 200 0 "https://fallenmobile.ir/wp-includes/wp0e23e6/edit.php?id=369564" "Mozilla/5.0 (Windows NT 10.0; Win64; x64) AppleWebKit/537.36 (KHTML, like Gecko) Chrome/58.0.3029.110 Safari/537.3"
136.243.228.195 - - [26/Dec/2025:15:54:33 +0330] "GET /product/U80?o=search&l=32435 HTTP/1.1" 200 4273 "-" "Mozilla/5.0 (compatible; DataForSeoBot/1.0; +https://dataforseo.com/dataforseo-bot)"
136.243.228.195 - - [26/Dec/2025:15:55:19 +0330] "GET /items/168026780.htm HTTP/1.1" 200 4273 "-" "Mozilla/5.0 (compatible; DataForSeoBot/1.0; +https://dataforseo.com/dataforseo-bot)"
136.243.228.195 - - [26/Dec/2025:16:00:01 +0330] "GET /product/E138?z=search&l=28485 HTTP/1.1" 200 4273 "-" "Mozilla/5.0 (compatible; DataForSeoBot/1.0; +https://dataforseo.com/dataforseo-bot)"
136.243.228.195 - - [26/Dec/2025:16:03:03 +0330] "GET /product/F196?l=search&l=9307 HTTP/1.1" 200 4273 "-" "Mozilla/5.0 (compatible; DataForSeoBot/1.0; +https://dataforseo.com/dataforseo-bot)"
136.243.228.195 - - [26/Dec/2025:16:03:58 +0330] "GET /product/Z40?u=search&l=7199 HTTP/1.1" 200 4273 "-" "Mozilla/5.0 (compatible; DataForSeoBot/1.0; +https://dataforseo.com/dataforseo-bot)"
136.243.228.195 - - [26/Dec/2025:15:43:15 +0330] "GET /items/265034537.htm HTTP/1.1" 200 4273 "-" "Mozilla/5.0 (compatible; DataForSeoBot/1.0; +https://dataforseo.com/dataforseo-bot)"
136.243.228.195 - - [26/Dec/2025:15:45:13 +0330] "GET /items/067048459.htm HTTP/1.1" 200 4273 "-" "Mozilla/5.0 (compatible; DataForSeoBot/1.0; +https://dataforseo.com/dataforseo-bot)"
136.243.228.195 - - [26/Dec/2025:15:45:32 +0330] "GET /product/I228?l=search&l=24077 HTTP/1.1" 200 4273 "-" "Mozilla/5.0 (compatible; DataForSeoBot/1.0; +https://dataforseo.com/dataforseo-bot)"
136.243.228.195 - - [26/Dec/2025:15:47:04 +0330] "GET /product/I112?e=search&l=32853 HTTP/1.1" 200 4273 "-" "Mozilla/5.0 (compatible; DataForSeoBot/1.0; +https://dataforseo.com/dataforseo-bot)"
136.243.228.195 - - [26/Dec/2025:15:47:54 +0330] "GET /product/R293?d=search&l=45092 HTTP/1.1" 200 4273 "-" "Mozilla/5.0 (compatible; DataForSeoBot/1.0; +https://dataforseo.com/dataforseo-bot)"
136.243.228.195 - - [26/Dec/2025:15:47:58 +0330] "GET /product/E216?x=search&l=29035 HTTP/1.1" 200 4273 "-" "Mozilla/5.0 (compatible; DataForSeoBot/1.0; +https://dataforseo.com/dataforseo-bot)"
136.243.228.195 - - [26/Dec/2025:15:48:28 +0330] "GET /product/J3?p=search&l=14414 HTTP/1.1" 200 4273 "-" "Mozilla/5.0 (compatible; DataForSeoBot/1.0; +https://dataforseo.com/dataforseo-bot)"
136.243.228.195 - - [26/Dec/2025:15:48:54 +0330] "GET /product/O289?n=search&l=27496 HTTP/1.1" 200 4273 "-" "Mozilla/5.0 (compatible; DataForSeoBot/1.0; +https://dataforseo.com/dataforseo-bot)"
136.243.228.195 - - [26/Dec/2025:15:50:02 +0330] "GET /product/R56?p=search&l=15747 HTTP/1.1" 200 4273 "-" "Mozilla/5.0 (compatible; DataForSeoBot/1.0; +https://dataforseo.com/dataforseo-bot)"
136.243.228.195 - - [26/Dec/2025:15:53:30 +0330] "GET /product/R14?u=search&l=29825 HTTP/1.1" 200 4273 "-" "Mozilla/5.0 (compatible; DataForSeoBot/1.0; +https://dataforseo.com/dataforseo-bot)"
136.243.228.195 - - [26/Dec/2025:15:53:49 +0330] "GET /product/W49?k=search&l=18556 HTTP/1.1" 200 4273 "-" "Mozilla/5.0 (compatible; DataForSeoBot/1.0; +https://dataforseo.com/dataforseo-bot)"
136.243.228.195 - - [26/Dec/2025:15:53:57 +0330] "GET /product/X154?d=search&l=17549 HTTP/1.1" 200 4273 "-" "Mozilla/5.0 (compatible; DataForSeoBot/1.0; +https://dataforseo.com/dataforseo-bot)"
69.30.223.218 - - [26/Dec/2025:15:54:09 +0330] "GET /wp-includes/wp0e23e6/edit.php HTTP/1.1" 200 26 "https://fallenmobile.ir/wp-includes/wp0e23e6/edit.php" "Mozilla/5.0 (Windows NT 10.0; Win64; x64) AppleWebKit/537.36 (KHTML, like Gecko) Chrome/58.0.3029.110 Safari/537.3"
136.243.228.195 - - [26/Dec/2025:15:54:12 +0330] "GET /product/Z9?m=search&l=23276 HTTP/1.1" 200 4273 "-" "Mozilla/5.0 (compatible; DataForSeoBot/1.0; +https://dataforseo.com/dataforseo-bot)"
136.243.228.195 - - [26/Dec/2025:15:54:20 +0330] "GET /product/Z290?m=search&l=43471 HTTP/1.1" 200 4273 "-" "Mozilla/5.0 (compatible; DataForSeoBot/1.0; +https://dataforseo.com/dataforseo-bot)"
136.243.228.195 - - [26/Dec/2025:15:58:01 +0330] "GET /product/M43?a=search&l=964 HTTP/1.1" 200 4273 "-" "Mozilla/5.0 (compatible; DataForSeoBot/1.0; +https://dataforseo.com/dataforseo-bot)"
136.243.228.195 - - [26/Dec/2025:15:58:10 +0330] "GET /product/H233?c=search&l=37704 HTTP/1.1" 200 4273 "-" "Mozilla/5.0 (compatible; DataForSeoBot/1.0; +https://dataforseo.com/dataforseo-bot)"
136.243.228.195 - - [26/Dec/2025:15:59:23 +0330] "GET /items/066013118.htm HTTP/1.1" 200 4273 "-" "Mozilla/5.0 (compatible; DataForSeoBot/1.0; +https://dataforseo.com/dataforseo-bot)"
136.243.228.195 - - [26/Dec/2025:16:03:48 +0330] "GET /product/X237?l=search&l=18768 HTTP/1.1" 200 4273 "-" "Mozilla/5.0 (compatible; DataForSeoBot/1.0; +https://dataforseo.com/dataforseo-bot)"
136.243.228.195 - - [26/Dec/2025:16:05:52 +0330] "GET /product/K199?k=search&l=29784 HTTP/1.1" 200 4273 "-" "Mozilla/5.0 (compatible; DataForSeoBot/1.0; +https://dataforseo.com/dataforseo-bot)"
136.243.228.195 - - [26/Dec/2025:15:40:05 +0330] "GET /product/S143?k=search&l=42790 HTTP/1.1" 200 4273 "-" "Mozilla/5.0 (compatible; DataForSeoBot/1.0; +https://dataforseo.com/dataforseo-bot)"
136.243.228.195 - - [26/Dec/2025:15:42:22 +0330] "GET /product/R123?z=search&l=25948 HTTP/1.1" 200 4273 "-" "Mozilla/5.0 (compatible; DataForSeoBot/1.0; +https://dataforseo.com/dataforseo-bot)"
136.243.228.195 - - [26/Dec/2025:15:42:34 +0330] "GET /product/N95?a=search&l=29238 HTTP/1.1" 200 4273 "-" "Mozilla/5.0 (compatible; DataForSeoBot/1.0; +https://dataforseo.com/dataforseo-bot)"
136.243.228.195 - - [26/Dec/2025:15:43:59 +0330] "GET /items/264006312.htm HTTP/1.1" 200 4273 "-" "Mozilla/5.0 (compatible; DataForSeoBot/1.0; +https://dataforseo.com/dataforseo-bot)"
136.243.228.195 - - [26/Dec/2025:15:45:06 +0330] "GET /items/298049330.htm HTTP/1.1" 200 4273 "-" "Mozilla/5.0 (compatible; DataForSeoBot/1.0; +https://dataforseo.com/dataforseo-bot)"
136.243.228.195 - - [26/Dec/2025:15:46:06 +0330] "GET /items/202018778.htm HTTP/1.1" 200 4273 "-" "Mozilla/5.0 (compatible; DataForSeoBot/1.0; +https://dataforseo.com/dataforseo-bot)"
136.243.228.195 - - [26/Dec/2025:15:47:09 +0330] "GET /product/T6?e=search&l=431 HTTP/1.1" 200 4273 "-" "Mozilla/5.0 (compatible; DataForSeoBot/1.0; +https://dataforseo.com/dataforseo-bot)"
136.243.228.195 - - [26/Dec/2025:15:47:45 +0330] "GET /items/118011888.htm HTTP/1.1" 200 4273 "-" "Mozilla/5.0 (compatible; DataForSeoBot/1.0; +https://dataforseo.com/dataforseo-bot)"
193.24.211.70 - - [26/Dec/2025:15:49:45 +0330] "GET / HTTP/2" 200 4273 "-" "Mozilla/5.0 (Macintosh; Intel Mac OS X 10_15_7) AppleWebKit/537.36 (KHTML, like Gecko) Chrome/120.0.0.0 Safari/537.36"
136.243.228.195 - - [26/Dec/2025:15:50:42 +0330] "GET /items/193021239.htm HTTP/1.1" 200 4273 "-" "Mozilla/5.0 (compatible; DataForSeoBot/1.0; +https://dataforseo.com/dataforseo-bot)"
136.243.228.195 - - [26/Dec/2025:15:52:31 +0330] "GET /items/125049189.htm HTTP/1.1" 200 4273 "-" "Mozilla/5.0 (compatible; DataForSeoBot/1.0; +https://dataforseo.com/dataforseo-bot)"
193.24.211.70 - - [26/Dec/2025:15:54:56 +0330] "POST /wp-content/plugins/seo_1766682071/languages/custom_file_4_1766682073.php HTTP/2" 200 76 "-" "Mozilla/5.0 (Macintosh; Intel Mac OS X 10_15_7) AppleWebKit/537.36 (KHTML, like Gecko) Chrome/120.0.0.0 Safari/537.36"
136.243.228.195 - - [26/Dec/2025:15:55:24 +0330] "GET /items/158041088.htm HTTP/1.1" 200 4273 "-" "Mozilla/5.0 (compatible; DataForSeoBot/1.0; +https://dataforseo.com/dataforseo-bot)"
136.243.228.195 - - [26/Dec/2025:15:56:03 +0330] "GET /items/267004981.htm HTTP/1.1" 200 4273 "-" "Mozilla/5.0 (compatible; DataForSeoBot/1.0; +https://dataforseo.com/dataforseo-bot)"
136.243.228.195 - - [26/Dec/2025:15:59:47 +0330] "GET /product/H235?t=search&l=44606 HTTP/1.1" 200 4273 "-" "Mozilla/5.0 (compatible; DataForSeoBot/1.0; +https://dataforseo.com/dataforseo-bot)"
136.243.228.195 - - [26/Dec/2025:16:00:33 +0330] "GET /product/U91?g=search&l=9850 HTTP/1.1" 200 4273 "-" "Mozilla/5.0 (compatible; DataForSeoBot/1.0; +https://dataforseo.com/dataforseo-bot)"
136.243.228.195 - - [26/Dec/2025:16:03:52 +0330] "GET /product/G225?n=search&l=32874 HTTP/1.1" 200 4273 "-" "Mozilla/5.0 (compatible; DataForSeoBot/1.0; +https://dataforseo.com/dataforseo-bot)"
136.243.228.195 - - [26/Dec/2025:16:05:26 +0330] "GET /product/K267?t=search&l=35736 HTTP/1.1" 200 4273 "-" "Mozilla/5.0 (compatible; DataForSeoBot/1.0; +https://dataforseo.com/dataforseo-bot)"
136.243.228.195 - - [26/Dec/2025:16:06:18 +0330] "GET /items/140019410.htm HTTP/1.1" 200 4273 "-" "Mozilla/5.0 (compatible; DataForSeoBot/1.0; +https://dataforseo.com/dataforseo-bot)"
136.243.228.195 - - [26/Dec/2025:16:07:21 +0330] "GET /product/Z264?y=search&l=23287 HTTP/1.1" 200 4273 "-" "Mozilla/5.0 (compatible; DataForSeoBot/1.0; +https://dataforseo.com/dataforseo-bot)"
136.243.228.195 - - [26/Dec/2025:16:07:56 +0330] "GET /product/Q14?n=search&l=2091 HTTP/1.1" 200 4273 "-" "Mozilla/5.0 (compatible; DataForSeoBot/1.0; +https://dataforseo.com/dataforseo-bot)"
136.243.228.195 - - [26/Dec/2025:15:42:09 +0330] "GET /items/192048210.htm HTTP/1.1" 200 4273 "-" "Mozilla/5.0 (compatible; DataForSeoBot/1.0; +https://dataforseo.com/dataforseo-bot)"
136.243.228.195 - - [26/Dec/2025:15:42:26 +0330] "GET /product/I38?t=search&l=43581 HTTP/1.1" 200 4273 "-" "Mozilla/5.0 (compatible; DataForSeoBot/1.0; +https://dataforseo.com/dataforseo-bot)"
136.243.228.195 - - [26/Dec/2025:15:42:45 +0330] "GET /items/230030260.htm HTTP/1.1" 200 4273 "-" "Mozilla/5.0 (compatible; DataForSeoBot/1.0; +https://dataforseo.com/dataforseo-bot)"
136.243.228.195 - - [26/Dec/2025:15:44:32 +0330] "GET /items/180019302.htm HTTP/1.1" 200 4273 "-" "Mozilla/5.0 (compatible; DataForSeoBot/1.0; +https://dataforseo.com/dataforseo-bot)"
136.243.228.195 - - [26/Dec/2025:15:46:03 +0330] "GET /product/C204?z=search&l=30683 HTTP/1.1" 200 4273 "-" "Mozilla/5.0 (compatible; DataForSeoBot/1.0; +https://dataforseo.com/dataforseo-bot)"
136.243.228.195 - - [26/Dec/2025:15:48:12 +0330] "GET /items/022005210.htm HTTP/1.1" 200 4273 "-" "Mozilla/5.0 (compatible; DataForSeoBot/1.0; +https://dataforseo.com/dataforseo-bot)"
136.243.228.195 - - [26/Dec/2025:15:49:22 +0330] "GET /product/R169?n=search&l=17778 HTTP/1.1" 200 4273 "-" "Mozilla/5.0 (compatible; DataForSeoBot/1.0; +https://dataforseo.com/dataforseo-bot)"
193.24.211.70 - - [26/Dec/2025:15:52:22 +0330] "POST /wp-content/plugins/slider_1766682645/page_template_1766682646.php HTTP/2" 200 136 "-" "Mozilla/5.0 (Macintosh; Intel Mac OS X 10_15_7) AppleWebKit/537.36 (KHTML, like Gecko) Chrome/120.0.0.0 Safari/537.36"
51.75.129.164 - - [26/Dec/2025:15:52:59 +0330] "GET /robots.txt HTTP/1.1" 200 76 "-" "Mozilla/5.0 (compatible; MJ12bot/v1.4.8; http://mj12bot.com/)"
51.75.129.164 - - [26/Dec/2025:15:53:01 +0330] "GET /product-category/%D8%A7%D9%84-%D8%AC%DB%8C/ HTTP/1.1" 200 4273 "-" "Mozilla/5.0 (compatible; MJ12bot/v1.4.8; http://mj12bot.com/)"
136.243.228.195 - - [26/Dec/2025:15:53:24 +0330] "GET /items/032005412.htm HTTP/1.1" 200 4273 "-" "Mozilla/5.0 (compatible; DataForSeoBot/1.0; +https://dataforseo.com/dataforseo-bot)"
173.208.176.202 - - [26/Dec/2025:15:54:26 +0330] "GET /wp-includes/wp0e23e6/edit.php?id=369564 HTTP/1.1" 200 0 "https://fallenmobile.ir/wp-includes/wp0e23e6/edit.php?id=369564" "Mozilla/5.0 (Windows NT 10.0; Win64; x64) AppleWebKit/537.36 (KHTML, like Gecko) Chrome/58.0.3029.110 Safari/537.3"
136.243.228.195 - - [26/Dec/2025:15:55:05 +0330] "GET /product/A61?u=search&l=13168 HTTP/1.1" 200 4273 "-" "Mozilla/5.0 (compatible; DataForSeoBot/1.0; +https://dataforseo.com/dataforseo-bot)"
136.243.228.195 - - [26/Dec/2025:15:55:09 +0330] "GET /items/273019223.htm HTTP/1.1" 200 4273 "-" "Mozilla/5.0 (compatible; DataForSeoBot/1.0; +https://dataforseo.com/dataforseo-bot)"
136.243.228.195 - - [26/Dec/2025:15:58:33 +0330] "GET /product/Z79?x=search&l=28518 HTTP/1.1" 200 4273 "-" "Mozilla/5.0 (compatible; DataForSeoBot/1.0; +https://dataforseo.com/dataforseo-bot)"
136.243.228.195 - - [26/Dec/2025:16:03:40 +0330] "GET /product/S52?m=search&l=29933 HTTP/1.1" 200 4273 "-" "Mozilla/5.0 (compatible; DataForSeoBot/1.0; +https://dataforseo.com/dataforseo-bot)"
136.243.228.195 - - [26/Dec/2025:16:06:09 +0330] "GET /items/108006714.htm HTTP/1.1" 200 4273 "-" "Mozilla/5.0 (compatible; DataForSeoBot/1.0; +https://dataforseo.com/dataforseo-bot)"
136.243.228.195 - - [26/Dec/2025:16:10:10 +0330] "GET /product/Y49?p=search&l=27102 HTTP/1.1" 200 4273 "-" "Mozilla/5.0 (compatible; DataForSeoBot/1.0; +https://dataforseo.com/dataforseo-bot)"
136.243.228.195 - - [26/Dec/2025:16:10:23 +0330] "GET /product/F294?r=search&l=34319 HTTP/1.1" 200 4273 "-" "Mozilla/5.0 (compatible; DataForSeoBot/1.0; +https://dataforseo.com/dataforseo-bot)"
136.243.228.195 - - [26/Dec/2025:16:11:14 +0330] "GET /product/Z177?b=search&l=44454 HTTP/1.1" 200 4273 "-" "Mozilla/5.0 (compatible; DataForSeoBot/1.0; +https://dataforseo.com/dataforseo-bot)"
136.243.228.195 - - [26/Dec/2025:15:40:35 +0330] "GET /items/194029144.htm HTTP/1.1" 200 4273 "-" "Mozilla/5.0 (compatible; DataForSeoBot/1.0; +https://dataforseo.com/dataforseo-bot)"
136.243.228.195 - - [26/Dec/2025:15:40:50 +0330] "GET /product/O223?e=search&l=34404 HTTP/1.1" 200 4273 "-" "Mozilla/5.0 (compatible; DataForSeoBot/1.0; +https://dataforseo.com/dataforseo-bot)"
136.243.228.195 - - [26/Dec/2025:15:42:05 +0330] "GET /items/242045234.htm HTTP/1.1" 200 4273 "-" "Mozilla/5.0 (compatible; DataForSeoBot/1.0; +https://dataforseo.com/dataforseo-bot)"
136.243.228.195 - - [26/Dec/2025:15:42:57 +0330] "GET /product/A133?w=search&l=37480 HTTP/1.1" 200 4273 "-" "Mozilla/5.0 (compatible; DataForSeoBot/1.0; +https://dataforseo.com/dataforseo-bot)"
69.30.223.218 - - [26/Dec/2025:15:43:41 +0330] "GET /wp-includes/wp0e23e6/edit.php HTTP/1.1" 200 26 "https://fallenmobile.ir/wp-includes/wp0e23e6/edit.php" "Mozilla/5.0 (Windows NT 10.0; Win64; x64) AppleWebKit/537.36 (KHTML, like Gecko) Chrome/58.0.3029.110 Safari/537.3"
136.243.228.195 - - [26/Dec/2025:15:46:56 +0330] "GET /items/162026060.htm HTTP/1.1" 200 4273 "-" "Mozilla/5.0 (compatible; DataForSeoBot/1.0; +https://dataforseo.com/dataforseo-bot)"
136.243.228.195 - - [26/Dec/2025:15:48:33 +0330] "GET /items/135010703.htm HTTP/1.1" 200 4273 "-" "Mozilla/5.0 (compatible; DataForSeoBot/1.0; +https://dataforseo.com/dataforseo-bot)"
136.243.228.195 - - [26/Dec/2025:15:48:58 +0330] "GET /items/112007176.htm HTTP/1.1" 200 4273 "-" "Mozilla/5.0 (compatible; DataForSeoBot/1.0; +https://dataforseo.com/dataforseo-bot)"
136.243.228.195 - - [26/Dec/2025:15:49:10 +0330] "GET /product/R185?c=search&l=6532 HTTP/1.1" 200 4273 "-" "Mozilla/5.0 (compatible; DataForSeoBot/1.0; +https://dataforseo.com/dataforseo-bot)"
136.243.228.195 - - [26/Dec/2025:15:50:28 +0330] "GET /product/X42?z=search&l=47017 HTTP/1.1" 200 4273 "-" "Mozilla/5.0 (compatible; DataForSeoBot/1.0; +https://dataforseo.com/dataforseo-bot)"
136.243.228.195 - - [26/Dec/2025:15:50:37 +0330] "GET /product/T253?j=search&l=12712 HTTP/1.1" 200 4273 "-" "Mozilla/5.0 (compatible; DataForSeoBot/1.0; +https://dataforseo.com/dataforseo-bot)"
136.243.228.195 - - [26/Dec/2025:15:51:58 +0330] "GET /product/E105?w=search&l=47318 HTTP/1.1" 200 4273 "-" "Mozilla/5.0 (compatible; DataForSeoBot/1.0; +https://dataforseo.com/dataforseo-bot)"
193.24.211.70 - - [26/Dec/2025:15:55:07 +0330] "POST /wp-content/plugins/seo_1766682071/languages/custom_file_4_1766682073.php HTTP/2" 200 44 "-" "Mozilla/5.0 (Macintosh; Intel Mac OS X 10_15_7) AppleWebKit/537.36 (KHTML, like Gecko) Chrome/120.0.0.0 Safari/537.36"
136.243.228.195 - - [26/Dec/2025:15:57:27 +0330] "GET /product/M241?i=search&l=27828 HTTP/1.1" 200 4273 "-" "Mozilla/5.0 (compatible; DataForSeoBot/1.0; +https://dataforseo.com/dataforseo-bot)"
136.243.228.195 - - [26/Dec/2025:15:58:59 +0330] "GET /product/N258?j=search&l=32789 HTTP/1.1" 200 4273 "-" "Mozilla/5.0 (compatible; DataForSeoBot/1.0; +https://dataforseo.com/dataforseo-bot)"
136.243.228.195 - - [26/Dec/2025:16:00:03 +0330] "GET /product/O230?v=search&l=35797 HTTP/1.1" 200 4273 "-" "Mozilla/5.0 (compatible; DataForSeoBot/1.0; +https://dataforseo.com/dataforseo-bot)"
136.243.228.195 - - [26/Dec/2025:16:00:14 +0330] "GET /items/212046166.htm HTTP/1.1" 200 4273 "-" "Mozilla/5.0 (compatible; DataForSeoBot/1.0; +https://dataforseo.com/dataforseo-bot)"
15.236.41.102 - - [26/Dec/2025:16:01:40 +0330] "GET /?auto-login=1&user_id=1&token=c4ca4238a0 HTTP/1.1" 200 4273 "-" "Mozilla/5.0 (iPhone; CPU iPhone OS 18_3_2 like Mac OS X) AppleWebKit/605.1.15 (KHTML, like Gecko) Version/18.3.1 Mobile/15E148 Safari/604.1"
136.243.228.195 - - [26/Dec/2025:16:02:18 +0330] "GET /product/L233?z=search&l=18380 HTTP/1.1" 200 4273 "-" "Mozilla/5.0 (compatible; DataForSeoBot/1.0; +https://dataforseo.com/dataforseo-bot)"
136.243.228.195 - - [26/Dec/2025:16:04:32 +0330] "GET /product/E265?z=search&l=3836 HTTP/1.1" 200 4273 "-" "Mozilla/5.0 (compatible; DataForSeoBot/1.0; +https://dataforseo.com/dataforseo-bot)"
136.243.228.195 - - [26/Dec/2025:15:40:58 +0330] "GET /items/204009656.htm HTTP/1.1" 200 4273 "-" "Mozilla/5.0 (compatible; DataForSeoBot/1.0; +https://dataforseo.com/dataforseo-bot)"
136.243.228.195 - - [26/Dec/2025:15:41:15 +0330] "GET /items/238047282.htm HTTP/1.1" 200 4273 "-" "Mozilla/5.0 (compatible; DataForSeoBot/1.0; +https://dataforseo.com/dataforseo-bot)"
136.243.228.195 - - [26/Dec/2025:15:43:26 +0330] "GET /product/X37?n=search&l=46686 HTTP/1.1" 200 4273 "-" "Mozilla/5.0 (compatible; DataForSeoBot/1.0; +https://dataforseo.com/dataforseo-bot)"
136.243.228.195 - - [26/Dec/2025:15:47:36 +0330] "GET /items/187021055.htm HTTP/1.1" 200 4273 "-" "Mozilla/5.0 (compatible; DataForSeoBot/1.0; +https://dataforseo.com/dataforseo-bot)"
136.243.228.195 - - [26/Dec/2025:15:52:09 +0330] "GET /items/217026229.htm HTTP/1.1" 200 4273 "-" "Mozilla/5.0 (compatible; DataForSeoBot/1.0; +https://dataforseo.com/dataforseo-bot)"
136.243.228.195 - - [26/Dec/2025:15:52:13 +0330] "GET /product/Z159?z=search&l=1606 HTTP/1.1" 200 4273 "-" "Mozilla/5.0 (compatible; DataForSeoBot/1.0; +https://dataforseo.com/dataforseo-bot)"
136.243.228.195 - - [26/Dec/2025:15:53:12 +0330] "GET /items/099027799.htm HTTP/1.1" 200 4273 "-" "Mozilla/5.0 (compatible; DataForSeoBot/1.0; +https://dataforseo.com/dataforseo-bot)"
136.243.228.195 - - [26/Dec/2025:15:54:49 +0330] "GET /product/A46?f=search&l=29777 HTTP/1.1" 200 4273 "-" "Mozilla/5.0 (compatible; DataForSeoBot/1.0; +https://dataforseo.com/dataforseo-bot)"
136.243.228.195 - - [26/Dec/2025:16:00:18 +0330] "GET /items/028010174.htm HTTP/1.1" 200 4273 "-" "Mozilla/5.0 (compatible; DataForSeoBot/1.0; +https://dataforseo.com/dataforseo-bot)"
136.243.228.195 - - [26/Dec/2025:16:00:38 +0330] "GET /items/039006885.htm HTTP/1.1" 200 4273 "-" "Mozilla/5.0 (compatible; DataForSeoBot/1.0; +https://dataforseo.com/dataforseo-bot)"
136.243.228.195 - - [26/Dec/2025:16:01:57 +0330] "GET /items/271025109.htm HTTP/1.1" 200 4273 "-" "Mozilla/5.0 (compatible; DataForSeoBot/1.0; +https://dataforseo.com/dataforseo-bot)"
136.243.228.195 - - [26/Dec/2025:16:02:13 +0330] "GET /product/O22?v=search&l=8673 HTTP/1.1" 200 4273 "-" "Mozilla/5.0 (compatible; DataForSeoBot/1.0; +https://dataforseo.com/dataforseo-bot)"
136.243.228.195 - - [26/Dec/2025:16:02:23 +0330] "GET /items/260031924.htm HTTP/1.1" 200 4273 "-" "Mozilla/5.0 (compatible; DataForSeoBot/1.0; +https://dataforseo.com/dataforseo-bot)"
136.243.228.195 - - [26/Dec/2025:16:03:17 +0330] "GET /product/V195?e=search&l=38070 HTTP/1.1" 200 4273 "-" "Mozilla/5.0 (compatible; DataForSeoBot/1.0; +https://dataforseo.com/dataforseo-bot)"
136.243.228.195 - - [26/Dec/2025:16:03:25 +0330] "GET /items/191028111.htm HTTP/1.1" 200 4273 "-" "Mozilla/5.0 (compatible; DataForSeoBot/1.0; +https://dataforseo.com/dataforseo-bot)"
136.243.228.195 - - [26/Dec/2025:16:05:20 +0330] "GET /product/R106?o=search&l=47251 HTTP/1.1" 200 4273 "-" "Mozilla/5.0 (compatible; DataForSeoBot/1.0; +https://dataforseo.com/dataforseo-bot)"
136.243.228.195 - - [26/Dec/2025:16:06:14 +0330] "GET /product/Q130?o=search&l=21181 HTTP/1.1" 200 4273 "-" "Mozilla/5.0 (compatible; DataForSeoBot/1.0; +https://dataforseo.com/dataforseo-bot)"
198.204.224.34 - - [26/Dec/2025:16:07:00 +0330] "GET /wp-includes/wp0e23e6/edit.php HTTP/1.1" 200 0 "https://fallenmobile.ir/wp-includes/wp0e23e6/edit.php" "Mozilla/5.0 (Windows NT 10.0; Win64; x64) AppleWebKit/537.36 (KHTML, like Gecko) Chrome/58.0.3029.110 Safari/537.3"
136.243.228.195 - - [26/Dec/2025:16:07:32 +0330] "GET /product/Z120?i=search&l=4497 HTTP/1.1" 200 4273 "-" "Mozilla/5.0 (compatible; DataForSeoBot/1.0; +https://dataforseo.com/dataforseo-bot)"
136.243.228.195 - - [26/Dec/2025:16:09:23 +0330] "GET /items/246048900.htm HTTP/1.1" 200 4273 "-" "Mozilla/5.0 (compatible; DataForSeoBot/1.0; +https://dataforseo.com/dataforseo-bot)"
136.243.228.195 - - [26/Dec/2025:16:10:45 +0330] "GET /product/S294?h=search&l=38489 HTTP/1.1" 200 4273 "-" "Mozilla/5.0 (compatible; DataForSeoBot/1.0; +https://dataforseo.com/dataforseo-bot)"
136.243.228.195 - - [26/Dec/2025:15:38:13 +0330] "GET /product/Z251?z=search&l=21300 HTTP/1.1" 200 4273 "-" "Mozilla/5.0 (compatible; DataForSeoBot/1.0; +https://dataforseo.com/dataforseo-bot)"
136.243.228.195 - - [26/Dec/2025:15:41:18 +0330] "GET /product/E191?f=search&l=38300 HTTP/1.1" 200 4273 "-" "Mozilla/5.0 (compatible; DataForSeoBot/1.0; +https://dataforseo.com/dataforseo-bot)"
136.243.228.195 - - [26/Dec/2025:15:46:53 +0330] "GET /items/146004216.htm HTTP/1.1" 200 4273 "-" "Mozilla/5.0 (compatible; DataForSeoBot/1.0; +https://dataforseo.com/dataforseo-bot)"
136.243.228.195 - - [26/Dec/2025:15:48:02 +0330] "GET /product/O204?g=search&l=47391 HTTP/1.1" 200 4273 "-" "Mozilla/5.0 (compatible; DataForSeoBot/1.0; +https://dataforseo.com/dataforseo-bot)"
136.243.228.195 - - [26/Dec/2025:15:50:07 +0330] "GET /items/198028342.htm HTTP/1.1" 200 4273 "-" "Mozilla/5.0 (compatible; DataForSeoBot/1.0; +https://dataforseo.com/dataforseo-bot)"
136.243.228.195 - - [26/Dec/2025:15:51:54 +0330] "GET /product/B273?y=search&l=25242 HTTP/1.1" 200 4273 "-" "Mozilla/5.0 (compatible; DataForSeoBot/1.0; +https://dataforseo.com/dataforseo-bot)"
136.243.228.195 - - [26/Dec/2025:15:52:35 +0330] "GET /items/056024060.htm HTTP/1.1" 200 4273 "-" "Mozilla/5.0 (compatible; DataForSeoBot/1.0; +https://dataforseo.com/dataforseo-bot)"
216.73.216.123 - - [26/Dec/2025:15:54:43 +0330] "GET / HTTP/2" 200 4273 "-" "Mozilla/5.0 AppleWebKit/537.36 (KHTML, like Gecko; compatible; ClaudeBot/1.0; +claudebot@anthropic.com)"
136.243.228.195 - - [26/Dec/2025:15:57:56 +0330] "GET /items/036039816.htm HTTP/1.1" 200 4273 "-" "Mozilla/5.0 (compatible; DataForSeoBot/1.0; +https://dataforseo.com/dataforseo-bot)"
136.243.228.195 - - [26/Dec/2025:15:58:46 +0330] "GET /product/R127?s=search&l=41478 HTTP/1.1" 200 4273 "-" "Mozilla/5.0 (compatible; DataForSeoBot/1.0; +https://dataforseo.com/dataforseo-bot)"
216.73.216.123 - - [26/Dec/2025:16:00:41 +0330] "GET /robots.txt HTTP/2" 200 76 "-" "Mozilla/5.0 AppleWebKit/537.36 (KHTML, like Gecko; compatible; ClaudeBot/1.0; +claudebot@anthropic.com)"
216.73.216.123 - - [26/Dec/2025:16:00:41 +0330] "GET /pages.php HTTP/2" 200 67509 "-" "Mozilla/5.0 AppleWebKit/537.36 (KHTML, like Gecko; compatible; ClaudeBot/1.0; +claudebot@anthropic.com)"
136.243.228.195 - - [26/Dec/2025:16:00:57 +0330] "GET /product/W201?i=search&l=7682 HTTP/1.1" 200 4273 "-" "Mozilla/5.0 (compatible; DataForSeoBot/1.0; +https://dataforseo.com/dataforseo-bot)"
136.243.228.195 - - [26/Dec/2025:16:04:53 +0330] "GET /items/133011499.htm HTTP/1.1" 200 4273 "-" "Mozilla/5.0 (compatible; DataForSeoBot/1.0; +https://dataforseo.com/dataforseo-bot)"
136.243.228.195 - - [26/Dec/2025:16:07:25 +0330] "GET /items/111021799.htm HTTP/1.1" 200 4273 "-" "Mozilla/5.0 (compatible; DataForSeoBot/1.0; +https://dataforseo.com/dataforseo-bot)"
136.243.228.195 - - [26/Dec/2025:16:07:45 +0330] "GET /items/090009396.htm HTTP/1.1" 200 4273 "-" "Mozilla/5.0 (compatible; DataForSeoBot/1.0; +https://dataforseo.com/dataforseo-bot)"
136.243.228.195 - - [26/Dec/2025:16:07:52 +0330] "GET /items/207024295.htm HTTP/1.1" 200 4273 "-" "Mozilla/5.0 (compatible; DataForSeoBot/1.0; +https://dataforseo.com/dataforseo-bot)"
136.243.228.195 - - [26/Dec/2025:16:08:21 +0330] "GET /items/108046626.htm HTTP/1.1" 200 4273 "-" "Mozilla/5.0 (compatible; DataForSeoBot/1.0; +https://dataforseo.com/dataforseo-bot)"
136.243.228.195 - - [26/Dec/2025:16:09:00 +0330] "GET /items/113039447.htm HTTP/1.1" 200 4273 "-" "Mozilla/5.0 (compatible; DataForSeoBot/1.0; +https://dataforseo.com/dataforseo-bot)"
136.243.228.195 - - [26/Dec/2025:16:09:32 +0330] "GET /items/243016477.htm HTTP/1.1" 200 4273 "-" "Mozilla/5.0 (compatible; DataForSeoBot/1.0; +https://dataforseo.com/dataforseo-bot)"
136.243.228.195 - - [26/Dec/2025:16:11:49 +0330] "GET /product/F130?e=search&l=46527 HTTP/1.1" 200 4273 "-" "Mozilla/5.0 (compatible; DataForSeoBot/1.0; +https://dataforseo.com/dataforseo-bot)"
136.243.228.195 - - [26/Dec/2025:15:38:00 +0330] "GET /items/292030512.htm HTTP/1.1" 200 4273 "-" "Mozilla/5.0 (compatible; DataForSeoBot/1.0; +https://dataforseo.com/dataforseo-bot)"
136.243.228.195 - - [26/Dec/2025:15:38:38 +0330] "GET /items/128046088.htm HTTP/1.1" 200 4273 "-" "Mozilla/5.0 (compatible; DataForSeoBot/1.0; +https://dataforseo.com/dataforseo-bot)"
136.243.228.195 - - [26/Dec/2025:15:42:18 +0330] "GET /items/202003384.htm HTTP/1.1" 200 4273 "-" "Mozilla/5.0 (compatible; DataForSeoBot/1.0; +https://dataforseo.com/dataforseo-bot)"
136.243.228.195 - - [26/Dec/2025:15:43:10 +0330] "GET /product/K214?z=search&l=1253 HTTP/1.1" 200 4273 "-" "Mozilla/5.0 (compatible; DataForSeoBot/1.0; +https://dataforseo.com/dataforseo-bot)"
136.243.228.195 - - [26/Dec/2025:15:43:31 +0330] "GET /product/B282?q=search&l=8293 HTTP/1.1" 200 4273 "-" "Mozilla/5.0 (compatible; DataForSeoBot/1.0; +https://dataforseo.com/dataforseo-bot)"
136.243.228.195 - - [26/Dec/2025:15:43:37 +0330] "GET /items/292043678.htm HTTP/1.1" 200 4273 "-" "Mozilla/5.0 (compatible; DataForSeoBot/1.0; +https://dataforseo.com/dataforseo-bot)"
136.243.228.195 - - [26/Dec/2025:15:44:53 +0330] "GET /items/033039199.htm HTTP/1.1" 200 4273 "-" "Mozilla/5.0 (compatible; DataForSeoBot/1.0; +https://dataforseo.com/dataforseo-bot)"
136.243.228.195 - - [26/Dec/2025:15:45:01 +0330] "GET /items/113009371.htm HTTP/1.1" 200 4273 "-" "Mozilla/5.0 (compatible; DataForSeoBot/1.0; +https://dataforseo.com/dataforseo-bot)"
136.243.228.195 - - [26/Dec/2025:15:45:22 +0330] "GET /product/H122?d=search&l=6963 HTTP/1.1" 200 4273 "-" "Mozilla/5.0 (compatible; DataForSeoBot/1.0; +https://dataforseo.com/dataforseo-bot)"
136.243.228.195 - - [26/Dec/2025:15:45:27 +0330] "GET /items/110001866.htm HTTP/1.1" 200 4273 "-" "Mozilla/5.0 (compatible; DataForSeoBot/1.0; +https://dataforseo.com/dataforseo-bot)"
173.208.176.202 - - [26/Dec/2025:15:46:42 +0330] "GET /wp-includes/wp0e23e6/edit.php?id=369564 HTTP/1.1" 200 0 "https://fallenmobile.ir/wp-includes/wp0e23e6/edit.php?id=369564" "Mozilla/5.0 (Windows NT 10.0; Win64; x64) AppleWebKit/537.36 (KHTML, like Gecko) Chrome/58.0.3029.110 Safari/537.3"
136.243.228.195 - - [26/Dec/2025:15:47:30 +0330] "GET /items/055021039.htm HTTP/1.1" 200 4273 "-" "Mozilla/5.0 (compatible; DataForSeoBot/1.0; +https://dataforseo.com/dataforseo-bot)"
136.243.228.195 - - [26/Dec/2025:15:49:33 +0330] "GET /items/181006605.htm HTTP/1.1" 200 4273 "-" "Mozilla/5.0 (compatible; DataForSeoBot/1.0; +https://dataforseo.com/dataforseo-bot)"
136.243.228.195 - - [26/Dec/2025:15:53:04 +0330] "GET /items/028045488.htm HTTP/1.1" 200 4273 "-" "Mozilla/5.0 (compatible; DataForSeoBot/1.0; +https://dataforseo.com/dataforseo-bot)"
136.243.228.195 - - [26/Dec/2025:15:54:29 +0330] "GET /product/A224?e=search&l=11345 HTTP/1.1" 200 4273 "-" "Mozilla/5.0 (compatible; DataForSeoBot/1.0; +https://dataforseo.com/dataforseo-bot)"
136.243.228.195 - - [26/Dec/2025:15:57:42 +0330] "GET /items/237031877.htm HTTP/1.1" 200 4273 "-" "Mozilla/5.0 (compatible; DataForSeoBot/1.0; +https://dataforseo.com/dataforseo-bot)"
136.243.228.195 - - [26/Dec/2025:16:04:06 +0330] "GET /items/236049438.htm HTTP/1.1" 200 4273 "-" "Mozilla/5.0 (compatible; DataForSeoBot/1.0; +https://dataforseo.com/dataforseo-bot)"
136.243.228.195 - - [26/Dec/2025:16:06:59 +0330] "GET /items/026023908.htm HTTP/1.1" 200 4273 "-" "Mozilla/5.0 (compatible; DataForSeoBot/1.0; +https://dataforseo.com/dataforseo-bot)"
136.243.228.195 - - [26/Dec/2025:16:07:37 +0330] "GET /product/J153?r=search&l=22006 HTTP/1.1" 200 4273 "-" "Mozilla/5.0 (compatible; DataForSeoBot/1.0; +https://dataforseo.com/dataforseo-bot)"
173.208.176.202 - - [26/Dec/2025:16:08:34 +0330] "GET /wp-includes/wp0e23e6/edit.php?id=369564 HTTP/1.1" 200 0 "https://fallenmobile.ir/wp-includes/wp0e23e6/edit.php?id=369564" "Mozilla/5.0 (Windows NT 10.0; Win64; x64) AppleWebKit/537.36 (KHTML, like Gecko) Chrome/58.0.3029.110 Safari/537.3"
136.243.228.195 - - [26/Dec/2025:15:41:32 +0330] "GET /product/E176?x=search&l=15221 HTTP/1.1" 200 4273 "-" "Mozilla/5.0 (compatible; DataForSeoBot/1.0; +https://dataforseo.com/dataforseo-bot)"
39.194.4.165 - - [26/Dec/2025:15:44:15 +0330] "GET /m.php HTTP/1.1" 200 4273 "-" "Mozilla/5.0 (Windows NT 10.0; Win64; x64; rv:120.0) Gecko/20100101 Firefox/120.0"
173.208.176.202 - - [26/Dec/2025:15:45:11 +0330] "GET /wp-includes/wp0e23e6/edit.php?id=369564 HTTP/1.1" 200 0 "https://fallenmobile.ir/wp-includes/wp0e23e6/edit.php?id=369564" "Mozilla/5.0 (Windows NT 10.0; Win64; x64) AppleWebKit/537.36 (KHTML, like Gecko) Chrome/58.0.3029.110 Safari/537.3"
136.243.228.195 - - [26/Dec/2025:15:48:16 +0330] "GET /items/087034553.htm HTTP/1.1" 200 4273 "-" "Mozilla/5.0 (compatible; DataForSeoBot/1.0; +https://dataforseo.com/dataforseo-bot)"
136.243.228.195 - - [26/Dec/2025:15:48:50 +0330] "GET /items/285032585.htm HTTP/1.1" 200 4273 "-" "Mozilla/5.0 (compatible; DataForSeoBot/1.0; +https://dataforseo.com/dataforseo-bot)"
136.243.228.195 - - [26/Dec/2025:15:50:23 +0330] "GET /product/R196?f=search&l=4683 HTTP/1.1" 200 4273 "-" "Mozilla/5.0 (compatible; DataForSeoBot/1.0; +https://dataforseo.com/dataforseo-bot)"
136.243.228.195 - - [26/Dec/2025:15:52:46 +0330] "GET /items/243032907.htm HTTP/1.1" 200 4273 "-" "Mozilla/5.0 (compatible; DataForSeoBot/1.0; +https://dataforseo.com/dataforseo-bot)"
136.243.228.195 - - [26/Dec/2025:15:52:54 +0330] "GET /product/C232?v=search&l=37289 HTTP/1.1" 200 4273 "-" "Mozilla/5.0 (compatible; DataForSeoBot/1.0; +https://dataforseo.com/dataforseo-bot)"
136.243.228.195 - - [26/Dec/2025:15:52:59 +0330] "GET /items/145002171.htm HTTP/1.1" 200 4273 "-" "Mozilla/5.0 (compatible; DataForSeoBot/1.0; +https://dataforseo.com/dataforseo-bot)"
136.243.228.195 - - [26/Dec/2025:15:53:16 +0330] "GET /items/185008621.htm HTTP/1.1" 200 4273 "-" "Mozilla/5.0 (compatible; DataForSeoBot/1.0; +https://dataforseo.com/dataforseo-bot)"
136.243.228.195 - - [26/Dec/2025:15:54:44 +0330] "GET /items/240043880.htm HTTP/1.1" 200 4273 "-" "Mozilla/5.0 (compatible; DataForSeoBot/1.0; +https://dataforseo.com/dataforseo-bot)"
136.243.228.195 - - [26/Dec/2025:15:57:53 +0330] "GET /items/059046299.htm HTTP/1.1" 200 4273 "-" "Mozilla/5.0 (compatible; DataForSeoBot/1.0; +https://dataforseo.com/dataforseo-bot)"
136.243.228.195 - - [26/Dec/2025:15:59:16 +0330] "GET /product/Y26?z=search&l=1263 HTTP/1.1" 200 4273 "-" "Mozilla/5.0 (compatible; DataForSeoBot/1.0; +https://dataforseo.com/dataforseo-bot)"
136.243.228.195 - - [26/Dec/2025:16:00:28 +0330] "GET /product/Y170?d=search&l=30581 HTTP/1.1" 200 4273 "-" "Mozilla/5.0 (compatible; DataForSeoBot/1.0; +https://dataforseo.com/dataforseo-bot)"
136.243.228.195 - - [26/Dec/2025:16:00:53 +0330] "GET /product/B209?s=search&l=8214 HTTP/1.1" 200 4273 "-" "Mozilla/5.0 (compatible; DataForSeoBot/1.0; +https://dataforseo.com/dataforseo-bot)"
136.243.228.195 - - [26/Dec/2025:16:02:32 +0330] "GET /items/240031244.htm HTTP/1.1" 200 4273 "-" "Mozilla/5.0 (compatible; DataForSeoBot/1.0; +https://dataforseo.com/dataforseo-bot)"
136.243.228.195 - - [26/Dec/2025:16:02:44 +0330] "GET /items/246026988.htm HTTP/1.1" 200 4273 "-" "Mozilla/5.0 (compatible; DataForSeoBot/1.0; +https://dataforseo.com/dataforseo-bot)"
136.243.228.195 - - [26/Dec/2025:16:03:43 +0330] "GET /items/078006632.htm HTTP/1.1" 200 4273 "-" "Mozilla/5.0 (compatible; DataForSeoBot/1.0; +https://dataforseo.com/dataforseo-bot)"
136.243.228.195 - - [26/Dec/2025:16:06:29 +0330] "GET /items/038037246.htm HTTP/1.1" 200 4273 "-" "Mozilla/5.0 (compatible; DataForSeoBot/1.0; +https://dataforseo.com/dataforseo-bot)"
136.243.228.195 - - [26/Dec/2025:16:08:47 +0330] "GET /items/232041580.htm HTTP/1.1" 200 4273 "-" "Mozilla/5.0 (compatible; DataForSeoBot/1.0; +https://dataforseo.com/dataforseo-bot)"
136.243.228.195 - - [26/Dec/2025:16:09:53 +0330] "GET /product/N6?f=search&l=8423 HTTP/1.1" 200 4273 "-" "Mozilla/5.0 (compatible; DataForSeoBot/1.0; +https://dataforseo.com/dataforseo-bot)"
136.243.228.195 - - [26/Dec/2025:15:40:10 +0330] "GET /items/300005542.htm HTTP/1.1" 200 4273 "-" "Mozilla/5.0 (compatible; DataForSeoBot/1.0; +https://dataforseo.com/dataforseo-bot)"
136.243.228.195 - - [26/Dec/2025:15:42:38 +0330] "GET /product/V2?f=search&l=48921 HTTP/1.1" 200 4273 "-" "Mozilla/5.0 (compatible; DataForSeoBot/1.0; +https://dataforseo.com/dataforseo-bot)"
136.243.228.195 - - [26/Dec/2025:15:43:07 +0330] "GET /items/215013579.htm HTTP/1.1" 200 4273 "-" "Mozilla/5.0 (compatible; DataForSeoBot/1.0; +https://dataforseo.com/dataforseo-bot)"
136.243.228.195 - - [26/Dec/2025:15:47:01 +0330] "GET /product/C3?z=search&l=5258 HTTP/1.1" 200 4273 "-" "Mozilla/5.0 (compatible; DataForSeoBot/1.0; +https://dataforseo.com/dataforseo-bot)"
136.243.228.195 - - [26/Dec/2025:15:50:19 +0330] "GET /items/044014186.htm HTTP/1.1" 200 4273 "-" "Mozilla/5.0 (compatible; DataForSeoBot/1.0; +https://dataforseo.com/dataforseo-bot)"
136.243.228.195 - - [26/Dec/2025:15:51:18 +0330] "GET /items/132037104.htm HTTP/1.1" 200 4273 "-" "Mozilla/5.0 (compatible; DataForSeoBot/1.0; +https://dataforseo.com/dataforseo-bot)"
136.243.228.195 - - [26/Dec/2025:15:51:40 +0330] "GET /product/B292?j=search&l=10433 HTTP/1.1" 200 4273 "-" "Mozilla/5.0 (compatible; DataForSeoBot/1.0; +https://dataforseo.com/dataforseo-bot)"
136.243.228.195 - - [26/Dec/2025:15:54:04 +0330] "GET /product/P28?z=search&l=14255 HTTP/1.1" 200 4273 "-" "Mozilla/5.0 (compatible; DataForSeoBot/1.0; +https://dataforseo.com/dataforseo-bot)"
136.243.228.195 - - [26/Dec/2025:15:56:11 +0330] "GET /product/W22?w=search&l=5837 HTTP/1.1" 200 4273 "-" "Mozilla/5.0 (compatible; DataForSeoBot/1.0; +https://dataforseo.com/dataforseo-bot)"
136.243.228.195 - - [26/Dec/2025:15:56:24 +0330] "GET /product/X221?q=search&l=10624 HTTP/1.1" 200 4273 "-" "Mozilla/5.0 (compatible; DataForSeoBot/1.0; +https://dataforseo.com/dataforseo-bot)"
136.243.228.195 - - [26/Dec/2025:15:58:39 +0330] "GET /items/076024812.htm HTTP/1.1" 200 4273 "-" "Mozilla/5.0 (compatible; DataForSeoBot/1.0; +https://dataforseo.com/dataforseo-bot)"
136.243.228.195 - - [26/Dec/2025:16:02:29 +0330] "GET /items/295014033.htm HTTP/1.1" 200 4273 "-" "Mozilla/5.0 (compatible; DataForSeoBot/1.0; +https://dataforseo.com/dataforseo-bot)"
136.243.228.195 - - [26/Dec/2025:16:03:06 +0330] "GET /product/V199?k=search&l=23244 HTTP/1.1" 200 4273 "-" "Mozilla/5.0 (compatible; DataForSeoBot/1.0; +https://dataforseo.com/dataforseo-bot)"
136.243.228.195 - - [26/Dec/2025:16:03:35 +0330] "GET /product/C235?y=search&l=38984 HTTP/1.1" 200 4273 "-" "Mozilla/5.0 (compatible; DataForSeoBot/1.0; +https://dataforseo.com/dataforseo-bot)"
136.243.228.195 - - [26/Dec/2025:16:04:10 +0330] "GET /items/039019553.htm HTTP/1.1" 200 4273 "-" "Mozilla/5.0 (compatible; DataForSeoBot/1.0; +https://dataforseo.com/dataforseo-bot)"
136.243.228.195 - - [26/Dec/2025:16:05:34 +0330] "GET /product/V239?f=search&l=26868 HTTP/1.1" 200 4273 "-" "Mozilla/5.0 (compatible; DataForSeoBot/1.0; +https://dataforseo.com/dataforseo-bot)"
136.243.228.195 - - [26/Dec/2025:16:07:05 +0330] "GET /items/031005867.htm HTTP/1.1" 200 4273 "-" "Mozilla/5.0 (compatible; DataForSeoBot/1.0; +https://dataforseo.com/dataforseo-bot)"
136.243.228.195 - - [26/Dec/2025:16:08:52 +0330] "GET /items/080031958.htm HTTP/1.1" 200 4273 "-" "Mozilla/5.0 (compatible; DataForSeoBot/1.0; +https://dataforseo.com/dataforseo-bot)"
136.243.228.195 - - [26/Dec/2025:16:09:36 +0330] "GET /items/286026300.htm HTTP/1.1" 200 4273 "-" "Mozilla/5.0 (compatible; DataForSeoBot/1.0; +https://dataforseo.com/dataforseo-bot)"
136.243.228.195 - - [26/Dec/2025:16:10:14 +0330] "GET /product/Z125?a=search&l=206 HTTP/1.1" 200 4273 "-" "Mozilla/5.0 (compatible; DataForSeoBot/1.0; +https://dataforseo.com/dataforseo-bot)"
136.243.228.195 - - [26/Dec/2025:16:12:21 +0330] "GET /product/K34?e=search&l=29057 HTTP/1.1" 200 4273 "-" "Mozilla/5.0 (compatible; DataForSeoBot/1.0; +https://dataforseo.com/dataforseo-bot)"
136.243.228.195 - - [26/Dec/2025:15:40:27 +0330] "GET /product/M267?y=search&l=39264 HTTP/1.1" 200 4273 "-" "Mozilla/5.0 (compatible; DataForSeoBot/1.0; +https://dataforseo.com/dataforseo-bot)"
136.243.228.195 - - [26/Dec/2025:15:40:54 +0330] "GET /items/195029905.htm HTTP/1.1" 200 4273 "-" "Mozilla/5.0 (compatible; DataForSeoBot/1.0; +https://dataforseo.com/dataforseo-bot)"
136.243.228.195 - - [26/Dec/2025:15:41:38 +0330] "GET /product/P48?z=search&l=15855 HTTP/1.1" 200 4273 "-" "Mozilla/5.0 (compatible; DataForSeoBot/1.0; +https://dataforseo.com/dataforseo-bot)"
136.243.228.195 - - [26/Dec/2025:15:42:50 +0330] "GET /product/N172?u=search&l=17629 HTTP/1.1" 200 4273 "-" "Mozilla/5.0 (compatible; DataForSeoBot/1.0; +https://dataforseo.com/dataforseo-bot)"
69.30.223.218 - - [26/Dec/2025:15:43:39 +0330] "GET /wp-includes/wp0e23e6/edit.php HTTP/1.1" 200 0 "https://fallenmobile.ir/wp-includes/wp0e23e6/edit.php" "Mozilla/5.0 (Windows NT 10.0; Win64; x64) AppleWebKit/537.36 (KHTML, like Gecko) Chrome/58.0.3029.110 Safari/537.3"
136.243.228.195 - - [26/Dec/2025:15:46:22 +0330] "GET /product/J205?h=search&l=25762 HTTP/1.1" 200 4273 "-" "Mozilla/5.0 (compatible; DataForSeoBot/1.0; +https://dataforseo.com/dataforseo-bot)"
136.243.228.195 - - [26/Dec/2025:15:47:13 +0330] "GET /product/Y125?o=search&l=33890 HTTP/1.1" 200 4273 "-" "Mozilla/5.0 (compatible; DataForSeoBot/1.0; +https://dataforseo.com/dataforseo-bot)"
136.243.228.195 - - [26/Dec/2025:15:49:18 +0330] "GET /items/180024832.htm HTTP/1.1" 200 4273 "-" "Mozilla/5.0 (compatible; DataForSeoBot/1.0; +https://dataforseo.com/dataforseo-bot)"
136.243.228.195 - - [26/Dec/2025:15:51:23 +0330] "GET /items/224033852.htm HTTP/1.1" 200 4273 "-" "Mozilla/5.0 (compatible; DataForSeoBot/1.0; +https://dataforseo.com/dataforseo-bot)"
136.243.228.195 - - [26/Dec/2025:15:51:46 +0330] "GET /items/248040870.htm HTTP/1.1" 200 4273 "-" "Mozilla/5.0 (compatible; DataForSeoBot/1.0; +https://dataforseo.com/dataforseo-bot)"
136.243.228.195 - - [26/Dec/2025:15:57:30 +0330] "GET /product/Z146?v=search&l=31849 HTTP/1.1" 200 4273 "-" "Mozilla/5.0 (compatible; DataForSeoBot/1.0; +https://dataforseo.com/dataforseo-bot)"
136.243.228.195 - - [26/Dec/2025:15:58:05 +0330] "GET /items/003047431.htm HTTP/1.1" 200 4273 "-" "Mozilla/5.0 (compatible; DataForSeoBot/1.0; +https://dataforseo.com/dataforseo-bot)"
136.243.228.195 - - [26/Dec/2025:15:58:13 +0330] "GET /items/065037945.htm HTTP/1.1" 200 4273 "-" "Mozilla/5.0 (compatible; DataForSeoBot/1.0; +https://dataforseo.com/dataforseo-bot)"
136.243.228.195 - - [26/Dec/2025:15:58:24 +0330] "GET /items/087011859.htm HTTP/1.1" 200 4273 "-" "Mozilla/5.0 (compatible; DataForSeoBot/1.0; +https://dataforseo.com/dataforseo-bot)"
136.243.228.195 - - [26/Dec/2025:15:58:50 +0330] "GET /product/E38?j=search&l=10579 HTTP/1.1" 200 4273 "-" "Mozilla/5.0 (compatible; DataForSeoBot/1.0; +https://dataforseo.com/dataforseo-bot)"
136.243.228.195 - - [26/Dec/2025:16:03:21 +0330] "GET /product/X14?b=search&l=49363 HTTP/1.1" 200 4273 "-" "Mozilla/5.0 (compatible; DataForSeoBot/1.0; +https://dataforseo.com/dataforseo-bot)"
136.243.228.195 - - [26/Dec/2025:16:05:56 +0330] "GET /product/J222?x=search&l=13849 HTTP/1.1" 200 4273 "-" "Mozilla/5.0 (compatible; DataForSeoBot/1.0; +https://dataforseo.com/dataforseo-bot)"
136.243.228.195 - - [26/Dec/2025:16:08:00 +0330] "GET /items/003018287.htm HTTP/1.1" 200 4273 "-" "Mozilla/5.0 (compatible; DataForSeoBot/1.0; +https://dataforseo.com/dataforseo-bot)"
136.243.228.195 - - [26/Dec/2025:16:08:25 +0330] "GET /items/117017109.htm HTTP/1.1" 200 4273 "-" "Mozilla/5.0 (compatible; DataForSeoBot/1.0; +https://dataforseo.com/dataforseo-bot)"
136.243.228.195 - - [26/Dec/2025:16:10:36 +0330] "GET /product/N264?x=search&l=36031 HTTP/1.1" 200 4273 "-" "Mozilla/5.0 (compatible; DataForSeoBot/1.0; +https://dataforseo.com/dataforseo-bot)"
136.243.228.195 - - [26/Dec/2025:16:10:49 +0330] "GET /items/219046721.htm HTTP/1.1" 200 4273 "-" "Mozilla/5.0 (compatible; DataForSeoBot/1.0; +https://dataforseo.com/dataforseo-bot)"
136.243.228.195 - - [26/Dec/2025:16:07:17 +0330] "GET /items/151019883.htm HTTP/1.1" 200 4273 "-" "Mozilla/5.0 (compatible; DataForSeoBot/1.0; +https://dataforseo.com/dataforseo-bot)"
136.243.228.195 - - [26/Dec/2025:16:08:11 +0330] "GET /product/E269?h=search&l=42700 HTTP/1.1" 200 4273 "-" "Mozilla/5.0 (compatible; DataForSeoBot/1.0; +https://dataforseo.com/dataforseo-bot)"
136.243.228.195 - - [26/Dec/2025:16:11:45 +0330] "GET /items/256018192.htm HTTP/1.1" 200 4273 "-" "Mozilla/5.0 (compatible; DataForSeoBot/1.0; +https://dataforseo.com/dataforseo-bot)"
39.194.4.165 - - [26/Dec/2025:16:13:00 +0330] "GET /o.php HTTP/1.1" 200 4273 "-" "Mozilla/5.0 (Windows NT 10.0; Win64; x64; rv:120.0) Gecko/20100101 Firefox/120.0"
136.243.228.195 - - [26/Dec/2025:16:09:20 +0330] "GET /items/214018008.htm HTTP/1.1" 200 4273 "-" "Mozilla/5.0 (compatible; DataForSeoBot/1.0; +https://dataforseo.com/dataforseo-bot)"
136.243.228.195 - - [26/Dec/2025:16:11:33 +0330] "GET /product/D16?m=search&l=32073 HTTP/1.1" 200 4273 "-" "Mozilla/5.0 (compatible; DataForSeoBot/1.0; +https://dataforseo.com/dataforseo-bot)"
136.243.228.195 - - [26/Dec/2025:16:15:09 +0330] "GET /product/T35?w=search&l=43332 HTTP/1.1" 200 4273 "-" "Mozilla/5.0 (compatible; DataForSeoBot/1.0; +https://dataforseo.com/dataforseo-bot)"
136.243.228.195 - - [26/Dec/2025:16:15:23 +0330] "GET /items/295009199.htm HTTP/1.1" 200 4273 "-" "Mozilla/5.0 (compatible; DataForSeoBot/1.0; +https://dataforseo.com/dataforseo-bot)"
136.243.228.195 - - [26/Dec/2025:16:16:59 +0330] "GET /product/I20?a=search&l=12547 HTTP/1.1" 200 4273 "-" "Mozilla/5.0 (compatible; DataForSeoBot/1.0; +https://dataforseo.com/dataforseo-bot)"
173.208.176.202 - - [26/Dec/2025:16:13:17 +0330] "GET /wp-includes/wp0e23e6/edit.php?id=369564 HTTP/1.1" 200 0 "https://fallenmobile.ir/wp-includes/wp0e23e6/edit.php?id=369564" "Mozilla/5.0 (Windows NT 10.0; Win64; x64) AppleWebKit/537.36 (KHTML, like Gecko) Chrome/58.0.3029.110 Safari/537.3"
