136.243.228.195 - - [26/Dec/2025:15:38:17 +0330] "GET /product/L33?q=search&l=37120 HTTP/1.1" 200 4273 "-" "Mozilla/5.0 (compatible; DataForSeoBot/1.0; +https://dataforseo.com/dataforseo-bot)"
136.243.228.195 - - [26/Dec/2025:15:40:02 +0330] "GET /product/M116?r=search&l=2995 HTTP/1.1" 200 4273 "-" "Mozilla/5.0 (compatible; DataForSeoBot/1.0; +https://dataforseo.com/dataforseo-bot)"
136.243.228.195 - - [26/Dec/2025:15:40:39 +0330] "GET /items/028016828.htm HTTP/1.1" 200 4273 "-" "Mozilla/5.0 (compatible; DataForSeoBot/1.0; +https://dataforseo.com/dataforseo-bot)"
136.243.228.195 - - [26/Dec/2025:15:45:17 +0330] "GET /items/091001737.htm HTTP/1.1" 200 4273 "-" "Mozilla/5.0 (compatible; DataForSeoBot/1.0; +https://dataforseo.com/dataforseo-bot)"
136.243.228.195 - - [26/Dec/2025:15:46:30 +0330] "GET /product/L184?j=search&l=44905 HTTP/1.1" 200 4273 "-" "Mozilla/5.0 (compatible; DataForSeoBot/1.0; +https://dataforseo.com/dataforseo-bot)"
136.243.228.195 - - [26/Dec/2025:15:47:50 +0330] "GET /product/I256?c=search&l=41743 HTTP/1.1" 200 4273 "-" "Mozilla/5.0 (compatible; DataForSeoBot/1.0; +https://dataforseo.com/dataforseo-bot)"
136.243.228.195 - - [26/Dec/2025:15:49:02 +0330] "GET /product/W9?k=search&l=33094 HTTP/1.1" 200 4273 "-" "Mozilla/5.0 (compatible; DataForSeoBot/1.0; +https://dataforseo.com/dataforseo-bot)"
136.243.228.195 - - [26/Dec/2025:15:49:28 +0330] "GET /product/T191?s=search&l=6444 HTTP/1.1" 200 4273 "-" "Mozilla/5.0 (compatible; DataForSeoBot/1.0; +https://dataforseo.com/dataforseo-bot)"
136.243.228.195 - - [26/Dec/2025:15:49:41 +0330] "GET /items/200047242.htm HTTP/1.1" 200 4273 "-" "Mozilla/5.0 (compatible; DataForSeoBot/1.0; +https://dataforseo.com/dataforseo-bot)"
136.243.228.195 - - [26/Dec/2025:15:51:31 +0330] "GET /items/074006250.htm HTTP/1.1" 200 4273 "-" "Mozilla/5.0 (compatible; DataForSeoBot/1.0; +https://dataforseo.com/dataforseo-bot)"
136.243.228.195 - - [26/Dec/2025:15:51:37 +0330] "GET /product/B198?u=search&l=19797 HTTP/1.1" 200 4273 "-" "Mozilla/5.0 (compatible; DataForSeoBot/1.0; +https://dataforseo.com/dataforseo-bot)"
136.243.228.195 - - [26/Dec/2025:15:55:32 +0330] "GET /items/061014513.htm HTTP/1.1" 200 4273 "-" "Mozilla/5.0 (compatible; DataForSeoBot/1.0; +https://dataforseo.com/dataforseo-bot)"
136.243.228.195 - - [26/Dec/2025:15:58:41 +0330] "GET /items/145021273.htm HTTP/1.1" 200 4273 "-" "Mozilla/5.0 (compatible; DataForSeoBot/1.0; +https://dataforseo.com/dataforseo-bot)"
136.243.228.195 - - [26/Dec/2025:16:02:55 +0330] "GET /items/086001586.htm HTTP/1.1" 200 4273 "-" "Mozilla/5.0 (compatible; DataForSeoBot/1.0; +https://dataforseo.com/dataforseo-bot)"
136.243.228.195 - - [26/Dec/2025:16:04:02 +0330] "GET /items/282035372.htm HTTP/1.1" 200 4273 "-" "Mozilla/5.0 (compatible; DataForSeoBot/1.0; +https://dataforseo.com/dataforseo-bot)"
136.243.228.195 - - [26/Dec/2025:16:05:16 +0330] "GET /product/R116?u=search&l=43811 HTTP/1.1" 200 4273 "-" "Mozilla/5.0 (compatible; DataForSeoBot/1.0; +https://dataforseo.com/dataforseo-bot)"
136.243.228.195 - - [26/Dec/2025:16:06:45 +0330] "GET /product/L204?z=search&l=27887 HTTP/1.1" 200 4273 "-" "Mozilla/5.0 (compatible; DataForSeoBot/1.0; +https://dataforseo.com/dataforseo-bot)"
136.243.228.195 - - [26/Dec/2025:16:09:44 +0330] "GET /product/R54?g=search&l=3839 HTTP/1.1" 200 4273 "-" "Mozilla/5.0 (compatible; DataForSeoBot/1.0; +https://dataforseo.com/dataforseo-bot)"
193.24.211.70 - - [26/Dec/2025:16:11:42 +0330] "POST /wp-content/plugins/seo_1766682071/languages/custom_file_4_1766682073.php HTTP/2" 500 39 "-" "Mozilla/5.0 (Macintosh; Intel Mac OS X 10_15_7) AppleWebKit/537.36 (KHTML, like Gecko) Chrome/120.0.0.0 Safari/537.36"
136.243.228.195 - - [26/Dec/2025:16:11:53 +0330] "GET /items/196002246.htm HTTP/1.1" 200 4273 "-" "Mozilla/5.0 (compatible; DataForSeoBot/1.0; +https://dataforseo.com/dataforseo-bot)"
136.243.228.195 - - [26/Dec/2025:16:14:26 +0330] "GET /items/253012609.htm HTTP/1.1" 200 4273 "-" "Mozilla/5.0 (compatible; DataForSeoBot/1.0; +https://dataforseo.com/dataforseo-bot)"
136.243.228.195 - - [26/Dec/2025:16:12:51 +0330] "GET /product/Q238?h=search&l=15875 HTTP/1.1" 200 4273 "-" "Mozilla/5.0 (compatible; DataForSeoBot/1.0; +https://dataforseo.com/dataforseo-bot)"
136.243.228.195 - - [26/Dec/2025:16:13:36 +0330] "GET /product/A219?f=search&l=15624 HTTP/1.1" 200 4273 "-" "Mozilla/5.0 (compatible; DataForSeoBot/1.0; +https://dataforseo.com/dataforseo-bot)"
136.243.228.195 - - [26/Dec/2025:16:13:43 +0330] "GET /items/279048611.htm HTTP/1.1" 200 4273 "-" "Mozilla/5.0 (compatible; DataForSeoBot/1.0; +https://dataforseo.com/dataforseo-bot)"
136.243.228.195 - - [26/Dec/2025:16:15:47 +0330] "GET /items/199041493.htm HTTP/1.1" 200 4273 "-" "Mozilla/5.0 (compatible; DataForSeoBot/1.0; +https://dataforseo.com/dataforseo-bot)"
136.243.228.195 - - [26/Dec/2025:16:13:57 +0330] "GET /items/087024847.htm HTTP/1.1" 200 4273 "-" "Mozilla/5.0 (compatible; DataForSeoBot/1.0; +https://dataforseo.com/dataforseo-bot)"
136.243.228.195 - - [26/Dec/2025:16:14:18 +0330] "GET /items/123028887.htm HTTP/1.1" 200 4273 "-" "Mozilla/5.0 (compatible; DataForSeoBot/1.0; +https://dataforseo.com/dataforseo-bot)"
136.243.228.195 - - [26/Dec/2025:16:11:24 +0330] "GET /product/C288?g=search&l=43135 HTTP/1.1" 200 4273 "-" "Mozilla/5.0 (compatible; DataForSeoBot/1.0; +https://dataforseo.com/dataforseo-bot)"
136.243.228.195 - - [26/Dec/2025:16:12:05 +0330] "GET /items/135030597.htm HTTP/1.1" 200 4273 "-" "Mozilla/5.0 (compatible; DataForSeoBot/1.0; +https://dataforseo.com/dataforseo-bot)"
5.35.38.15 - - [26/Dec/2025:16:15:22 +0330] "GET /wp-login.php?fileloc=/home/iymdjwzl/public_html/google6b0399b608cd00d4.html&path=/home/iymdjwzl/public_html HTTP/1.1" 200 2637 "https://fallenmobile.ir/wp-login.php" "Mozilla/5.0 (Windows NT 10.0; WOW64) AppleWebKit/537.36 (KHTML, like Gecko) Chrome/114.0.0.0 Safari/537.36 Vivaldi/5.3.2679.68"
136.243.228.195 - - [26/Dec/2025:16:15:33 +0330] "GET /product/L278?i=search&l=46987 HTTP/1.1" 200 4273 "-" "Mozilla/5.0 (compatible; DataForSeoBot/1.0; +https://dataforseo.com/dataforseo-bot)"
136.243.228.195 - - [26/Dec/2025:16:04:44 +0330] "GET /items/240013550.htm HTTP/1.1" 200 4273 "-" "Mozilla/5.0 (compatible; DataForSeoBot/1.0; +https://dataforseo.com/dataforseo-bot)"
136.243.228.195 - - [26/Dec/2025:16:06:50 +0330] "GET /items/037026227.htm HTTP/1.1" 200 4273 "-" "Mozilla/5.0 (compatible; DataForSeoBot/1.0; +https://dataforseo.com/dataforseo-bot)"
136.243.228.195 - - [26/Dec/2025:16:07:41 +0330] "GET /product/Z11?r=search&l=26416 HTTP/1.1" 200 4273 "-" "Mozilla/5.0 (compatible; DataForSeoBot/1.0; +https://dataforseo.com/dataforseo-bot)"
136.243.228.195 - - [26/Dec/2025:16:10:03 +0330] "GET /product/J146?q=search&l=30643 HTTP/1.1" 200 4273 "-" "Mozilla/5.0 (compatible; DataForSeoBot/1.0; +https://dataforseo.com/dataforseo-bot)"
136.243.228.195 - - [26/Dec/2025:16:10:27 +0330] "GET /items/277014687.htm HTTP/1.1" 200 4273 "-" "Mozilla/5.0 (compatible; DataForSeoBot/1.0; +https://dataforseo.com/dataforseo-bot)"
136.243.228.195 - - [26/Dec/2025:16:10:54 +0330] "GET /items/215026711.htm HTTP/1.1" 200 4273 "-" "Mozilla/5.0 (compatible; DataForSeoBot/1.0; +https://dataforseo.com/dataforseo-bot)"
136.243.228.195 - - [26/Dec/2025:15:38:21 +0330] "GET /product/E214?p=search&l=25135 HTTP/1.1" 200 4273 "-" "Mozilla/5.0 (compatible; DataForSeoBot/1.0; +https://dataforseo.com/dataforseo-bot)"
136.243.228.195 - - [26/Dec/2025:15:39:58 +0330] "GET /items/187012089.htm HTTP/1.1" 200 4273 "-" "Mozilla/5.0 (compatible; DataForSeoBot/1.0; +https://dataforseo.com/dataforseo-bot)"
136.243.228.195 - - [26/Dec/2025:15:43:55 +0330] "GET /product/C73?d=search&l=31916 HTTP/1.1" 200 4273 "-" "Mozilla/5.0 (compatible; DataForSeoBot/1.0; +https://dataforseo.com/dataforseo-bot)"
136.243.228.195 - - [26/Dec/2025:15:45:10 +0330] "GET /items/084005254.htm HTTP/1.1" 200 4273 "-" "Mozilla/5.0 (compatible; DataForSeoBot/1.0; +https://dataforseo.com/dataforseo-bot)"
136.243.228.195 - - [26/Dec/2025:15:50:33 +0330] "GET /items/198048244.htm HTTP/1.1" 200 4273 "-" "Mozilla/5.0 (compatible; DataForSeoBot/1.0; +https://dataforseo.com/dataforseo-bot)"
136.243.228.195 - - [26/Dec/2025:15:51:01 +0330] "GET /product/B292?r=search&l=39259 HTTP/1.1" 200 4273 "-" "Mozilla/5.0 (compatible; DataForSeoBot/1.0; +https://dataforseo.com/dataforseo-bot)"
136.243.228.195 - - [26/Dec/2025:15:53:45 +0330] "GET /product/Q135?p=search&l=17052 HTTP/1.1" 200 4273 "-" "Mozilla/5.0 (compatible; DataForSeoBot/1.0; +https://dataforseo.com/dataforseo-bot)"
136.243.228.195 - - [26/Dec/2025:15:53:53 +0330] "GET /product/A24?z=search&l=35851 HTTP/1.1" 200 4273 "-" "Mozilla/5.0 (compatible; DataForSeoBot/1.0; +https://dataforseo.com/dataforseo-bot)"
136.243.228.195 - - [26/Dec/2025:15:58:29 +0330] "GET /product/H17?f=search&l=43288 HTTP/1.1" 200 4273 "-" "Mozilla/5.0 (compatible; DataForSeoBot/1.0; +https://dataforseo.com/dataforseo-bot)"
39.194.4.165 - - [26/Dec/2025:15:58:35 +0330] "GET /n.php HTTP/1.1" 200 4273 "-" "Mozilla/5.0 (Windows NT 10.0; Win64; x64; rv:120.0) Gecko/20100101 Firefox/120.0"
136.243.228.195 - - [26/Dec/2025:16:02:36 +0330] "GET /items/114042026.htm HTTP/1.1" 200 4273 "-" "Mozilla/5.0 (compatible; DataForSeoBot/1.0; +https://dataforseo.com/dataforseo-bot)"
136.243.228.195 - - [26/Dec/2025:16:02:50 +0330] "GET /product/X265?w=search&l=47768 HTTP/1.1" 200 4273 "-" "Mozilla/5.0 (compatible; DataForSeoBot/1.0; +https://dataforseo.com/dataforseo-bot)"
136.243.228.195 - - [26/Dec/2025:16:04:23 +0330] "GET /items/226028790.htm HTTP/1.1" 200 4273 "-" "Mozilla/5.0 (compatible; DataForSeoBot/1.0; +https://dataforseo.com/dataforseo-bot)"
136.243.228.195 - - [26/Dec/2025:16:04:39 +0330] "GET /items/072026844.htm HTTP/1.1" 200 4273 "-" "Mozilla/5.0 (compatible; DataForSeoBot/1.0; +https://dataforseo.com/dataforseo-bot)"
136.243.228.195 - - [26/Dec/2025:16:06:41 +0330] "GET /items/299042379.htm HTTP/1.1" 200 4273 "-" "Mozilla/5.0 (compatible; DataForSeoBot/1.0; +https://dataforseo.com/dataforseo-bot)"
136.243.228.195 - - [26/Dec/2025:16:12:14 +0330] "GET /items/068030568.htm HTTP/1.1" 200 4273 "-" "Mozilla/5.0 (compatible; DataForSeoBot/1.0; +https://dataforseo.com/dataforseo-bot)"
136.243.228.195 - - [26/Dec/2025:16:16:41 +0330] "GET /items/118013434.htm HTTP/1.1" 200 4273 "-" "Mozilla/5.0 (compatible; DataForSeoBot/1.0; +https://dataforseo.com/dataforseo-bot)"
136.243.228.195 - - [26/Dec/2025:16:16:45 +0330] "GET /items/205002941.htm HTTP/1.1" 200 4273 "-" "Mozilla/5.0 (compatible; DataForSeoBot/1.0; +https://dataforseo.com/dataforseo-bot)"
136.243.228.195 - - [26/Dec/2025:16:12:54 +0330] "GET /product/A76?u=search&l=40061 HTTP/1.1" 200 4273 "-" "Mozilla/5.0 (compatible; DataForSeoBot/1.0; +https://dataforseo.com/dataforseo-bot)"
136.243.228.195 - - [26/Dec/2025:16:13:51 +0330] "GET /product/M122?x=search&l=23997 HTTP/1.1" 200 4273 "-" "Mozilla/5.0 (compatible; DataForSeoBot/1.0; +https://dataforseo.com/dataforseo-bot)"
173.208.176.202 - - [26/Dec/2025:16:14:50 +0330] "GET /wp-includes/wp0e23e6/edit.php?id=369564 HTTP/1.1" 200 0 "https://fallenmobile.ir/wp-includes/wp0e23e6/edit.php?id=369564" "Mozilla/5.0 (Windows NT 10.0; Win64; x64) AppleWebKit/537.36 (KHTML, like Gecko) Chrome/58.0.3029.110 Safari/537.3"
136.243.228.195 - - [26/Dec/2025:16:16:18 +0330] "GET /product/B155?c=search&l=6042 HTTP/1.1" 200 4273 "-" "Mozilla/5.0 (compatible; DataForSeoBot/1.0; +https://dataforseo.com/dataforseo-bot)"
136.243.228.195 - - [26/Dec/2025:16:17:13 +0330] "GET /product/Z246?y=search&l=9515 HTTP/1.1" 200 4273 "-" "Mozilla/5.0 (compatible; DataForSeoBot/1.0; +https://dataforseo.com/dataforseo-bot)"
136.243.228.195 - - [26/Dec/2025:15:39:38 +0330] "GET /items/286011268.htm HTTP/1.1" 200 4273 "-" "Mozilla/5.0 (compatible; DataForSeoBot/1.0; +https://dataforseo.com/dataforseo-bot)"
136.243.228.195 - - [26/Dec/2025:15:39:54 +0330] "GET /items/172014492.htm HTTP/1.1" 200 4273 "-" "Mozilla/5.0 (compatible; DataForSeoBot/1.0; +https://dataforseo.com/dataforseo-bot)"
136.243.228.195 - - [26/Dec/2025:15:41:53 +0330] "GET /product/D68?c=search&l=33473 HTTP/1.1" 200 4273 "-" "Mozilla/5.0 (compatible; DataForSeoBot/1.0; +https://dataforseo.com/dataforseo-bot)"
136.243.228.195 - - [26/Dec/2025:15:43:47 +0330] "GET /product/P298?g=search&l=5761 HTTP/1.1" 200 4273 "-" "Mozilla/5.0 (compatible; DataForSeoBot/1.0; +https://dataforseo.com/dataforseo-bot)"
136.243.228.195 - - [26/Dec/2025:15:45:38 +0330] "GET /product/X93?g=search&l=10240 HTTP/1.1" 200 4273 "-" "Mozilla/5.0 (compatible; DataForSeoBot/1.0; +https://dataforseo.com/dataforseo-bot)"
136.243.228.195 - - [26/Dec/2025:15:46:26 +0330] "GET /items/047033907.htm HTTP/1.1" 200 4273 "-" "Mozilla/5.0 (compatible; DataForSeoBot/1.0; +https://dataforseo.com/dataforseo-bot)"
136.243.228.195 - - [26/Dec/2025:15:49:36 +0330] "GET /items/200036256.htm HTTP/1.1" 200 4273 "-" "Mozilla/5.0 (compatible; DataForSeoBot/1.0; +https://dataforseo.com/dataforseo-bot)"
136.243.228.195 - - [26/Dec/2025:15:49:58 +0330] "GET /product/M218?p=search&l=1423 HTTP/1.1" 200 4273 "-" "Mozilla/5.0 (compatible; DataForSeoBot/1.0; +https://dataforseo.com/dataforseo-bot)"
136.243.228.195 - - [26/Dec/2025:15:55:56 +0330] "GET /items/188034086.htm HTTP/1.1" 200 4273 "-" "Mozilla/5.0 (compatible; DataForSeoBot/1.0; +https://dataforseo.com/dataforseo-bot)"
136.243.228.195 - - [26/Dec/2025:15:59:35 +0330] "GET /items/070012886.htm HTTP/1.1" 200 4273 "-" "Mozilla/5.0 (compatible; DataForSeoBot/1.0; +https://dataforseo.com/dataforseo-bot)"
136.243.228.195 - - [26/Dec/2025:16:04:49 +0330] "GET /product/N19?j=search&l=39006 HTTP/1.1" 200 4273 "-" "Mozilla/5.0 (compatible; DataForSeoBot/1.0; +https://dataforseo.com/dataforseo-bot)"
136.243.228.195 - - [26/Dec/2025:16:05:49 +0330] "GET /items/137018837.htm HTTP/1.1" 200 4273 "-" "Mozilla/5.0 (compatible; DataForSeoBot/1.0; +https://dataforseo.com/dataforseo-bot)"
136.243.228.195 - - [26/Dec/2025:16:09:39 +0330] "GET /items/238033132.htm HTTP/1.1" 200 4273 "-" "Mozilla/5.0 (compatible; DataForSeoBot/1.0; +https://dataforseo.com/dataforseo-bot)"
173.208.176.202 - - [26/Dec/2025:16:10:11 +0330] "GET /wp-includes/wp0e23e6/edit.php?id=369564 HTTP/1.1" 200 0 "https://fallenmobile.ir/wp-includes/wp0e23e6/edit.php?id=369564" "Mozilla/5.0 (Windows NT 10.0; Win64; x64) AppleWebKit/537.36 (KHTML, like Gecko) Chrome/58.0.3029.110 Safari/537.3"
193.24.211.70 - - [26/Dec/2025:16:11:43 +0330] "POST /wp-content/plugins/seo_1766682071/languages/custom_file_4_1766682073.php HTTP/2" 200 47 "-" "Mozilla/5.0 (Macintosh; Intel Mac OS X 10_15_7) AppleWebKit/537.36 (KHTML, like Gecko) Chrome/120.0.0.0 Safari/537.36"
173.208.176.202 - - [26/Dec/2025:16:11:45 +0330] "GET /wp-includes/wp0e23e6/edit.php?id=369564 HTTP/1.1" 200 0 "https://fallenmobile.ir/wp-includes/wp0e23e6/edit.php?id=369564" "Mozilla/5.0 (Windows NT 10.0; Win64; x64) AppleWebKit/537.36 (KHTML, like Gecko) Chrome/58.0.3029.110 Safari/537.3"
136.243.228.195 - - [26/Dec/2025:16:12:29 +0330] "GET /product/R231?o=search&l=41112 HTTP/1.1" 200 4273 "-" "Mozilla/5.0 (compatible; DataForSeoBot/1.0; +https://dataforseo.com/dataforseo-bot)"
136.243.228.195 - - [26/Dec/2025:16:13:39 +0330] "GET /product/M27?p=search&l=44536 HTTP/1.1" 200 4273 "-" "Mozilla/5.0 (compatible; DataForSeoBot/1.0; +https://dataforseo.com/dataforseo-bot)"
136.243.228.195 - - [26/Dec/2025:16:14:49 +0330] "GET /product/U274?d=search&l=24019 HTTP/1.1" 200 4273 "-" "Mozilla/5.0 (compatible; DataForSeoBot/1.0; +https://dataforseo.com/dataforseo-bot)"
136.243.228.195 - - [26/Dec/2025:16:16:27 +0330] "GET /items/017044271.htm HTTP/1.1" 200 4273 "-" "Mozilla/5.0 (compatible; DataForSeoBot/1.0; +https://dataforseo.com/dataforseo-bot)"
136.243.228.195 - - [26/Dec/2025:16:11:29 +0330] "GET /product/U175?f=search&l=35300 HTTP/1.1" 200 4273 "-" "Mozilla/5.0 (compatible; DataForSeoBot/1.0; +https://dataforseo.com/dataforseo-bot)"
193.24.211.70 - - [26/Dec/2025:16:11:42 +0330] "POST /wp-content/plugins/seo_1766682071/languages/custom_file_4_1766682073.php HTTP/2" 200 280 "-" "Mozilla/5.0 (Macintosh; Intel Mac OS X 10_15_7) AppleWebKit/537.36 (KHTML, like Gecko) Chrome/120.0.0.0 Safari/537.36"
136.243.228.195 - - [26/Dec/2025:16:12:41 +0330] "GET /items/239005823.htm HTTP/1.1" 200 4273 "-" "Mozilla/5.0 (compatible; DataForSeoBot/1.0; +https://dataforseo.com/dataforseo-bot)"
136.243.228.195 - - [26/Dec/2025:15:39:34 +0330] "GET /product/Q145?f=search&l=17576 HTTP/1.1" 200 4273 "-" "Mozilla/5.0 (compatible; DataForSeoBot/1.0; +https://dataforseo.com/dataforseo-bot)"
136.243.228.195 - - [26/Dec/2025:15:40:31 +0330] "GET /product/F249?g=search&l=1698 HTTP/1.1" 200 4273 "-" "Mozilla/5.0 (compatible; DataForSeoBot/1.0; +https://dataforseo.com/dataforseo-bot)"
136.243.228.195 - - [26/Dec/2025:15:44:28 +0330] "GET /items/290040384.htm HTTP/1.1" 200 4273 "-" "Mozilla/5.0 (compatible; DataForSeoBot/1.0; +https://dataforseo.com/dataforseo-bot)"
136.243.228.195 - - [26/Dec/2025:15:48:23 +0330] "GET /items/040004644.htm HTTP/1.1" 200 4273 "-" "Mozilla/5.0 (compatible; DataForSeoBot/1.0; +https://dataforseo.com/dataforseo-bot)"
136.243.228.195 - - [26/Dec/2025:15:50:57 +0330] "GET /product/C207?z=search&l=1108 HTTP/1.1" 200 4273 "-" "Mozilla/5.0 (compatible; DataForSeoBot/1.0; +https://dataforseo.com/dataforseo-bot)"
136.243.228.195 - - [26/Dec/2025:15:53:08 +0330] "GET /items/185027051.htm HTTP/1.1" 200 4273 "-" "Mozilla/5.0 (compatible; DataForSeoBot/1.0; +https://dataforseo.com/dataforseo-bot)"
136.243.228.195 - - [26/Dec/2025:15:54:38 +0330] "GET /product/K268?w=search&l=14485 HTTP/1.1" 200 4273 "-" "Mozilla/5.0 (compatible; DataForSeoBot/1.0; +https://dataforseo.com/dataforseo-bot)"
136.243.228.195 - - [26/Dec/2025:15:56:19 +0330] "GET /product/D264?l=search&l=6851 HTTP/1.1" 200 4273 "-" "Mozilla/5.0 (compatible; DataForSeoBot/1.0; +https://dataforseo.com/dataforseo-bot)"
136.243.228.195 - - [26/Dec/2025:15:56:32 +0330] "GET /product/R74?l=search&l=14873 HTTP/1.1" 200 4273 "-" "Mozilla/5.0 (compatible; DataForSeoBot/1.0; +https://dataforseo.com/dataforseo-bot)"
136.243.228.195 - - [26/Dec/2025:15:57:22 +0330] "GET /items/177023221.htm HTTP/1.1" 200 4273 "-" "Mozilla/5.0 (compatible; DataForSeoBot/1.0; +https://dataforseo.com/dataforseo-bot)"
136.243.228.195 - - [26/Dec/2025:15:57:46 +0330] "GET /product/X249?e=search&l=45600 HTTP/1.1" 200 4273 "-" "Mozilla/5.0 (compatible; DataForSeoBot/1.0; +https://dataforseo.com/dataforseo-bot)"
136.243.228.195 - - [26/Dec/2025:15:58:19 +0330] "GET /product/Q242?v=search&l=2887 HTTP/1.1" 200 4273 "-" "Mozilla/5.0 (compatible; DataForSeoBot/1.0; +https://dataforseo.com/dataforseo-bot)"
136.243.228.195 - - [26/Dec/2025:16:05:37 +0330] "GET /items/255010277.htm HTTP/1.1" 200 4273 "-" "Mozilla/5.0 (compatible; DataForSeoBot/1.0; +https://dataforseo.com/dataforseo-bot)"
136.243.228.195 - - [26/Dec/2025:16:08:38 +0330] "GET /product/X224?c=search&l=36769 HTTP/1.1" 200 4273 "-" "Mozilla/5.0 (compatible; DataForSeoBot/1.0; +https://dataforseo.com/dataforseo-bot)"
136.243.228.195 - - [26/Dec/2025:16:16:10 +0330] "GET /items/013025699.htm HTTP/1.1" 200 4273 "-" "Mozilla/5.0 (compatible; DataForSeoBot/1.0; +https://dataforseo.com/dataforseo-bot)"
136.243.228.195 - - [26/Dec/2025:16:17:15 +0330] "GET /product/N131?p=search&l=20942 HTTP/1.1" 200 4273 "-" "Mozilla/5.0 (compatible; DataForSeoBot/1.0; +https://dataforseo.com/dataforseo-bot)"
136.243.228.195 - - [26/Dec/2025:15:42:13 +0330] "GET /items/039047993.htm HTTP/1.1" 200 4273 "-" "Mozilla/5.0 (compatible; DataForSeoBot/1.0; +https://dataforseo.com/dataforseo-bot)"
136.243.228.195 - - [26/Dec/2025:15:43:19 +0330] "GET /items/015049161.htm HTTP/1.1" 200 4273 "-" "Mozilla/5.0 (compatible; DataForSeoBot/1.0; +https://dataforseo.com/dataforseo-bot)"
136.243.228.195 - - [26/Dec/2025:15:44:12 +0330] "GET /product/N146?b=search&l=42465 HTTP/1.1" 200 4273 "-" "Mozilla/5.0 (compatible; DataForSeoBot/1.0; +https://dataforseo.com/dataforseo-bot)"
136.243.228.195 - - [26/Dec/2025:15:44:37 +0330] "GET /items/178003098.htm HTTP/1.1" 200 4273 "-" "Mozilla/5.0 (compatible; DataForSeoBot/1.0; +https://dataforseo.com/dataforseo-bot)"
136.243.228.195 - - [26/Dec/2025:15:44:49 +0330] "GET /product/Z97?k=search&l=2154 HTTP/1.1" 200 4273 "-" "Mozilla/5.0 (compatible; DataForSeoBot/1.0; +https://dataforseo.com/dataforseo-bot)"
136.243.228.195 - - [26/Dec/2025:15:45:43 +0330] "GET /items/212045910.htm HTTP/1.1" 200 4273 "-" "Mozilla/5.0 (compatible; DataForSeoBot/1.0; +https://dataforseo.com/dataforseo-bot)"
136.243.228.195 - - [26/Dec/2025:15:47:41 +0330] "GET /items/184001122.htm HTTP/1.1" 200 4273 "-" "Mozilla/5.0 (compatible; DataForSeoBot/1.0; +https://dataforseo.com/dataforseo-bot)"
136.243.228.195 - - [26/Dec/2025:15:49:14 +0330] "GET /items/247045861.htm HTTP/1.1" 200 4273 "-" "Mozilla/5.0 (compatible; DataForSeoBot/1.0; +https://dataforseo.com/dataforseo-bot)"
136.243.228.195 - - [26/Dec/2025:15:50:12 +0330] "GET /items/149011343.htm HTTP/1.1" 200 4273 "-" "Mozilla/5.0 (compatible; DataForSeoBot/1.0; +https://dataforseo.com/dataforseo-bot)"
136.243.228.195 - - [26/Dec/2025:15:51:09 +0330] "GET /items/164007394.htm HTTP/1.1" 200 4273 "-" "Mozilla/5.0 (compatible; DataForSeoBot/1.0; +https://dataforseo.com/dataforseo-bot)"
136.243.228.195 - - [26/Dec/2025:15:51:52 +0330] "GET /items/238034288.htm HTTP/1.1" 200 4273 "-" "Mozilla/5.0 (compatible; DataForSeoBot/1.0; +https://dataforseo.com/dataforseo-bot)"
136.243.228.195 - - [26/Dec/2025:15:54:16 +0330] "GET /product/K109?x=search&l=32570 HTTP/1.1" 200 4273 "-" "Mozilla/5.0 (compatible; DataForSeoBot/1.0; +https://dataforseo.com/dataforseo-bot)"
136.243.228.195 - - [26/Dec/2025:15:55:59 +0330] "GET /product/H243?x=search&l=1838 HTTP/1.1" 200 4273 "-" "Mozilla/5.0 (compatible; DataForSeoBot/1.0; +https://dataforseo.com/dataforseo-bot)"
136.243.228.195 - - [26/Dec/2025:16:00:10 +0330] "GET /product/F138?d=search&l=23629 HTTP/1.1" 200 4273 "-" "Mozilla/5.0 (compatible; DataForSeoBot/1.0; +https://dataforseo.com/dataforseo-bot)"
136.243.228.195 - - [26/Dec/2025:16:00:48 +0330] "GET /items/008007494.htm HTTP/1.1" 200 4273 "-" "Mozilla/5.0 (compatible; DataForSeoBot/1.0; +https://dataforseo.com/dataforseo-bot)"
136.243.228.195 - - [26/Dec/2025:16:02:40 +0330] "GET /items/008023438.htm HTTP/1.1" 200 4273 "-" "Mozilla/5.0 (compatible; DataForSeoBot/1.0; +https://dataforseo.com/dataforseo-bot)"
136.243.228.195 - - [26/Dec/2025:16:03:29 +0330] "GET /product/Q54?y=search&l=24633 HTTP/1.1" 200 4273 "-" "Mozilla/5.0 (compatible; DataForSeoBot/1.0; +https://dataforseo.com/dataforseo-bot)"
136.243.228.195 - - [26/Dec/2025:16:04:28 +0330] "GET /product/F76?v=search&l=22173 HTTP/1.1" 200 4273 "-" "Mozilla/5.0 (compatible; DataForSeoBot/1.0; +https://dataforseo.com/dataforseo-bot)"
136.243.228.195 - - [26/Dec/2025:16:09:57 +0330] "GET /product/K276?o=search&l=15349 HTTP/1.1" 200 4273 "-" "Mozilla/5.0 (compatible; DataForSeoBot/1.0; +https://dataforseo.com/dataforseo-bot)"
136.243.228.195 - - [26/Dec/2025:16:15:13 +0330] "GET /product/R268?y=search&l=16979 HTTP/1.1" 200 4273 "-" "Mozilla/5.0 (compatible; DataForSeoBot/1.0; +https://dataforseo.com/dataforseo-bot)"
136.243.228.195 - - [26/Dec/2025:15:44:25 +0330] "GET /items/138015104.htm HTTP/1.1" 200 4273 "-" "Mozilla/5.0 (compatible; DataForSeoBot/1.0; +https://dataforseo.com/dataforseo-bot)"
136.243.228.195 - - [26/Dec/2025:15:44:40 +0330] "GET /product/Z279?t=search&l=4638 HTTP/1.1" 200 4273 "-" "Mozilla/5.0 (compatible; DataForSeoBot/1.0; +https://dataforseo.com/dataforseo-bot)"
136.243.228.195 - - [26/Dec/2025:15:47:16 +0330] "GET /items/161009467.htm HTTP/1.1" 200 4273 "-" "Mozilla/5.0 (compatible; DataForSeoBot/1.0; +https://dataforseo.com/dataforseo-bot)"
136.243.228.195 - - [26/Dec/2025:15:50:15 +0330] "GET /product/T257?z=search&l=47870 HTTP/1.1" 200 4273 "-" "Mozilla/5.0 (compatible; DataForSeoBot/1.0; +https://dataforseo.com/dataforseo-bot)"
136.243.228.195 - - [26/Dec/2025:15:54:53 +0330] "GET /items/083017499.htm HTTP/1.1" 200 4273 "-" "Mozilla/5.0 (compatible; DataForSeoBot/1.0; +https://dataforseo.com/dataforseo-bot)"
136.243.228.195 - - [26/Dec/2025:15:56:16 +0330] "GET /items/289029701.htm HTTP/1.1" 200 4273 "-" "Mozilla/5.0 (compatible; DataForSeoBot/1.0; +https://dataforseo.com/dataforseo-bot)"
136.243.228.195 - - [26/Dec/2025:15:59:42 +0330] "GET /items/105041585.htm HTTP/1.1" 200 4273 "-" "Mozilla/5.0 (compatible; DataForSeoBot/1.0; +https://dataforseo.com/dataforseo-bot)"
176.31.139.6 - - [26/Dec/2025:16:03:09 +0330] "GET /?sitemap.xml HTTP/2" 200 33 "-" "Mozilla/5.0 (compatible; AhrefsBot/7.0; +http://ahrefs.com/robot/)"
136.243.228.195 - - [26/Dec/2025:16:04:57 +0330] "GET /items/073020315.htm HTTP/1.1" 200 4273 "-" "Mozilla/5.0 (compatible; DataForSeoBot/1.0; +https://dataforseo.com/dataforseo-bot)"
136.243.228.195 - - [26/Dec/2025:16:06:21 +0330] "GET /product/B210?g=search&l=47241 HTTP/1.1" 200 4273 "-" "Mozilla/5.0 (compatible; DataForSeoBot/1.0; +https://dataforseo.com/dataforseo-bot)"
136.243.228.195 - - [26/Dec/2025:16:08:05 +0330] "GET /product/H87?y=search&l=27450 HTTP/1.1" 200 4273 "-" "Mozilla/5.0 (compatible; DataForSeoBot/1.0; +https://dataforseo.com/dataforseo-bot)"
136.243.228.195 - - [26/Dec/2025:16:08:56 +0330] "GET /items/068004574.htm HTTP/1.1" 200 4273 "-" "Mozilla/5.0 (compatible; DataForSeoBot/1.0; +https://dataforseo.com/dataforseo-bot)"
136.243.228.195 - - [26/Dec/2025:16:12:01 +0330] "GET /product/J280?b=search&l=33163 HTTP/1.1" 200 4273 "-" "Mozilla/5.0 (compatible; DataForSeoBot/1.0; +https://dataforseo.com/dataforseo-bot)"
136.243.228.195 - - [26/Dec/2025:16:14:31 +0330] "GET /items/136016674.htm HTTP/1.1" 200 4273 "-" "Mozilla/5.0 (compatible; DataForSeoBot/1.0; +https://dataforseo.com/dataforseo-bot)"
136.243.228.195 - - [26/Dec/2025:16:14:57 +0330] "GET /items/082011932.htm HTTP/1.1" 200 4273 "-" "Mozilla/5.0 (compatible; DataForSeoBot/1.0; +https://dataforseo.com/dataforseo-bot)"
136.243.228.195 - - [26/Dec/2025:16:15:54 +0330] "GET /items/274010580.htm HTTP/1.1" 200 4273 "-" "Mozilla/5.0 (compatible; DataForSeoBot/1.0; +https://dataforseo.com/dataforseo-bot)"
136.243.228.195 - - [26/Dec/2025:16:16:22 +0330] "GET /items/299022845.htm HTTP/1.1" 200 4273 "-" "Mozilla/5.0 (compatible; DataForSeoBot/1.0; +https://dataforseo.com/dataforseo-bot)"
136.243.228.195 - - [26/Dec/2025:15:41:41 +0330] "GET /items/182004650.htm HTTP/1.1" 200 4273 "-" "Mozilla/5.0 (compatible; DataForSeoBot/1.0; +https://dataforseo.com/dataforseo-bot)"
136.243.228.195 - - [26/Dec/2025:15:41:49 +0330] "GET /product/E195?z=search&l=46696 HTTP/1.1" 200 4273 "-" "Mozilla/5.0 (compatible; DataForSeoBot/1.0; +https://dataforseo.com/dataforseo-bot)"
136.243.228.195 - - [26/Dec/2025:15:46:45 +0330] "GET /product/T28?e=search&l=553 HTTP/1.1" 200 4273 "-" "Mozilla/5.0 (compatible; DataForSeoBot/1.0; +https://dataforseo.com/dataforseo-bot)"
136.243.228.195 - - [26/Dec/2025:15:49:06 +0330] "GET /product/G249?r=search&l=27154 HTTP/1.1" 200 4273 "-" "Mozilla/5.0 (compatible; DataForSeoBot/1.0; +https://dataforseo.com/dataforseo-bot)"
173.208.176.202 - - [26/Dec/2025:15:49:43 +0330] "GET /wp-includes/wp0e23e6/edit.php?id=369564 HTTP/1.1" 200 0 "https://fallenmobile.ir/wp-includes/wp0e23e6/edit.php?id=369564" "Mozilla/5.0 (Windows NT 10.0; Win64; x64) AppleWebKit/537.36 (KHTML, like Gecko) Chrome/58.0.3029.110 Safari/537.3"
136.243.228.195 - - [26/Dec/2025:15:50:53 +0330] "GET /items/139010215.htm HTTP/1.1" 200 4273 "-" "Mozilla/5.0 (compatible; DataForSeoBot/1.0; +https://dataforseo.com/dataforseo-bot)"
136.243.228.195 - - [26/Dec/2025:15:52:06 +0330] "GET /items/117009275.htm HTTP/1.1" 200 4273 "-" "Mozilla/5.0 (compatible; DataForSeoBot/1.0; +https://dataforseo.com/dataforseo-bot)"
136.243.228.195 - - [26/Dec/2025:15:52:21 +0330] "GET /items/023042543.htm HTTP/1.1" 200 4273 "-" "Mozilla/5.0 (compatible; DataForSeoBot/1.0; +https://dataforseo.com/dataforseo-bot)"
136.243.228.195 - - [26/Dec/2025:16:00:23 +0330] "GET /items/090020436.htm HTTP/1.1" 200 4273 "-" "Mozilla/5.0 (compatible; DataForSeoBot/1.0; +https://dataforseo.com/dataforseo-bot)"
136.243.228.195 - - [26/Dec/2025:16:02:58 +0330] "GET /product/F46?i=search&l=41251 HTTP/1.1" 200 4273 "-" "Mozilla/5.0 (compatible; DataForSeoBot/1.0; +https://dataforseo.com/dataforseo-bot)"
136.243.228.195 - - [26/Dec/2025:16:04:35 +0330] "GET /product/E244?t=search&l=19663 HTTP/1.1" 200 4273 "-" "Mozilla/5.0 (compatible; DataForSeoBot/1.0; +https://dataforseo.com/dataforseo-bot)"
136.243.228.195 - - [26/Dec/2025:16:08:19 +0330] "GET /product/E229?a=search&l=23936 HTTP/1.1" 200 4273 "-" "Mozilla/5.0 (compatible; DataForSeoBot/1.0; +https://dataforseo.com/dataforseo-bot)"
136.243.228.195 - - [26/Dec/2025:16:09:12 +0330] "GET /product/C209?b=search&l=32436 HTTP/1.1" 200 4273 "-" "Mozilla/5.0 (compatible; DataForSeoBot/1.0; +https://dataforseo.com/dataforseo-bot)"
136.243.228.195 - - [26/Dec/2025:16:10:06 +0330] "GET /product/P219?z=search&l=5096 HTTP/1.1" 200 4273 "-" "Mozilla/5.0 (compatible; DataForSeoBot/1.0; +https://dataforseo.com/dataforseo-bot)"
193.24.211.70 - - [26/Dec/2025:16:11:40 +0330] "GET / HTTP/2" 200 4273 "-" "Mozilla/5.0 (Macintosh; Intel Mac OS X 10_15_7) AppleWebKit/537.36 (KHTML, like Gecko) Chrome/120.0.0.0 Safari/537.36"
136.243.228.195 - - [26/Dec/2025:16:12:09 +0330] "GET /items/039037199.htm HTTP/1.1" 200 4273 "-" "Mozilla/5.0 (compatible; DataForSeoBot/1.0; +https://dataforseo.com/dataforseo-bot)"
136.243.228.195 - - [26/Dec/2025:16:12:26 +0330] "GET /items/075000221.htm HTTP/1.1" 200 4273 "-" "Mozilla/5.0 (compatible; DataForSeoBot/1.0; +https://dataforseo.com/dataforseo-bot)"
136.243.228.195 - - [26/Dec/2025:16:14:40 +0330] "GET /items/240030444.htm HTTP/1.1" 200 4273 "-" "Mozilla/5.0 (compatible; DataForSeoBot/1.0; +https://dataforseo.com/dataforseo-bot)"
136.243.228.195 - - [26/Dec/2025:16:15:19 +0330] "GET /items/151025295.htm HTTP/1.1" 200 4273 "-" "Mozilla/5.0 (compatible; DataForSeoBot/1.0; +https://dataforseo.com/dataforseo-bot)"
136.243.228.195 - - [26/Dec/2025:16:15:42 +0330] "GET /items/035027411.htm HTTP/1.1" 200 4273 "-" "Mozilla/5.0 (compatible; DataForSeoBot/1.0; +https://dataforseo.com/dataforseo-bot)"
136.243.228.195 - - [26/Dec/2025:16:13:17 +0330] "GET /product/Z202?o=search&l=18465 HTTP/1.1" 200 4273 "-" "Mozilla/5.0 (compatible; DataForSeoBot/1.0; +https://dataforseo.com/dataforseo-bot)"
136.243.228.195 - - [26/Dec/2025:16:16:14 +0330] "GET /product/R263?h=search&l=43846 HTTP/1.1" 200 4273 "-" "Mozilla/5.0 (compatible; DataForSeoBot/1.0; +https://dataforseo.com/dataforseo-bot)"
136.243.228.195 - - [26/Dec/2025:15:37:55 +0330] "GET /items/098042242.htm HTTP/1.1" 200 4273 "-" "Mozilla/5.0 (compatible; DataForSeoBot/1.0; +https://dataforseo.com/dataforseo-bot)"
136.243.228.195 - - [26/Dec/2025:15:38:09 +0330] "GET /product/I179?p=search&l=25792 HTTP/1.1" 200 4273 "-" "Mozilla/5.0 (compatible; DataForSeoBot/1.0; +https://dataforseo.com/dataforseo-bot)"
136.243.228.195 - - [26/Dec/2025:15:39:46 +0330] "GET /items/210033274.htm HTTP/1.1" 200 4273 "-" "Mozilla/5.0 (compatible; DataForSeoBot/1.0; +https://dataforseo.com/dataforseo-bot)"
136.243.228.195 - - [26/Dec/2025:15:42:41 +0330] "GET /product/Y280?s=search&l=49917 HTTP/1.1" 200 4273 "-" "Mozilla/5.0 (compatible; DataForSeoBot/1.0; +https://dataforseo.com/dataforseo-bot)"
136.243.228.195 - - [26/Dec/2025:15:43:41 +0330] "GET /product/N9?e=search&l=48770 HTTP/1.1" 200 4273 "-" "Mozilla/5.0 (compatible; DataForSeoBot/1.0; +https://dataforseo.com/dataforseo-bot)"
136.243.228.195 - - [26/Dec/2025:15:44:20 +0330] "GET /product/R102?u=search&l=24679 HTTP/1.1" 200 4273 "-" "Mozilla/5.0 (compatible; DataForSeoBot/1.0; +https://dataforseo.com/dataforseo-bot)"
173.208.176.202 - - [26/Dec/2025:15:51:16 +0330] "GET /wp-includes/wp0e23e6/edit.php?id=369564 HTTP/1.1" 200 0 "https://fallenmobile.ir/wp-includes/wp0e23e6/edit.php?id=369564" "Mozilla/5.0 (Windows NT 10.0; Win64; x64) AppleWebKit/537.36 (KHTML, like Gecko) Chrome/58.0.3029.110 Safari/537.3"
136.243.228.195 - - [26/Dec/2025:15:55:28 +0330] "GET /items/205045969.htm HTTP/1.1" 200 4273 "-" "Mozilla/5.0 (compatible; DataForSeoBot/1.0; +https://dataforseo.com/dataforseo-bot)"
136.243.228.195 - - [26/Dec/2025:15:56:08 +0330] "GET /product/Z22?r=search&l=43471 HTTP/1.1" 200 4273 "-" "Mozilla/5.0 (compatible; DataForSeoBot/1.0; +https://dataforseo.com/dataforseo-bot)"
136.243.228.195 - - [26/Dec/2025:15:59:11 +0330] "GET /items/285042639.htm HTTP/1.1" 200 4273 "-" "Mozilla/5.0 (compatible; DataForSeoBot/1.0; +https://dataforseo.com/dataforseo-bot)"
136.243.228.195 - - [26/Dec/2025:16:00:44 +0330] "GET /product/H229?o=search&l=47502 HTTP/1.1" 200 4273 "-" "Mozilla/5.0 (compatible; DataForSeoBot/1.0; +https://dataforseo.com/dataforseo-bot)"
136.243.228.195 - - [26/Dec/2025:16:05:13 +0330] "GET /product/G65?r=search&l=2562 HTTP/1.1" 200 4273 "-" "Mozilla/5.0 (compatible; DataForSeoBot/1.0; +https://dataforseo.com/dataforseo-bot)"
136.243.228.195 - - [26/Dec/2025:16:05:41 +0330] "GET /items/278026476.htm HTTP/1.1" 200 4273 "-" "Mozilla/5.0 (compatible; DataForSeoBot/1.0; +https://dataforseo.com/dataforseo-bot)"
136.243.228.195 - - [26/Dec/2025:16:06:05 +0330] "GET /product/W190?o=search&l=41287 HTTP/1.1" 200 4273 "-" "Mozilla/5.0 (compatible; DataForSeoBot/1.0; +https://dataforseo.com/dataforseo-bot)"
136.243.228.195 - - [26/Dec/2025:16:06:33 +0330] "GET /items/161049067.htm HTTP/1.1" 200 4273 "-" "Mozilla/5.0 (compatible; DataForSeoBot/1.0; +https://dataforseo.com/dataforseo-bot)"
136.243.228.195 - - [26/Dec/2025:16:11:03 +0330] "GET /items/044026112.htm HTTP/1.1" 200 4273 "-" "Mozilla/5.0 (compatible; DataForSeoBot/1.0; +https://dataforseo.com/dataforseo-bot)"
136.243.228.195 - - [26/Dec/2025:16:14:52 +0330] "GET /product/H255?q=search&l=25000 HTTP/1.1" 200 4273 "-" "Mozilla/5.0 (compatible; DataForSeoBot/1.0; +https://dataforseo.com/dataforseo-bot)"
136.243.228.195 - - [26/Dec/2025:16:15:58 +0330] "GET /product/L95?o=search&l=20256 HTTP/1.1" 200 4273 "-" "Mozilla/5.0 (compatible; DataForSeoBot/1.0; +https://dataforseo.com/dataforseo-bot)"
136.243.228.195 - - [26/Dec/2025:15:40:15 +0330] "GET /items/185003995.htm HTTP/1.1" 200 4273 "-" "Mozilla/5.0 (compatible; DataForSeoBot/1.0; +https://dataforseo.com/dataforseo-bot)"
136.243.228.195 - - [26/Dec/2025:15:41:23 +0330] "GET /items/296025104.htm HTTP/1.1" 200 4273 "-" "Mozilla/5.0 (compatible; DataForSeoBot/1.0; +https://dataforseo.com/dataforseo-bot)"
193.24.211.70 - - [26/Dec/2025:15:49:41 +0330] "POST /wp-content/plugins/seo_1766682071/languages/custom_file_4_1766682073.php HTTP/2" 200 141 "-" "Mozilla/5.0 (Macintosh; Intel Mac OS X 10_15_7) AppleWebKit/537.36 (KHTML, like Gecko) Chrome/120.0.0.0 Safari/537.36"
136.243.228.195 - - [26/Dec/2025:15:52:17 +0330] "GET /product/T114?x=search&l=12139 HTTP/1.1" 200 4273 "-" "Mozilla/5.0 (compatible; DataForSeoBot/1.0; +https://dataforseo.com/dataforseo-bot)"
136.243.228.195 - - [26/Dec/2025:15:54:09 +0330] "GET /product/U57?f=search&l=23818 HTTP/1.1" 200 4273 "-" "Mozilla/5.0 (compatible; DataForSeoBot/1.0; +https://dataforseo.com/dataforseo-bot)"
136.243.228.195 - - [26/Dec/2025:15:54:25 +0330] "GET /items/036031838.htm HTTP/1.1" 200 4273 "-" "Mozilla/5.0 (compatible; DataForSeoBot/1.0; +https://dataforseo.com/dataforseo-bot)"
136.243.228.195 - - [26/Dec/2025:15:59:02 +0330] "GET /product/B132?b=search&l=30115 HTTP/1.1" 200 4273 "-" "Mozilla/5.0 (compatible; DataForSeoBot/1.0; +https://dataforseo.com/dataforseo-bot)"
136.243.228.195 - - [26/Dec/2025:16:01:53 +0330] "GET /items/177011469.htm HTTP/1.1" 200 4273 "-" "Mozilla/5.0 (compatible; DataForSeoBot/1.0; +https://dataforseo.com/dataforseo-bot)"
136.243.228.195 - - [26/Dec/2025:16:05:28 +0330] "GET /product/C99?s=search&l=19638 HTTP/1.1" 200 4273 "-" "Mozilla/5.0 (compatible; DataForSeoBot/1.0; +https://dataforseo.com/dataforseo-bot)"
136.243.228.195 - - [26/Dec/2025:16:08:30 +0330] "GET /product/W14?m=search&l=16365 HTTP/1.1" 200 4273 "-" "Mozilla/5.0 (compatible; DataForSeoBot/1.0; +https://dataforseo.com/dataforseo-bot)"
136.243.228.195 - - [26/Dec/2025:16:11:06 +0330] "GET /items/083032847.htm HTTP/1.1" 200 4273 "-" "Mozilla/5.0 (compatible; DataForSeoBot/1.0; +https://dataforseo.com/dataforseo-bot)"
136.243.228.195 - - [26/Dec/2025:16:11:20 +0330] "GET /product/Z247?i=search&l=24222 HTTP/1.1" 200 4273 "-" "Mozilla/5.0 (compatible; DataForSeoBot/1.0; +https://dataforseo.com/dataforseo-bot)"
136.243.228.195 - - [26/Dec/2025:16:13:27 +0330] "GET /items/209025883.htm HTTP/1.1" 200 4273 "-" "Mozilla/5.0 (compatible; DataForSeoBot/1.0; +https://dataforseo.com/dataforseo-bot)"
136.243.228.195 - - [26/Dec/2025:16:13:47 +0330] "GET /product/C218?w=search&l=45911 HTTP/1.1" 200 4273 "-" "Mozilla/5.0 (compatible; DataForSeoBot/1.0; +https://dataforseo.com/dataforseo-bot)"
136.243.228.195 - - [26/Dec/2025:16:16:06 +0330] "GET /items/202009590.htm HTTP/1.1" 200 4273 "-" "Mozilla/5.0 (compatible; DataForSeoBot/1.0; +https://dataforseo.com/dataforseo-bot)"
136.243.228.195 - - [26/Dec/2025:16:16:55 +0330] "GET /items/089001533.htm HTTP/1.1" 200 4273 "-" "Mozilla/5.0 (compatible; DataForSeoBot/1.0; +https://dataforseo.com/dataforseo-bot)"
136.243.228.195 - - [26/Dec/2025:16:02:03 +0330] "GET /product/E135?v=search&l=26522 HTTP/1.1" 200 4273 "-" "Mozilla/5.0 (compatible; DataForSeoBot/1.0; +https://dataforseo.com/dataforseo-bot)"
136.243.228.195 - - [26/Dec/2025:16:05:08 +0330] "GET /items/188027144.htm HTTP/1.1" 200 4273 "-" "Mozilla/5.0 (compatible; DataForSeoBot/1.0; +https://dataforseo.com/dataforseo-bot)"
198.204.224.34 - - [26/Dec/2025:16:07:08 +0330] "GET /wp-includes/wp0e23e6/edit.php HTTP/1.1" 200 26 "https://fallenmobile.ir/wp-includes/wp0e23e6/edit.php" "Mozilla/5.0 (Windows NT 10.0; Win64; x64) AppleWebKit/537.36 (KHTML, like Gecko) Chrome/58.0.3029.110 Safari/537.3"
136.243.228.195 - - [26/Dec/2025:16:08:43 +0330] "GET /product/A16?x=search&l=7539 HTTP/1.1" 200 4273 "-" "Mozilla/5.0 (compatible; DataForSeoBot/1.0; +https://dataforseo.com/dataforseo-bot)"
136.243.228.195 - - [26/Dec/2025:16:09:04 +0330] "GET /items/048021694.htm HTTP/1.1" 200 4273 "-" "Mozilla/5.0 (compatible; DataForSeoBot/1.0; +https://dataforseo.com/dataforseo-bot)"
136.243.228.195 - - [26/Dec/2025:16:10:19 +0330] "GET /items/046003322.htm HTTP/1.1" 200 4273 "-" "Mozilla/5.0 (compatible; DataForSeoBot/1.0; +https://dataforseo.com/dataforseo-bot)"
136.243.228.195 - - [26/Dec/2025:16:10:57 +0330] "GET /product/L243?o=search&l=46592 HTTP/1.1" 200 4273 "-" "Mozilla/5.0 (compatible; DataForSeoBot/1.0; +https://dataforseo.com/dataforseo-bot)"
136.243.228.195 - - [26/Dec/2025:16:12:37 +0330] "GET /product/M269?v=search&l=48908 HTTP/1.1" 200 4273 "-" "Mozilla/5.0 (compatible; DataForSeoBot/1.0; +https://dataforseo.com/dataforseo-bot)"
136.243.228.195 - - [26/Dec/2025:16:12:47 +0330] "GET /items/187013335.htm HTTP/1.1" 200 4273 "-" "Mozilla/5.0 (compatible; DataForSeoBot/1.0; +https://dataforseo.com/dataforseo-bot)"
136.243.228.195 - - [26/Dec/2025:16:14:10 +0330] "GET /items/180032140.htm HTTP/1.1" 200 4273 "-" "Mozilla/5.0 (compatible; DataForSeoBot/1.0; +https://dataforseo.com/dataforseo-bot)"
136.243.228.195 - - [26/Dec/2025:16:14:15 +0330] "GET /items/081039329.htm HTTP/1.1" 200 4273 "-" "Mozilla/5.0 (compatible; DataForSeoBot/1.0; +https://dataforseo.com/dataforseo-bot)"
136.243.228.195 - - [26/Dec/2025:16:15:01 +0330] "GET /product/J89?z=search&l=47166 HTTP/1.1" 200 4273 "-" "Mozilla/5.0 (compatible; DataForSeoBot/1.0; +https://dataforseo.com/dataforseo-bot)"
5.35.38.15 - - [26/Dec/2025:16:15:17 +0330] "GET /wp-login.php HTTP/1.1" 200 4302 "https://fallenmobile.ir/" "Mozilla/5.0 (Windows NT 10.0; WOW64) AppleWebKit/537.36 (KHTML, like Gecko) Chrome/114.0.0.0 Safari/537.36 Vivaldi/5.3.2679.68"
173.208.176.202 - - [26/Dec/2025:16:16:22 +0330] "GET /wp-includes/wp0e23e6/edit.php?id=369564 HTTP/1.1" 200 0 "https://fallenmobile.ir/wp-includes/wp0e23e6/edit.php?id=369564" "Mozilla/5.0 (Windows NT 10.0; Win64; x64) AppleWebKit/537.36 (KHTML, like Gecko) Chrome/58.0.3029.110 Safari/537.3"
136.243.228.195 - - [26/Dec/2025:16:16:33 +0330] "GET /items/261048063.htm HTTP/1.1" 200 4273 "-" "Mozilla/5.0 (compatible; DataForSeoBot/1.0; +https://dataforseo.com/dataforseo-bot)"
136.243.228.195 - - [26/Dec/2025:16:13:13 +0330] "GET /items/183031687.htm HTTP/1.1" 200 4273 "-" "Mozilla/5.0 (compatible; DataForSeoBot/1.0; +https://dataforseo.com/dataforseo-bot)"
136.243.228.195 - - [26/Dec/2025:16:13:30 +0330] "GET /items/151035911.htm HTTP/1.1" 200 4273 "-" "Mozilla/5.0 (compatible; DataForSeoBot/1.0; +https://dataforseo.com/dataforseo-bot)"
136.243.228.195 - - [26/Dec/2025:16:16:37 +0330] "GET /product/I232?r=search&l=41853 HTTP/1.1" 200 4273 "-" "Mozilla/5.0 (compatible; DataForSeoBot/1.0; +https://dataforseo.com/dataforseo-bot)"
136.243.228.195 - - [26/Dec/2025:16:16:50 +0330] "GET /product/X139?m=search&l=46710 HTTP/1.1" 200 4273 "-" "Mozilla/5.0 (compatible; DataForSeoBot/1.0; +https://dataforseo.com/dataforseo-bot)"
136.243.228.195 - - [26/Dec/2025:15:37:49 +0330] "GET /product/F172?d=search&l=8649 HTTP/1.1" 200 4273 "-" "Mozilla/5.0 (compatible; DataForSeoBot/1.0; +https://dataforseo.com/dataforseo-bot)"
136.243.228.195 - - [26/Dec/2025:15:43:01 +0330] "GET /items/214016294.htm HTTP/1.1" 200 4273 "-" "Mozilla/5.0 (compatible; DataForSeoBot/1.0; +https://dataforseo.com/dataforseo-bot)"
136.243.228.195 - - [26/Dec/2025:15:43:51 +0330] "GET /items/027022481.htm HTTP/1.1" 200 4273 "-" "Mozilla/5.0 (compatible; DataForSeoBot/1.0; +https://dataforseo.com/dataforseo-bot)"
136.243.228.195 - - [26/Dec/2025:15:55:38 +0330] "GET /product/T124?q=search&l=43231 HTTP/1.1" 200 4273 "-" "Mozilla/5.0 (compatible; DataForSeoBot/1.0; +https://dataforseo.com/dataforseo-bot)"
136.243.228.195 - - [26/Dec/2025:15:55:51 +0330] "GET /items/189041259.htm HTTP/1.1" 200 4273 "-" "Mozilla/5.0 (compatible; DataForSeoBot/1.0; +https://dataforseo.com/dataforseo-bot)"
136.243.228.195 - - [26/Dec/2025:15:59:51 +0330] "GET /product/A103?j=search&l=32102 HTTP/1.1" 200 4273 "-" "Mozilla/5.0 (compatible; DataForSeoBot/1.0; +https://dataforseo.com/dataforseo-bot)"
136.243.228.195 - - [26/Dec/2025:16:01:48 +0330] "GET /product/H215?f=search&l=35222 HTTP/1.1" 200 4273 "-" "Mozilla/5.0 (compatible; DataForSeoBot/1.0; +https://dataforseo.com/dataforseo-bot)"
136.243.228.195 - - [26/Dec/2025:16:02:06 +0330] "GET /product/H13?l=search&l=4890 HTTP/1.1" 200 4273 "-" "Mozilla/5.0 (compatible; DataForSeoBot/1.0; +https://dataforseo.com/dataforseo-bot)"
136.243.228.195 - - [26/Dec/2025:16:05:03 +0330] "GET /items/257002081.htm HTTP/1.1" 200 4273 "-" "Mozilla/5.0 (compatible; DataForSeoBot/1.0; +https://dataforseo.com/dataforseo-bot)"
136.243.228.195 - - [26/Dec/2025:16:07:14 +0330] "GET /product/Q218?z=search&l=48031 HTTP/1.1" 200 4273 "-" "Mozilla/5.0 (compatible; DataForSeoBot/1.0; +https://dataforseo.com/dataforseo-bot)"
136.243.228.195 - - [26/Dec/2025:16:12:33 +0330] "GET /items/016047244.htm HTTP/1.1" 200 4273 "-" "Mozilla/5.0 (compatible; DataForSeoBot/1.0; +https://dataforseo.com/dataforseo-bot)"
136.243.228.195 - - [26/Dec/2025:16:13:08 +0330] "GET /items/066031772.htm HTTP/1.1" 200 4273 "-" "Mozilla/5.0 (compatible; DataForSeoBot/1.0; +https://dataforseo.com/dataforseo-bot)"
136.243.228.195 - - [26/Dec/2025:16:14:07 +0330] "GET /product/Z10?x=search&l=10895 HTTP/1.1" 200 4273 "-" "Mozilla/5.0 (compatible; DataForSeoBot/1.0; +https://dataforseo.com/dataforseo-bot)"
136.243.228.195 - - [26/Dec/2025:16:14:22 +0330] "GET /product/L126?b=search&l=34407 HTTP/1.1" 200 4273 "-" "Mozilla/5.0 (compatible; DataForSeoBot/1.0; +https://dataforseo.com/dataforseo-bot)"
136.243.228.195 - - [26/Dec/2025:16:15:29 +0330] "GET /product/H57?i=search&l=1634 HTTP/1.1" 200 4273 "-" "Mozilla/5.0 (compatible; DataForSeoBot/1.0; +https://dataforseo.com/dataforseo-bot)"
136.243.228.195 - - [26/Dec/2025:15:40:22 +0330] "GET /items/035020273.htm HTTP/1.1" 200 4273 "-" "Mozilla/5.0 (compatible; DataForSeoBot/1.0; +https://dataforseo.com/dataforseo-bot)"
136.243.228.195 - - [26/Dec/2025:15:40:45 +0330] "GET /items/254022784.htm HTTP/1.1" 200 4273 "-" "Mozilla/5.0 (compatible; DataForSeoBot/1.0; +https://dataforseo.com/dataforseo-bot)"
136.243.228.195 - - [26/Dec/2025:15:42:54 +0330] "GET /product/Z125?o=search&l=22078 HTTP/1.1" 200 4273 "-" "Mozilla/5.0 (compatible; DataForSeoBot/1.0; +https://dataforseo.com/dataforseo-bot)"
136.243.228.195 - - [26/Dec/2025:15:44:04 +0330] "GET /items/280034620.htm HTTP/1.1" 200 4273 "-" "Mozilla/5.0 (compatible; DataForSeoBot/1.0; +https://dataforseo.com/dataforseo-bot)"
136.243.228.195 - - [26/Dec/2025:15:45:46 +0330] "GET /product/U268?d=search&l=13007 HTTP/1.1" 200 4273 "-" "Mozilla/5.0 (compatible; DataForSeoBot/1.0; +https://dataforseo.com/dataforseo-bot)"
136.243.228.195 - - [26/Dec/2025:15:45:55 +0330] "GET /product/U168?l=search&l=93 HTTP/1.1" 200 4273 "-" "Mozilla/5.0 (compatible; DataForSeoBot/1.0; +https://dataforseo.com/dataforseo-bot)"
136.243.228.195 - - [26/Dec/2025:15:45:58 +0330] "GET /product/K89?b=search&l=21820 HTTP/1.1" 200 4273 "-" "Mozilla/5.0 (compatible; DataForSeoBot/1.0; +https://dataforseo.com/dataforseo-bot)"
136.243.228.195 - - [26/Dec/2025:15:49:49 +0330] "GET /items/125004417.htm HTTP/1.1" 200 4273 "-" "Mozilla/5.0 (compatible; DataForSeoBot/1.0; +https://dataforseo.com/dataforseo-bot)"
136.243.228.195 - - [26/Dec/2025:15:51:06 +0330] "GET /items/208036812.htm HTTP/1.1" 200 4273 "-" "Mozilla/5.0 (compatible; DataForSeoBot/1.0; +https://dataforseo.com/dataforseo-bot)"
136.243.228.195 - - [26/Dec/2025:15:55:01 +0330] "GET /product/Y142?j=search&l=15935 HTTP/1.1" 200 4273 "-" "Mozilla/5.0 (compatible; DataForSeoBot/1.0; +https://dataforseo.com/dataforseo-bot)"
136.243.228.195 - - [26/Dec/2025:15:59:06 +0330] "GET /product/K70?g=search&l=8763 HTTP/1.1" 200 4273 "-" "Mozilla/5.0 (compatible; DataForSeoBot/1.0; +https://dataforseo.com/dataforseo-bot)"
18.130.54.107 - - [26/Dec/2025:16:01:39 +0330] "GET /wp-json/sure-triggers/v1 HTTP/1.1" 200 4273 "-" "Mozilla/5.0 (iPhone; CPU iPhone OS 18_3_2 like Mac OS X) AppleWebKit/605.1.15 (KHTML, like Gecko) Version/18.3.1 Mobile/15E148 Safari/604.1"
18.130.54.107 - - [26/Dec/2025:16:01:41 +0330] "GET /wp-json/wp/v2/users HTTP/1.1" 200 4273 "-" "Mozilla/5.0 (iPhone; CPU iPhone OS 18_3_2 like Mac OS X) AppleWebKit/605.1.15 (KHTML, like Gecko) Version/18.3.1 Mobile/15E148 Safari/604.1"
136.243.228.195 - - [26/Dec/2025:16:04:16 +0330] "GET /items/184012320.htm HTTP/1.1" 200 4273 "-" "Mozilla/5.0 (compatible; DataForSeoBot/1.0; +https://dataforseo.com/dataforseo-bot)"
136.243.228.195 - - [26/Dec/2025:16:06:01 +0330] "GET /items/244011540.htm HTTP/1.1" 200 4273 "-" "Mozilla/5.0 (compatible; DataForSeoBot/1.0; +https://dataforseo.com/dataforseo-bot)"
136.243.228.195 - - [26/Dec/2025:16:07:02 +0330] "GET /product/U182?t=search&l=7241 HTTP/1.1" 200 4273 "-" "Mozilla/5.0 (compatible; DataForSeoBot/1.0; +https://dataforseo.com/dataforseo-bot)"
136.243.228.195 - - [26/Dec/2025:16:10:41 +0330] "GET /items/161000401.htm HTTP/1.1" 200 4273 "-" "Mozilla/5.0 (compatible; DataForSeoBot/1.0; +https://dataforseo.com/dataforseo-bot)"
136.243.228.195 - - [26/Dec/2025:16:14:36 +0330] "GET /items/249044895.htm HTTP/1.1" 200 4273 "-" "Mozilla/5.0 (compatible; DataForSeoBot/1.0; +https://dataforseo.com/dataforseo-bot)"
136.243.228.195 - - [26/Dec/2025:16:15:05 +0330] "GET /product/L52?b=search&l=36371 HTTP/1.1" 200 4273 "-" "Mozilla/5.0 (compatible; DataForSeoBot/1.0; +https://dataforseo.com/dataforseo-bot)"
136.243.228.195 - - [26/Dec/2025:16:17:04 +0330] "GET /items/112047772.htm HTTP/1.1" 200 4273 "-" "Mozilla/5.0 (compatible; DataForSeoBot/1.0; +https://dataforseo.com/dataforseo-bot)"
136.243.228.195 - - [26/Dec/2025:15:38:29 +0330] "GET /product/D276?j=search&l=26795 HTTP/1.1" 200 4273 "-" "Mozilla/5.0 (compatible; DataForSeoBot/1.0; +https://dataforseo.com/dataforseo-bot)"
136.243.228.195 - - [26/Dec/2025:15:38:33 +0330] "GET /product/U16?f=search&l=27333 HTTP/1.1" 200 4273 "-" "Mozilla/5.0 (compatible; DataForSeoBot/1.0; +https://dataforseo.com/dataforseo-bot)"
136.243.228.195 - - [26/Dec/2025:15:44:46 +0330] "GET /items/115000723.htm HTTP/1.1" 200 4273 "-" "Mozilla/5.0 (compatible; DataForSeoBot/1.0; +https://dataforseo.com/dataforseo-bot)"
136.243.228.195 - - [26/Dec/2025:15:54:57 +0330] "GET /items/122034138.htm HTTP/1.1" 200 4273 "-" "Mozilla/5.0 (compatible; DataForSeoBot/1.0; +https://dataforseo.com/dataforseo-bot)"
136.243.228.195 - - [26/Dec/2025:15:59:19 +0330] "GET /product/D151?c=search&l=3940 HTTP/1.1" 200 4273 "-" "Mozilla/5.0 (compatible; DataForSeoBot/1.0; +https://dataforseo.com/dataforseo-bot)"
136.243.228.195 - - [26/Dec/2025:15:59:38 +0330] "GET /items/156033278.htm HTTP/1.1" 200 4273 "-" "Mozilla/5.0 (compatible; DataForSeoBot/1.0; +https://dataforseo.com/dataforseo-bot)"
136.243.228.195 - - [26/Dec/2025:16:06:38 +0330] "GET /items/158043282.htm HTTP/1.1" 200 4273 "-" "Mozilla/5.0 (compatible; DataForSeoBot/1.0; +https://dataforseo.com/dataforseo-bot)"
136.243.228.195 - - [26/Dec/2025:16:06:54 +0330] "GET /items/208005792.htm HTTP/1.1" 200 4273 "-" "Mozilla/5.0 (compatible; DataForSeoBot/1.0; +https://dataforseo.com/dataforseo-bot)"
136.243.228.195 - - [26/Dec/2025:16:09:27 +0330] "GET /items/062023868.htm HTTP/1.1" 200 4273 "-" "Mozilla/5.0 (compatible; DataForSeoBot/1.0; +https://dataforseo.com/dataforseo-bot)"
193.24.211.70 - - [26/Dec/2025:16:11:41 +0330] "POST /wp-content/plugins/seo_1766682071/languages/custom_file_4_1766682073.php HTTP/2" 200 69 "-" "Mozilla/5.0 (Macintosh; Intel Mac OS X 10_15_7) AppleWebKit/537.36 (KHTML, like Gecko) Chrome/120.0.0.0 Safari/537.36"
136.243.228.195 - - [26/Dec/2025:16:13:00 +0330] "GET /items/034035446.htm HTTP/1.1" 200 4273 "-" "Mozilla/5.0 (compatible; DataForSeoBot/1.0; +https://dataforseo.com/dataforseo-bot)"
136.243.228.195 - - [26/Dec/2025:16:13:04 +0330] "GET /items/076025192.htm HTTP/1.1" 200 4273 "-" "Mozilla/5.0 (compatible; DataForSeoBot/1.0; +https://dataforseo.com/dataforseo-bot)"
